{"id":13,"date":"2018-09-28T23:10:40","date_gmt":"2018-09-28T23:10:40","guid":{"rendered":"http:\/\/www2.unifap.br\/neamzg\/?page_id=13"},"modified":"2021-10-12T22:33:42","modified_gmt":"2021-10-12T22:33:42","slug":"eventos-cientificos","status":"publish","type":"page","link":"https:\/\/www2.unifap.br\/neamzg\/eventos-cientificos\/","title":{"rendered":""},"content":{"rendered":"<p>2018<\/p>\n<p><a href=\"https:\/\/www2.unifap.br\/neamzg\/belem30\/\">XVI Congresso da Sociedade Internacional de Etnobiologia<\/a><\/p>\n<p><a href=\"https:\/\/www2.unifap.br\/neamzg\/vi-congresso-brasileiro-de-educacao-ambiental-aplicada-e-gestao-territorial\/\">VI Congresso Brasileiro de Educa\u00e7\u00e3o Ambiental Aplicada e Gest\u00e3o Territorial<\/a><\/p>\n<p>2019<\/p>\n<p><a href=\"http:\/\/www2.unifap.br\/neamzg\/70o-congresso-nacional-de-botanica\/\">70\u00ba Congresso Nacional de Bot\u00e2nica<\/a><\/p>\n<p><a href=\"http:\/\/www2.unifap.br\/neamzg\/xi-congresso-brasileiro-de-agroecologia\/\">XI Congresso Brasileiro de Agroecologia<\/a><\/p>\n","protected":false},"excerpt":{"rendered":"<p>2018 XVI Congresso da Sociedade Internacional de Etnobiologia VI Congresso Brasileiro de Educa\u00e7\u00e3o Ambiental Aplicada e Gest\u00e3o Territorial 2019 70\u00ba Congresso Nacional de Bot\u00e2nica XI Congresso Brasileiro de Agroecologia<\/p>\n","protected":false},"author":2426,"featured_media":0,"parent":0,"menu_order":0,"comment_status":"closed","ping_status":"closed","template":"","meta":{"inline_featured_image":false,"ngg_post_thumbnail":0,"footnotes":""},"class_list":["post-13","page","type-page","status-publish","hentry"],"_links":{"self":[{"href":"https:\/\/www2.unifap.br\/neamzg\/wp-json\/wp\/v2\/pages\/13","targetHints":{"allow":["GET"]}}],"collection":[{"href":"https:\/\/www2.unifap.br\/neamzg\/wp-json\/wp\/v2\/pages"}],"about":[{"href":"https:\/\/www2.unifap.br\/neamzg\/wp-json\/wp\/v2\/types\/page"}],"author":[{"embeddable":true,"href":"https:\/\/www2.unifap.br\/neamzg\/wp-json\/wp\/v2\/users\/2426"}],"replies":[{"embeddable":true,"href":"https:\/\/www2.unifap.br\/neamzg\/wp-json\/wp\/v2\/comments?post=13"}],"version-history":[{"count":13,"href":"https:\/\/www2.unifap.br\/neamzg\/wp-json\/wp\/v2\/pages\/13\/revisions"}],"predecessor-version":[{"id":223,"href":"https:\/\/www2.unifap.br\/neamzg\/wp-json\/wp\/v2\/pages\/13\/revisions\/223"}],"wp:attachment":[{"href":"https:\/\/www2.unifap.br\/neamzg\/wp-json\/wp\/v2\/media?parent=13"}],"curies":[{"name":"wp","href":"https:\/\/api.w.org\/{rel}","templated":true}]}}