{"id":43,"date":"2018-11-23T18:10:56","date_gmt":"2018-11-23T18:10:56","guid":{"rendered":"http:\/\/www2.unifap.br\/neamzg\/?page_id=43"},"modified":"2021-10-12T22:35:10","modified_gmt":"2021-10-12T22:35:10","slug":"belem30","status":"publish","type":"page","link":"https:\/\/www2.unifap.br\/neamzg\/belem30\/","title":{"rendered":"XVI Congresso da Sociedade Internacional de Etnobiologia"},"content":{"rendered":"<p><a href=\"http:\/\/www2.unifap.br\/neamzg\/files\/2018\/11\/logo-adivair-e-alcidete.jpg\"><img decoding=\"async\" class=\"aligncenter size-medium wp-image-44\" src=\"http:\/\/www2.unifap.br\/neamzg\/files\/2018\/11\/logo-adivair-e-alcidete-300x110.jpg\" alt=\"logo adivair e alcidete\" width=\"300\" height=\"110\" srcset=\"https:\/\/www2.unifap.br\/neamzg\/files\/2018\/11\/logo-adivair-e-alcidete-300x110.jpg 300w, https:\/\/www2.unifap.br\/neamzg\/files\/2018\/11\/logo-adivair-e-alcidete.jpg 960w\" sizes=\"(max-width: 300px) 100vw, 300px\" \/><\/a><\/p>\n<p>O Congresso da Sociedade Internacional de Etnobiologia, em conjunto com o XII Simp\u00f3sio Brasileiro de Etnobiologia e Etnoecologia, foi realizado entre os dias 7 e 10 de agosto de 2018 em Bel\u00e9m do Par\u00e1. O evento foi organizado pela Universidade Federal do Par\u00e1 e o Museu Paraense Em\u00edlio Goeldi, em colabora\u00e7\u00e3o com a Sociedade Internacional de Etnobiologia (ISE) e a Sociedade Brasileira de Etnobiologia e Etnoecologia (SBEE).<\/p>\n<p>O evento teve como tema central &#8220;Bel\u00e9m +30, os direitos dos povos ind\u00edgenas e popula\u00e7\u00f5es tradicionais e a conserva\u00e7\u00e3o da biodiversidade tr\u00eas d\u00e9cadas ap\u00f3s a Declara\u00e7\u00e3o de Bel\u00e9m.\u201d&nbsp;O objetivo deste congresso foi refletir sobre a Declara\u00e7\u00e3o de Bel\u00e9m e o campo da Etnobiologia ao longo dos \u00faltimos trinta anos, focando nos avan\u00e7os e desafios cient\u00edficos, \u00e9ticos, jur\u00eddicos e pol\u00edticos relacionados aos povos ind\u00edgenas e popula\u00e7\u00f5es tradicionais e o uso sustent\u00e1vel da biodiversidade.<\/p>\n<p>O Bel\u00e9m+30 reuniu participantes de todos os continentes, incluindo pesquisadores acad\u00eamicos, representantes de ONGs e ag\u00eancias de governos, ativistas, l\u00edderes e representantes de povos ind\u00edgenas e comunidades tradicionais de diferentes pa\u00edses, al\u00e9m de estudantes de todos os n\u00edveis de forma\u00e7\u00e3o.<\/p>\n<p>Os acad\u00eamicos Adivair Ribeiro e Alcidete Moraes, do curso de Licenciatura em Educa\u00e7\u00e3o do Campo: \u00eanfase em Agronomia e Biologia da Universidade Federal do Amap\u00e1 &#8211; <i>Campus<\/i> Mazag\u00e3o e integrantes do NEA-UNIFAP\/MZG, apresentaram dois trabalhos no evento: (1) <a href=\"http:\/\/www2.unifap.br\/neamzg\/files\/2020\/06\/Plantas-aliment\u00edcias-n\u00e3o-convencionais-PANC-utilizadas-por-popula\u00e7\u00f5es-tradicionais-residentes-na-comunidade-Po\u00e7\u00e3o-Reserva-Extrativista-RESEX-Rio-Cajari-Sul-do-estado-do-Amap\u00e1.pdf\">Plantas aliment\u00edcias n\u00e3o convencionais (PANC) utilizadas por popula\u00e7\u00f5es tradicionais residentes na comunidade Po\u00e7\u00e3o, Reserva Extrativista (RESEX) Rio Cajari, Sul do estado do Amap\u00e1<\/a>, com o objetivo de realizar levantamento sobre a diversidade de PANC nesta comunidade por meio de question\u00e1rios semiestruturados junto aos moradores; e (2) <a href=\"http:\/\/www2.unifap.br\/neamzg\/files\/2020\/06\/Poster_Alcidete2.pdf\">Conhecimento tradicional sobre uso de plantas medicinais por moradores da comunidade Tapereira, Reserva Extrativista (RESEX) Rio Cajari, Sul do Amap\u00e1<\/a>, com o objetivo de investigar a diversidade, formas de uso e indica\u00e7\u00f5es das plantas medicinais utilizadas pela popula\u00e7\u00e3o residente na comunidade Tapereira, (RESEX) Rio Cajari, sul do Amap\u00e1.<b><\/b><\/p>\n<p>Texto: Adivair Ribeiro e Alcidete Moraes<\/p>\n","protected":false},"excerpt":{"rendered":"<p>O Congresso da Sociedade Internacional de Etnobiologia, em conjunto com o XII Simp\u00f3sio Brasileiro de Etnobiologia e Etnoecologia, foi realizado entre os dias 7 e 10 de agosto de 2018 em Bel\u00e9m do Par\u00e1. O evento foi organizado pela Universidade&hellip; <\/p>\n<p><a href=\"https:\/\/www2.unifap.br\/neamzg\/belem30\/\" class=\"readmore-button\">Continue Reading<\/a><\/p>\n","protected":false},"author":2426,"featured_media":0,"parent":0,"menu_order":0,"comment_status":"closed","ping_status":"closed","template":"","meta":{"inline_featured_image":false,"ngg_post_thumbnail":0,"footnotes":""},"class_list":["post-43","page","type-page","status-publish","hentry"],"_links":{"self":[{"href":"https:\/\/www2.unifap.br\/neamzg\/wp-json\/wp\/v2\/pages\/43","targetHints":{"allow":["GET"]}}],"collection":[{"href":"https:\/\/www2.unifap.br\/neamzg\/wp-json\/wp\/v2\/pages"}],"about":[{"href":"https:\/\/www2.unifap.br\/neamzg\/wp-json\/wp\/v2\/types\/page"}],"author":[{"embeddable":true,"href":"https:\/\/www2.unifap.br\/neamzg\/wp-json\/wp\/v2\/users\/2426"}],"replies":[{"embeddable":true,"href":"https:\/\/www2.unifap.br\/neamzg\/wp-json\/wp\/v2\/comments?post=43"}],"version-history":[{"count":6,"href":"https:\/\/www2.unifap.br\/neamzg\/wp-json\/wp\/v2\/pages\/43\/revisions"}],"predecessor-version":[{"id":159,"href":"https:\/\/www2.unifap.br\/neamzg\/wp-json\/wp\/v2\/pages\/43\/revisions\/159"}],"wp:attachment":[{"href":"https:\/\/www2.unifap.br\/neamzg\/wp-json\/wp\/v2\/media?parent=43"}],"curies":[{"name":"wp","href":"https:\/\/api.w.org\/{rel}","templated":true}]}}