{"id":1900,"date":"2024-05-29T23:38:55","date_gmt":"2024-05-30T02:38:55","guid":{"rendered":"https:\/\/www2.unifap.br\/nepla\/?page_id=1900"},"modified":"2025-12-14T22:06:45","modified_gmt":"2025-12-15T01:06:45","slug":"projeto-labtec","status":"publish","type":"page","link":"https:\/\/www2.unifap.br\/nepla\/projetos-de-extensao\/projeto-labtec\/","title":{"rendered":"PROJETO LABTEL"},"content":{"rendered":"\t\t<div data-elementor-type=\"wp-page\" data-elementor-id=\"1900\" class=\"elementor elementor-1900\">\n\t\t\t\t\t\t<section class=\"elementor-section elementor-top-section elementor-element elementor-element-16c682a elementor-section-boxed elementor-section-height-default elementor-section-height-default\" data-id=\"16c682a\" data-element_type=\"section\" data-e-type=\"section\">\n\t\t\t\t\t\t\t<div class=\"elementor-background-overlay\"><\/div>\n\t\t\t\t\t\t\t<div class=\"elementor-container elementor-column-gap-default\">\n\t\t\t\t\t<div class=\"elementor-column elementor-col-100 elementor-top-column elementor-element elementor-element-b02fec5\" data-id=\"b02fec5\" data-element_type=\"column\" data-e-type=\"column\">\n\t\t\t<div class=\"elementor-widget-wrap elementor-element-populated\">\n\t\t\t\t\t\t<div class=\"elementor-element elementor-element-f386c2a elementor-widget elementor-widget-page-title\" data-id=\"f386c2a\" data-element_type=\"widget\" data-e-type=\"widget\" data-settings=\"{&quot;align_mobile&quot;:&quot;center&quot;}\" data-widget_type=\"page-title.default\">\n\t\t\t\t<div class=\"elementor-widget-container\">\n\t\t\t\t\t\t\t\n\t\t<div class=\"hfe-page-title hfe-page-title-wrapper elementor-widget-heading\">\n\n\t\t\t\t\t\t\t\t<h2 class=\"elementor-heading-title elementor-size-default\">\n\t\t\t\t\t\t\t\t\n\t\t\t\tPROJETO LABTEL  \n\t\t\t<\/h2 > \n\t\t\t\t\t<\/div>\n\t\t\t\t\t\t<\/div>\n\t\t\t\t<\/div>\n\t\t<div class=\"elementor-element elementor-element-74a0953 e-grid e-con-boxed e-con e-parent\" data-id=\"74a0953\" data-element_type=\"container\" data-e-type=\"container\">\n\t\t\t\t\t<div class=\"e-con-inner\">\n\t\t\t\t<div class=\"elementor-element elementor-element-6eb9572 elementor-widget elementor-widget-image\" data-id=\"6eb9572\" data-element_type=\"widget\" data-e-type=\"widget\" data-widget_type=\"image.default\">\n\t\t\t\t\t\t\t\t\t\t\t\t\t\t\t<img fetchpriority=\"high\" decoding=\"async\" width=\"1024\" height=\"307\" src=\"https:\/\/www2.unifap.br\/nepla\/files\/2025\/04\/2_20241004_093635_0001-1024x307.png\" class=\"attachment-large size-large wp-image-3061\" alt=\"\" srcset=\"https:\/\/www2.unifap.br\/nepla\/files\/2025\/04\/2_20241004_093635_0001-1024x307.png 1024w, https:\/\/www2.unifap.br\/nepla\/files\/2025\/04\/2_20241004_093635_0001-300x90.png 300w, https:\/\/www2.unifap.br\/nepla\/files\/2025\/04\/2_20241004_093635_0001-768x230.png 768w, https:\/\/www2.unifap.br\/nepla\/files\/2025\/04\/2_20241004_093635_0001-1536x461.png 1536w, https:\/\/www2.unifap.br\/nepla\/files\/2025\/04\/2_20241004_093635_0001-2048x614.png 2048w\" sizes=\"(max-width: 1024px) 100vw, 1024px\" \/>\t\t\t\t\t\t\t\t\t\t\t\t\t\t\t<\/div>\n\t\t\t\t<div class=\"elementor-element elementor-element-dd85c85 elementor-widget elementor-widget-text-editor\" data-id=\"dd85c85\" data-element_type=\"widget\" data-e-type=\"widget\" data-widget_type=\"text-editor.default\">\n\t\t\t\t\t\t\t\t\t<p style=\"text-align: justify\">O Projeto Laborat\u00f3rio de Tecnologias, Ensino e Linguagens &#8211; LABTEL integra o grupo de pesquisa Nepla e tem como objetivo principal oferecer e desenvolver atividades de extens\u00e3o voltadas \u00e0 forma\u00e7\u00e3o com professores\/as (inicial ou continuada) envolvendo tecnologias e pr\u00e1ticas de ensino. Focaliza a produ\u00e7\u00e3o de materiais did\u00e1ticos impressos e digitais, plataformas, ambientes, ferramentas, recursos e objetos digitais para o ensino-aprendizagem de L\u00edngua Portuguesa. An\u00e1lise e produ\u00e7\u00e3o de atividades, recursos e objetos digitais. &nbsp;<\/p>\t\t\t\t\t\t\t\t<\/div>\n\t\t\t\t\t<\/div>\n\t\t\t\t<\/div>\n\t\t\t\t<div class=\"elementor-element elementor-element-1bb7692 elementor-widget elementor-widget-heading\" data-id=\"1bb7692\" data-element_type=\"widget\" data-e-type=\"widget\" data-widget_type=\"heading.default\">\n\t\t\t\t\t<h3 class=\"elementor-heading-title elementor-size-default\">A\u00e7\u00f5es do Projeto <\/h3>\t\t\t\t<\/div>\n\t\t\t\t<div class=\"elementor-element elementor-element-317062e elementor-widget elementor-widget-heading\" data-id=\"317062e\" data-element_type=\"widget\" data-e-type=\"widget\" data-widget_type=\"heading.default\">\n\t\t\t\t\t<h4 class=\"elementor-heading-title elementor-size-default\">Produ\u00e7\u00e3o de Podcast - Conceitos em An\u00e1lise de Discurso<\/h4>\t\t\t\t<\/div>\n\t\t<div class=\"elementor-element elementor-element-3074b5b e-grid e-con-boxed e-con e-parent\" data-id=\"3074b5b\" data-element_type=\"container\" data-e-type=\"container\">\n\t\t\t\t\t<div class=\"e-con-inner\">\n\t\t\t\t<div class=\"elementor-element elementor-element-6fd5dfb elementor-widget__width-initial elementor-widget elementor-widget-image\" data-id=\"6fd5dfb\" data-element_type=\"widget\" data-e-type=\"widget\" data-widget_type=\"image.default\">\n\t\t\t\t\t\t\t\t\t\t\t\t\t\t\t\t<a href=\"https:\/\/open.spotify.com\/show\/06frBamaiWUABoUjz8NzEW\" target=\"_blank\">\n\t\t\t\t\t\t\t<img decoding=\"async\" src=\"https:\/\/www2.unifap.br\/nepla\/files\/2025\/04\/Captura-de-tela-2025-04-17-235412.png\" title=\"Captura de tela 2025-04-17 235412\" alt=\"Captura de tela 2025-04-17 235412\" loading=\"lazy\" \/>\t\t\t\t\t\t\t\t<\/a>\n\t\t\t\t\t\t\t\t\t\t\t\t\t\t\t<\/div>\n\t\t\t\t<div class=\"elementor-element elementor-element-b61101d elementor-widget elementor-widget-text-editor\" data-id=\"b61101d\" data-element_type=\"widget\" data-e-type=\"widget\" data-widget_type=\"text-editor.default\">\n\t\t\t\t\t\t\t\t\t<p style=\"text-align: justify\">O podcast&nbsp;<a href=\"https:\/\/creators.spotify.com\/pod\/profile\/ncleo-de-estudos-e-pesqui\/episodes\/Epis%C3%B3dio%201%20-%20Michel%20P%C3%AAcheux%20%E2%80%93%20An%C3%A1lise%20Autom%C3%A1tica%20do%20Discurso-e31mbna?%24web_only=true&amp;_branch_match_id=1440106913774650361&amp;_branch_referrer=H4sIAAAAAAAAA8soKSkottLXLy7IL8lMq0wuSk0syS8q1i1PTdJLLCjQy8nMy9ZP1TcL8jbPSU%2F3cg1Osq8rSk1LLSrKzEuPTyrKLy9OLbJ1zijKz00FAKFNn%2BdMAAAA&amp;utm_campaign=web-share\" target=\"_blank\"><b><i>Conceitos em An\u00e1lise <\/i>de Discurso<\/b><\/a>&nbsp;\u00e9 uma atividade que faz parte das a\u00e7\u00f5es de curriculariza\u00e7\u00e3o do Curso de Letras da Unifap e est\u00e1 vinculada ao Projeto Labtel e \u00e0 disciplina Introdu\u00e7\u00e3o \u00e0 An\u00e1lise de Discurso, ofertada pelo professor Rosivaldo Gomes no 2\u00ba Semestre de 2024.  Composto por 6 (seis) epis\u00f3dios, o podcast, gravados por acad\u00eamicos e acad\u00eamicas, apresenta seis abordagens de an\u00e1lise de discurso:&nbsp;<\/p><a href=\"https:\/\/open.spotify.com\/episode\/4tQiE3wl4A4Im4UB2QvAtG\" target=\"_blank\"><b>Epis\u00f3dio 1 <\/b>&#8211; Michel P\u00eacheux \u2013 An\u00e1lise Autom\u00e1tica do Discurso<\/a><br><a href=\"https:\/\/open.spotify.com\/episode\/11mRyWwamUJkuaJfYGNZnS\" target=\"_blank\"><b>Epis\u00f3dio 2<\/b> &#8211; Michel Foucault &#8211; Estudos Foucaultianos do Discurso<\/a><br><b>Epis\u00f3dio 3 &#8211;<\/b> Dominique Maingueneau &#8211; An\u00e1lise de discurso de base enunciativa<br><b>Epis\u00f3dio 4 &#8211;<\/b> Patrick Charaudeau &#8211; An\u00e1lise de discurso Semiolingu\u00edstica<br><b>Epis\u00f3dio 5 &#8211;<\/b> Norman Fairclough \u2013 An\u00e1lise de Discurso Cr\u00edtica<br><b>Epis\u00f3dio 6 &#8211;<\/b> Mikhail Bakhtin e o C\u00edrculo &#8211; An\u00e1lise dial\u00f3gica do discurso.<\/p>\n\n<p><b>Produ\u00e7\u00e3o<\/b>: Acad\u00eamicos dos Cursos de Letras Portugu\u00eas Franc\u00eas\/Ingl\u00eas <\/p><p><b>Revis\u00e3o e Edi\u00e7\u00e3o: <\/b>Prof. Rosivaldo Gomes e Bolsista de est\u00e1gio docente Henan dos Santos Nery\/PPGLET<\/p>\t\t\t\t\t\t\t\t<\/div>\n\t\t\t\t\t<\/div>\n\t\t\t\t<\/div>\n\t\t\t\t<div class=\"elementor-element elementor-element-8428dcb elementor-widget elementor-widget-heading\" data-id=\"8428dcb\" data-element_type=\"widget\" data-e-type=\"widget\" data-widget_type=\"heading.default\">\n\t\t\t\t\t<h4 class=\"elementor-heading-title elementor-size-default\">Com a palavra, o professor!<\/h4>\t\t\t\t<\/div>\n\t\t<div class=\"elementor-element elementor-element-b0e5e98 e-grid e-con-boxed e-con e-parent\" data-id=\"b0e5e98\" data-element_type=\"container\" data-e-type=\"container\">\n\t\t\t\t\t<div class=\"e-con-inner\">\n\t\t\t\t<div class=\"elementor-element elementor-element-10f2631 elementor-widget elementor-widget-text-editor\" data-id=\"10f2631\" data-element_type=\"widget\" data-e-type=\"widget\" data-widget_type=\"text-editor.default\">\n\t\t\t\t\t\t\t\t\t<p style=\"text-align: justify\"><p>A webs\u00e9rie  Com a palavea, o\/a professor\/a! \u00e9 uma a\u00e7\u00e3o de curriculariza\u00e7\u00e3o da extens\u00e3o desenvolvida por acad\u00eamicos do Curso de Letras e realizada no 1\u00ba Semestre de 2023 na disciplina Tecnologias Aplicadas ao Ensino de L\u00ednguas, ministrada pelo Prof. Rosivaldo Gomes. A produ\u00e7\u00e3o conta com entrevista realizadas pelos acad\u00eamicos da disciplina com professore\/as sobre letramento digital, tecnologias e ensino.&nbsp;<\/p>\n<\/p>\n<p><b>Produ\u00e7\u00e3o<\/b>: Acad\u00eamicos dos Cursos de Letras Portugu\u00eas Franc\u00eas\/Ingl\u00eas <\/p>\n<p><b>Revis\u00e3o e Edi\u00e7\u00e3o: <\/b>Prof. Rosivaldo Gomes e monitor Henan dos Santos Nery<\/p>\t\t\t\t\t\t\t\t<\/div>\n\t\t\t\t<div class=\"elementor-element elementor-element-5267d36 elementor-widget__width-initial elementor-widget elementor-widget-image\" data-id=\"5267d36\" data-element_type=\"widget\" data-e-type=\"widget\" data-widget_type=\"image.default\">\n\t\t\t\t\t\t\t\t\t\t\t\t\t\t\t\t<a href=\"https:\/\/open.spotify.com\/show\/06frBamaiWUABoUjz8NzEW\" target=\"_blank\">\n\t\t\t\t\t\t\t<img decoding=\"async\" src=\"https:\/\/www2.unifap.br\/nepla\/files\/2025\/04\/Captura-de-tela-2025-04-17-235412.png\" title=\"Captura de tela 2025-04-17 235412\" alt=\"Captura de tela 2025-04-17 235412\" loading=\"lazy\" \/>\t\t\t\t\t\t\t\t<\/a>\n\t\t\t\t\t\t\t\t\t\t\t\t\t\t\t<\/div>\n\t\t\t\t\t<\/div>\n\t\t\t\t<\/div>\n\t\t\t\t\t<\/div>\n\t\t<\/div>\n\t\t\t\t\t<\/div>\n\t\t<\/section>\n\t\t\t\t<\/div>\n\t\t","protected":false},"excerpt":{"rendered":"<p>PROJETO LABTEL O Projeto Laborat\u00f3rio de Tecnologias, Ensino e Linguagens &#8211; LABTEL integra o grupo de pesquisa Nepla e tem como objetivo principal oferecer e desenvolver atividades de extens\u00e3o voltadas \u00e0 forma\u00e7\u00e3o com professores\/as (inicial ou continuada) envolvendo tecnologias e pr\u00e1ticas de ensino. Focaliza a produ\u00e7\u00e3o de materiais did\u00e1ticos impressos e digitais, plataformas, ambientes, ferramentas,&#8230;<\/p>\n","protected":false},"author":104,"featured_media":0,"parent":3465,"menu_order":1,"comment_status":"closed","ping_status":"closed","template":"elementor_header_footer","meta":{"inline_featured_image":false,"site-sidebar-layout":"default","site-content-layout":"","ast-site-content-layout":"default","site-content-style":"default","site-sidebar-style":"default","ast-global-header-display":"","ast-banner-title-visibility":"","ast-main-header-display":"","ast-hfb-above-header-display":"","ast-hfb-below-header-display":"","ast-hfb-mobile-header-display":"","site-post-title":"","ast-breadcrumbs-content":"","ast-featured-img":"","footer-sml-layout":"","theme-transparent-header-meta":"default","adv-header-id-meta":"","stick-header-meta":"","header-above-stick-meta":"","header-main-stick-meta":"","header-below-stick-meta":"","astra-migrate-meta-layouts":"set","ast-page-background-enabled":"default","ast-page-background-meta":{"desktop":{"background-color":"","background-image":"","background-repeat":"repeat","background-position":"center center","background-size":"auto","background-attachment":"scroll","background-type":"","background-media":"","overlay-type":"","overlay-color":"","overlay-opacity":"","overlay-gradient":""},"tablet":{"background-color":"","background-image":"","background-repeat":"repeat","background-position":"center center","background-size":"auto","background-attachment":"scroll","background-type":"","background-media":"","overlay-type":"","overlay-color":"","overlay-opacity":"","overlay-gradient":""},"mobile":{"background-color":"","background-image":"","background-repeat":"repeat","background-position":"center center","background-size":"auto","background-attachment":"scroll","background-type":"","background-media":"","overlay-type":"","overlay-color":"","overlay-opacity":"","overlay-gradient":""}},"ast-content-background-meta":{"desktop":{"background-color":"var(--ast-global-color-5)","background-image":"","background-repeat":"repeat","background-position":"center center","background-size":"auto","background-attachment":"scroll","background-type":"","background-media":"","overlay-type":"","overlay-color":"","overlay-opacity":"","overlay-gradient":""},"tablet":{"background-color":"var(--ast-global-color-5)","background-image":"","background-repeat":"repeat","background-position":"center center","background-size":"auto","background-attachment":"scroll","background-type":"","background-media":"","overlay-type":"","overlay-color":"","overlay-opacity":"","overlay-gradient":""},"mobile":{"background-color":"var(--ast-global-color-5)","background-image":"","background-repeat":"repeat","background-position":"center center","background-size":"auto","background-attachment":"scroll","background-type":"","background-media":"","overlay-type":"","overlay-color":"","overlay-opacity":"","overlay-gradient":""}},"footnotes":""},"folder":[23],"class_list":["post-1900","page","type-page","status-publish","hentry"],"_links":{"self":[{"href":"https:\/\/www2.unifap.br\/nepla\/wp-json\/wp\/v2\/pages\/1900","targetHints":{"allow":["GET"]}}],"collection":[{"href":"https:\/\/www2.unifap.br\/nepla\/wp-json\/wp\/v2\/pages"}],"about":[{"href":"https:\/\/www2.unifap.br\/nepla\/wp-json\/wp\/v2\/types\/page"}],"author":[{"embeddable":true,"href":"https:\/\/www2.unifap.br\/nepla\/wp-json\/wp\/v2\/users\/104"}],"replies":[{"embeddable":true,"href":"https:\/\/www2.unifap.br\/nepla\/wp-json\/wp\/v2\/comments?post=1900"}],"version-history":[{"count":118,"href":"https:\/\/www2.unifap.br\/nepla\/wp-json\/wp\/v2\/pages\/1900\/revisions"}],"predecessor-version":[{"id":4764,"href":"https:\/\/www2.unifap.br\/nepla\/wp-json\/wp\/v2\/pages\/1900\/revisions\/4764"}],"up":[{"embeddable":true,"href":"https:\/\/www2.unifap.br\/nepla\/wp-json\/wp\/v2\/pages\/3465"}],"wp:attachment":[{"href":"https:\/\/www2.unifap.br\/nepla\/wp-json\/wp\/v2\/media?parent=1900"}],"wp:term":[{"taxonomy":"folder","embeddable":true,"href":"https:\/\/www2.unifap.br\/nepla\/wp-json\/wp\/v2\/folder?post=1900"}],"curies":[{"name":"wp","href":"https:\/\/api.w.org\/{rel}","templated":true}]}}