{"id":1092,"date":"2022-03-08T17:59:19","date_gmt":"2022-03-08T20:59:19","guid":{"rendered":"http:\/\/www2.unifap.br\/nitt\/?page_id=1092"},"modified":"2026-03-05T15:47:29","modified_gmt":"2026-03-05T18:47:29","slug":"equipe-nitt","status":"publish","type":"page","link":"https:\/\/www2.unifap.br\/nitt\/institucional\/equipe-nitt\/","title":{"rendered":"Equipe NITT"},"content":{"rendered":"\t\t<div data-elementor-type=\"wp-page\" data-elementor-id=\"1092\" class=\"elementor elementor-1092\">\n\t\t\t\t\t\t<section class=\"elementor-section elementor-top-section elementor-element elementor-element-6066e385 elementor-section-boxed elementor-section-height-default elementor-section-height-default\" data-id=\"6066e385\" data-element_type=\"section\" data-e-type=\"section\">\n\t\t\t\t\t\t<div class=\"elementor-container elementor-column-gap-default\">\n\t\t\t\t\t<div class=\"elementor-column elementor-col-100 elementor-top-column elementor-element elementor-element-64ce07f9\" data-id=\"64ce07f9\" data-element_type=\"column\" data-e-type=\"column\">\n\t\t\t<div class=\"elementor-widget-wrap elementor-element-populated\">\n\t\t\t\t\t\t<div class=\"elementor-element elementor-element-75328d82 elementor-widget elementor-widget-heading\" data-id=\"75328d82\" data-element_type=\"widget\" data-e-type=\"widget\" data-widget_type=\"heading.default\">\n\t\t\t\t<div class=\"elementor-widget-container\">\n\t\t\t\t\t<h4 class=\"elementor-heading-title elementor-size-default\">Conhe\u00e7a nossa equipe<\/h4>\t\t\t\t<\/div>\n\t\t\t\t<\/div>\n\t\t\t\t\t<\/div>\n\t\t<\/div>\n\t\t\t\t\t<\/div>\n\t\t<\/section>\n\t\t\t\t<section class=\"elementor-section elementor-top-section elementor-element elementor-element-43846d3 elementor-section-boxed elementor-section-height-default elementor-section-height-default elementor-invisible\" data-id=\"43846d3\" data-element_type=\"section\" data-e-type=\"section\" data-settings=\"{&quot;background_background&quot;:&quot;gradient&quot;,&quot;animation&quot;:&quot;fadeInUp&quot;}\">\n\t\t\t\t\t\t<div class=\"elementor-container elementor-column-gap-default\">\n\t\t\t\t\t<div class=\"elementor-column elementor-col-33 elementor-top-column elementor-element elementor-element-b3321db\" data-id=\"b3321db\" data-element_type=\"column\" data-e-type=\"column\">\n\t\t\t<div class=\"elementor-widget-wrap elementor-element-populated\">\n\t\t\t\t\t\t<div class=\"elementor-element elementor-element-fa4db44 elementor-widget elementor-widget-image\" data-id=\"fa4db44\" data-element_type=\"widget\" data-e-type=\"widget\" data-widget_type=\"image.default\">\n\t\t\t\t<div class=\"elementor-widget-container\">\n\t\t\t\t\t\t\t\t\t\t\t\t\t\t\t<img fetchpriority=\"high\" decoding=\"async\" width=\"220\" height=\"300\" src=\"https:\/\/www2.unifap.br\/nitt\/files\/2026\/03\/Foto-2024-IMG_7695-220x300-1.jpg\" class=\"attachment-full size-full wp-image-6990\" alt=\"\" \/>\t\t\t\t\t\t\t\t\t\t\t\t\t\t\t<\/div>\n\t\t\t\t<\/div>\n\t\t\t\t\t<\/div>\n\t\t<\/div>\n\t\t\t\t<div class=\"elementor-column elementor-col-66 elementor-top-column elementor-element elementor-element-6c690a1\" data-id=\"6c690a1\" data-element_type=\"column\" data-e-type=\"column\">\n\t\t\t<div class=\"elementor-widget-wrap elementor-element-populated\">\n\t\t\t\t\t\t<div class=\"elementor-element elementor-element-166c9ca elementor-widget elementor-widget-heading\" data-id=\"166c9ca\" data-element_type=\"widget\" data-e-type=\"widget\" data-widget_type=\"heading.default\">\n\t\t\t\t<div class=\"elementor-widget-container\">\n\t\t\t\t\t<h3 class=\"elementor-heading-title elementor-size-default\">Dr. Felipe Monteiro\n<\/h3>\t\t\t\t<\/div>\n\t\t\t\t<\/div>\n\t\t\t\t<div class=\"elementor-element elementor-element-2dff7d8 elementor-widget elementor-widget-text-editor\" data-id=\"2dff7d8\" data-element_type=\"widget\" data-e-type=\"widget\" data-widget_type=\"text-editor.default\">\n\t\t\t\t<div class=\"elementor-widget-container\">\n\t\t\t\t\t\t\t\t\t<p><b>Fun\u00e7\u00e3o:<\/b> Diretor<\/p><p><b>Portaria:<\/b> n.\u00ba 0100\/2022<\/p><p><b>Forma\u00e7\u00e3o:<\/b> Doutor em Urbanismo (2020) pela Universidade Federal do Rio de Janeiro (UFRJ), Mestre em Engenharia El\u00e9trica (2013) e Bacharel em Engenharia El\u00e9trica (2011) pela Universidade Federal do Par\u00e1 (UFPA). Conselheiro Regional (2020-2025) no CREA-AP e Docente efetivo nos cursos de Gradua\u00e7\u00e3o em Engenharia El\u00e9trica e P\u00f3s-gradua\u00e7\u00e3o <em>Lato Sensu<\/em> em Sistemas Fotovoltaicos.\u00a0<\/p><p><b>E-mail:<\/b> <a href=\"mailto:felipe.monteiro@unifap.br\"><span style=\"font-weight: 400\">felipe.monteiro@unifap.br<\/span><\/a><\/p>\t\t\t\t\t\t\t\t<\/div>\n\t\t\t\t<\/div>\n\t\t\t\t<div class=\"elementor-element elementor-element-36ec002 elementor-widget elementor-widget-button\" data-id=\"36ec002\" data-element_type=\"widget\" data-e-type=\"widget\" data-widget_type=\"button.default\">\n\t\t\t\t<div class=\"elementor-widget-container\">\n\t\t\t\t\t\t\t\t\t<div class=\"elementor-button-wrapper\">\n\t\t\t\t\t<a class=\"elementor-button elementor-button-link elementor-size-sm\" href=\"https:\/\/sigaa.unifap.br\/sigaa\/public\/docente\/portal.jsf?siape=2093634\">\n\t\t\t\t\t\t<span class=\"elementor-button-content-wrapper\">\n\t\t\t\t\t\t<span class=\"elementor-button-icon\">\n\t\t\t\t<i aria-hidden=\"true\" class=\"fas fa-user-plus\"><\/i>\t\t\t<\/span>\n\t\t\t\t\t\t\t\t\t<span class=\"elementor-button-text\">Perfil SIGAA<\/span>\n\t\t\t\t\t<\/span>\n\t\t\t\t\t<\/a>\n\t\t\t\t<\/div>\n\t\t\t\t\t\t\t\t<\/div>\n\t\t\t\t<\/div>\n\t\t\t\t\t<\/div>\n\t\t<\/div>\n\t\t\t\t\t<\/div>\n\t\t<\/section>\n\t\t\t\t<section class=\"elementor-section elementor-top-section elementor-element elementor-element-99bd786 elementor-reverse-tablet elementor-reverse-mobile elementor-section-boxed elementor-section-height-default elementor-section-height-default elementor-invisible\" data-id=\"99bd786\" data-element_type=\"section\" data-e-type=\"section\" data-settings=\"{&quot;background_background&quot;:&quot;classic&quot;,&quot;animation&quot;:&quot;fadeInUp&quot;}\">\n\t\t\t\t\t\t<div class=\"elementor-container elementor-column-gap-default\">\n\t\t\t\t\t<div class=\"elementor-column elementor-col-50 elementor-top-column elementor-element elementor-element-336b03f\" data-id=\"336b03f\" data-element_type=\"column\" data-e-type=\"column\" data-settings=\"{&quot;background_background&quot;:&quot;gradient&quot;}\">\n\t\t\t<div class=\"elementor-widget-wrap elementor-element-populated\">\n\t\t\t\t\t\t<div class=\"elementor-element elementor-element-09f3194 elementor-widget elementor-widget-heading\" data-id=\"09f3194\" data-element_type=\"widget\" data-e-type=\"widget\" data-widget_type=\"heading.default\">\n\t\t\t\t<div class=\"elementor-widget-container\">\n\t\t\t\t\t<h3 class=\"elementor-heading-title elementor-size-default\">A\u00e9lisson Hermes Viana da Costa\n<\/h3>\t\t\t\t<\/div>\n\t\t\t\t<\/div>\n\t\t\t\t<div class=\"elementor-element elementor-element-3332c41 elementor-widget elementor-widget-text-editor\" data-id=\"3332c41\" data-element_type=\"widget\" data-e-type=\"widget\" data-widget_type=\"text-editor.default\">\n\t\t\t\t<div class=\"elementor-widget-container\">\n\t\t\t\t\t\t\t\t\t<p><b>Fun\u00e7\u00e3o:<\/b><span style=\"font-weight: 400\"> Coordenador de Projetos e Parcerias de Transfer\u00eancia de Tecnologia<\/span><\/p><p><b>Portaria:<\/b><span style=\"font-weight: 400\"> n\u00ba 0539\/2026<\/span><\/p><p><b>Forma\u00e7\u00e3o:<\/b><span style=\"font-weight: 400\"> Bacharel em Direito (2014) pela Faculdade do Amap\u00e1 (FAMAP). Mestrando\u00a0<\/span><span style=\"font-family: Barlow, sans-serif;font-size: 18px;font-style: normal;font-weight: 400\">(desde 2020)<\/span><span style=\"font-family: Barlow, sans-serif;font-size: 18px;font-style: normal;font-weight: 400\">\u00a0<\/span><span style=\"font-size: 18px;font-weight: 400\">em Propriedade Intelectual e Transfer\u00eancia de Tecnologia para a Inova\u00e7\u00e3o (PROFNIT) pela Universidade Federal do Amap\u00e1 (UNFAP). Introdu\u00e7\u00e3o a Propriedade Intelectual (2018) pela Faculdade Sul Mineira (FASULMG). Propriedade Intelectual (2018) pelo Servi\u00e7o Nacional de Aprendizagem Industria (SENAI).<\/span><\/p><p><b>E-mail: <\/b><a href=\"mailto:aelisson.costa@unifap.br\"><span style=\"font-weight: 400\">aelisson.costa@unifap.br<\/span><\/a><\/p>\t\t\t\t\t\t\t\t<\/div>\n\t\t\t\t<\/div>\n\t\t\t\t<div class=\"elementor-element elementor-element-13328d1 elementor-button-info elementor-widget elementor-widget-button\" data-id=\"13328d1\" data-element_type=\"widget\" data-e-type=\"widget\" data-widget_type=\"button.default\">\n\t\t\t\t<div class=\"elementor-widget-container\">\n\t\t\t\t\t\t\t\t\t<div class=\"elementor-button-wrapper\">\n\t\t\t\t\t<a class=\"elementor-button elementor-button-link elementor-size-sm\" href=\"http:\/\/lattes.cnpq.br\/1395233506376023\">\n\t\t\t\t\t\t<span class=\"elementor-button-content-wrapper\">\n\t\t\t\t\t\t<span class=\"elementor-button-icon\">\n\t\t\t\t<i aria-hidden=\"true\" class=\"fas fa-user-plus\"><\/i>\t\t\t<\/span>\n\t\t\t\t\t\t\t\t\t<span class=\"elementor-button-text\">LATTES<\/span>\n\t\t\t\t\t<\/span>\n\t\t\t\t\t<\/a>\n\t\t\t\t<\/div>\n\t\t\t\t\t\t\t\t<\/div>\n\t\t\t\t<\/div>\n\t\t\t\t\t<\/div>\n\t\t<\/div>\n\t\t\t\t<div class=\"elementor-column elementor-col-50 elementor-top-column elementor-element elementor-element-caa7258\" data-id=\"caa7258\" data-element_type=\"column\" data-e-type=\"column\">\n\t\t\t<div class=\"elementor-widget-wrap elementor-element-populated\">\n\t\t\t\t\t\t<div class=\"elementor-element elementor-element-fe13e2e elementor-widget elementor-widget-image\" data-id=\"fe13e2e\" data-element_type=\"widget\" data-e-type=\"widget\" data-widget_type=\"image.default\">\n\t\t\t\t<div class=\"elementor-widget-container\">\n\t\t\t\t\t\t\t\t\t\t\t\t\t\t\t<img decoding=\"async\" src=\"https:\/\/www2.unifap.br\/nitt\/files\/2022\/03\/1-2.png\" title=\"1\" alt=\"1\" loading=\"lazy\" \/>\t\t\t\t\t\t\t\t\t\t\t\t\t\t\t<\/div>\n\t\t\t\t<\/div>\n\t\t\t\t\t<\/div>\n\t\t<\/div>\n\t\t\t\t\t<\/div>\n\t\t<\/section>\n\t\t\t\t<section class=\"elementor-section elementor-top-section elementor-element elementor-element-ca2ffe6 elementor-section-boxed elementor-section-height-default elementor-section-height-default elementor-invisible\" data-id=\"ca2ffe6\" data-element_type=\"section\" data-e-type=\"section\" data-settings=\"{&quot;background_background&quot;:&quot;gradient&quot;,&quot;animation&quot;:&quot;fadeInUp&quot;}\">\n\t\t\t\t\t\t<div class=\"elementor-container elementor-column-gap-default\">\n\t\t\t\t\t<div class=\"elementor-column elementor-col-33 elementor-top-column elementor-element elementor-element-adc00d9\" data-id=\"adc00d9\" data-element_type=\"column\" data-e-type=\"column\">\n\t\t\t<div class=\"elementor-widget-wrap elementor-element-populated\">\n\t\t\t\t\t\t<div class=\"elementor-element elementor-element-96c3d1e elementor-widget elementor-widget-image\" data-id=\"96c3d1e\" data-element_type=\"widget\" data-e-type=\"widget\" data-widget_type=\"image.default\">\n\t\t\t\t<div class=\"elementor-widget-container\">\n\t\t\t\t\t\t\t\t\t\t\t\t\t\t\t<img decoding=\"async\" src=\"https:\/\/www2.unifap.br\/nitt\/files\/2022\/12\/servletrecuperafoto.jpg\" title=\"servletrecuperafoto\" alt=\"servletrecuperafoto\" loading=\"lazy\" \/>\t\t\t\t\t\t\t\t\t\t\t\t\t\t\t<\/div>\n\t\t\t\t<\/div>\n\t\t\t\t\t<\/div>\n\t\t<\/div>\n\t\t\t\t<div class=\"elementor-column elementor-col-66 elementor-top-column elementor-element elementor-element-072a927\" data-id=\"072a927\" data-element_type=\"column\" data-e-type=\"column\">\n\t\t\t<div class=\"elementor-widget-wrap elementor-element-populated\">\n\t\t\t\t\t\t<div class=\"elementor-element elementor-element-de60409 elementor-widget elementor-widget-heading\" data-id=\"de60409\" data-element_type=\"widget\" data-e-type=\"widget\" data-widget_type=\"heading.default\">\n\t\t\t\t<div class=\"elementor-widget-container\">\n\t\t\t\t\t<h3 class=\"elementor-heading-title elementor-size-default\">Dr. Werbeston Douglas de Oliveira<\/h3>\t\t\t\t<\/div>\n\t\t\t\t<\/div>\n\t\t\t\t<div class=\"elementor-element elementor-element-71d4335 elementor-widget elementor-widget-text-editor\" data-id=\"71d4335\" data-element_type=\"widget\" data-e-type=\"widget\" data-widget_type=\"text-editor.default\">\n\t\t\t\t<div class=\"elementor-widget-container\">\n\t\t\t\t\t\t\t\t\t<p><b>Fun\u00e7\u00e3o: <\/b>Coordenador do Parque Tecnol\u00f3gico<\/p><p><b>Portaria: <\/b><span style=\"font-weight: 400\">n\u00ba 0269\/2023<\/span><\/p><p><b>Forma\u00e7\u00e3o: <\/b>Possui Gradua\u00e7\u00e3o, Mestrado e Doutorado em Engenharia El\u00e9trica pela Universidade Federal do Par\u00e1 (UFPA) em (2011), (2013) e (2017), respectivamente, com \u00eanfase em Sistemas de Energia El\u00e9trica.\u00a0<span style=\"font-family: Barlow, sans-serif;font-size: 18px;font-style: normal;font-weight: 400;background-color: transparent\">Docente efetivo nos cursos de Gradua\u00e7\u00e3o em Engenharia El\u00e9trica, P\u00f3s-gradua\u00e7\u00e3o Lato Sensu em Sistemas Fotovoltaicos e no Programa de P\u00f3s-gradua\u00e7\u00e3o em Propriedade Intelectual e Transfer\u00eancia de Tecnologia para Inova\u00e7\u00e3o (PROFNIT).\u00a0<\/span><span style=\"font-size: 18px;background-color: transparent\">Na \u00e1rea de inova\u00e7\u00e3o tecnol\u00f3gica vem atuando com inova\u00e7\u00e3o frugal e tecnologias assistivas. Atuou como coordenador do ponto focal UNIFAP do PROFNIT (2019-2021)<\/span><span style=\"font-size: 18px;background-color: transparent\">.<\/span><span style=\"font-size: 18px;background-color: transparent\">\u00a0<\/span><\/p><p><b>E-mail:<\/b><a href=\"mailto:wdoliveira@unifap.br\"> <span style=\"font-weight: 400\">wdoliveira@unifap.br<\/span><\/a><\/p>\t\t\t\t\t\t\t\t<\/div>\n\t\t\t\t<\/div>\n\t\t\t\t<div class=\"elementor-element elementor-element-fde5a6a elementor-button-info elementor-widget elementor-widget-button\" data-id=\"fde5a6a\" data-element_type=\"widget\" data-e-type=\"widget\" data-widget_type=\"button.default\">\n\t\t\t\t<div class=\"elementor-widget-container\">\n\t\t\t\t\t\t\t\t\t<div class=\"elementor-button-wrapper\">\n\t\t\t\t\t<a class=\"elementor-button elementor-button-link elementor-size-sm\" href=\"https:\/\/sigaa.unifap.br\/sigaa\/public\/docente\/portal.jsf?siape=2389020\">\n\t\t\t\t\t\t<span class=\"elementor-button-content-wrapper\">\n\t\t\t\t\t\t<span class=\"elementor-button-icon\">\n\t\t\t\t<i aria-hidden=\"true\" class=\"fas fa-user-plus\"><\/i>\t\t\t<\/span>\n\t\t\t\t\t\t\t\t\t<span class=\"elementor-button-text\">Perfil SIGAA<\/span>\n\t\t\t\t\t<\/span>\n\t\t\t\t\t<\/a>\n\t\t\t\t<\/div>\n\t\t\t\t\t\t\t\t<\/div>\n\t\t\t\t<\/div>\n\t\t\t\t\t<\/div>\n\t\t<\/div>\n\t\t\t\t\t<\/div>\n\t\t<\/section>\n\t\t\t\t<section class=\"elementor-section elementor-top-section elementor-element elementor-element-f6064e4 elementor-reverse-tablet elementor-reverse-mobile elementor-section-boxed elementor-section-height-default elementor-section-height-default elementor-invisible\" data-id=\"f6064e4\" data-element_type=\"section\" data-e-type=\"section\" data-settings=\"{&quot;background_background&quot;:&quot;classic&quot;,&quot;animation&quot;:&quot;fadeInUp&quot;}\">\n\t\t\t\t\t\t<div class=\"elementor-container elementor-column-gap-default\">\n\t\t\t\t\t<div class=\"elementor-column elementor-col-66 elementor-top-column elementor-element elementor-element-c41bf7b\" data-id=\"c41bf7b\" data-element_type=\"column\" data-e-type=\"column\" data-settings=\"{&quot;background_background&quot;:&quot;gradient&quot;}\">\n\t\t\t<div class=\"elementor-widget-wrap elementor-element-populated\">\n\t\t\t\t\t\t<div class=\"elementor-element elementor-element-3e0d4e1 elementor-widget elementor-widget-heading\" data-id=\"3e0d4e1\" data-element_type=\"widget\" data-e-type=\"widget\" data-widget_type=\"heading.default\">\n\t\t\t\t<div class=\"elementor-widget-container\">\n\t\t\t\t\t<h3 class=\"elementor-heading-title elementor-size-default\">Ma. Jesusa Vania Bagundes Nascimento\n\n<\/h3>\t\t\t\t<\/div>\n\t\t\t\t<\/div>\n\t\t\t\t<div class=\"elementor-element elementor-element-ab515aa elementor-widget elementor-widget-text-editor\" data-id=\"ab515aa\" data-element_type=\"widget\" data-e-type=\"widget\" data-widget_type=\"text-editor.default\">\n\t\t\t\t<div class=\"elementor-widget-container\">\n\t\t\t\t\t\t\t\t\t<p><b>Fun\u00e7\u00e3o:<\/b><span style=\"font-weight: 400\"> Coordenadora de Propriedade Intelectual<\/span><\/p><p><b>Portaria:<\/b><span style=\"font-weight: 400\"> n.\u00ba 0266\/2023<\/span><\/p><p><b>Forma\u00e7\u00e3o: <\/b><span style=\"font-weight: 400\">Gradua\u00e7\u00e3o em Secretariado Executivo (2006) pela Universidade Federal do Amap\u00e1 (UNIFAP), Especializa\u00e7\u00e3o em Doc\u00eancia na Educa\u00e7\u00e3o Superior (2015) pelo Instituto de Ensino Superior do Amap\u00e1 (IESAP) e Mestrado\u00a0<\/span><span style=\"font-family: Barlow, sans-serif;font-size: 18px;font-style: normal;font-weight: 400\">(2021)<\/span><span style=\"font-family: Barlow, sans-serif;font-size: 18px;font-style: normal;font-weight: 400\">\u00a0<\/span><span style=\"font-size: 18px;font-weight: 400\">em Propriedade Intelectual e Transfer\u00eancia de Tecnologia para Inova\u00e7\u00e3o (PROFNIT) pela Universidade Federal do Amap\u00e1 (UNIFAP). Curso Geral de Propriedade Industrial (2017) pelo Instituto Nacional da Propriedade Industrial (INPI). Curso Propriedade Intelectual aplicado ao NITT\/UNIFAP (2014) pela Universidade Federal do Amap\u00e1 (UNIFAP). Capacita\u00e7\u00e3o em Gest\u00e3o da Inova\u00e7\u00e3o (2014) pela Associa\u00e7\u00e3o Nacional de Pesquisa e Desenvolvimento das Empresas Inovadoras (ANPEI). Curso de Implanta\u00e7\u00e3o e Gest\u00e3o de NITs em ICT (2014), pela Universidade Federal do Amap\u00e1 (UNIFAP).<\/span><\/p><p><b>E-mail:<\/b> <a href=\"mailto:vaniabagundes@unifap.br\"><span style=\"font-weight: 400\">vaniabagundes@unifap.br<\/span><\/a><\/p>\t\t\t\t\t\t\t\t<\/div>\n\t\t\t\t<\/div>\n\t\t\t\t<div class=\"elementor-element elementor-element-3f9db1f elementor-button-info elementor-widget elementor-widget-button\" data-id=\"3f9db1f\" data-element_type=\"widget\" data-e-type=\"widget\" data-widget_type=\"button.default\">\n\t\t\t\t<div class=\"elementor-widget-container\">\n\t\t\t\t\t\t\t\t\t<div class=\"elementor-button-wrapper\">\n\t\t\t\t\t<a class=\"elementor-button elementor-button-link elementor-size-sm\" href=\"http:\/\/lattes.cnpq.br\/5154457952458260\">\n\t\t\t\t\t\t<span class=\"elementor-button-content-wrapper\">\n\t\t\t\t\t\t<span class=\"elementor-button-icon\">\n\t\t\t\t<i aria-hidden=\"true\" class=\"fas fa-user-plus\"><\/i>\t\t\t<\/span>\n\t\t\t\t\t\t\t\t\t<span class=\"elementor-button-text\">LATTES<\/span>\n\t\t\t\t\t<\/span>\n\t\t\t\t\t<\/a>\n\t\t\t\t<\/div>\n\t\t\t\t\t\t\t\t<\/div>\n\t\t\t\t<\/div>\n\t\t\t\t\t<\/div>\n\t\t<\/div>\n\t\t\t\t<div class=\"elementor-column elementor-col-33 elementor-top-column elementor-element elementor-element-8155ca2\" data-id=\"8155ca2\" data-element_type=\"column\" data-e-type=\"column\">\n\t\t\t<div class=\"elementor-widget-wrap elementor-element-populated\">\n\t\t\t\t\t\t<div class=\"elementor-element elementor-element-f73856b elementor-widget elementor-widget-image\" data-id=\"f73856b\" data-element_type=\"widget\" data-e-type=\"widget\" data-widget_type=\"image.default\">\n\t\t\t\t<div class=\"elementor-widget-container\">\n\t\t\t\t\t\t\t\t\t\t\t\t\t\t\t<img decoding=\"async\" src=\"https:\/\/www2.unifap.br\/nitt\/files\/2022\/03\/3-2.png\" title=\"3\" alt=\"3\" loading=\"lazy\" \/>\t\t\t\t\t\t\t\t\t\t\t\t\t\t\t<\/div>\n\t\t\t\t<\/div>\n\t\t\t\t\t<\/div>\n\t\t<\/div>\n\t\t\t\t\t<\/div>\n\t\t<\/section>\n\t\t\t\t<section class=\"elementor-section elementor-top-section elementor-element elementor-element-36ef868 elementor-section-boxed elementor-section-height-default elementor-section-height-default elementor-invisible\" data-id=\"36ef868\" data-element_type=\"section\" data-e-type=\"section\" data-settings=\"{&quot;background_background&quot;:&quot;gradient&quot;,&quot;animation&quot;:&quot;fadeInUp&quot;}\">\n\t\t\t\t\t\t<div class=\"elementor-container elementor-column-gap-default\">\n\t\t\t\t\t<div class=\"elementor-column elementor-col-33 elementor-top-column elementor-element elementor-element-e11273e\" data-id=\"e11273e\" data-element_type=\"column\" data-e-type=\"column\">\n\t\t\t<div class=\"elementor-widget-wrap elementor-element-populated\">\n\t\t\t\t\t\t<div class=\"elementor-element elementor-element-7a57ff5 elementor-widget elementor-widget-image\" data-id=\"7a57ff5\" data-element_type=\"widget\" data-e-type=\"widget\" data-widget_type=\"image.default\">\n\t\t\t\t<div class=\"elementor-widget-container\">\n\t\t\t\t\t\t\t\t\t\t\t\t\t\t\t<img decoding=\"async\" src=\"https:\/\/www2.unifap.br\/nitt\/files\/2026\/03\/Design-sem-nome.jpg\" title=\"Design sem nome\" alt=\"Design sem nome\" loading=\"lazy\" \/>\t\t\t\t\t\t\t\t\t\t\t\t\t\t\t<\/div>\n\t\t\t\t<\/div>\n\t\t\t\t\t<\/div>\n\t\t<\/div>\n\t\t\t\t<div class=\"elementor-column elementor-col-66 elementor-top-column elementor-element elementor-element-ff38376\" data-id=\"ff38376\" data-element_type=\"column\" data-e-type=\"column\">\n\t\t\t<div class=\"elementor-widget-wrap elementor-element-populated\">\n\t\t\t\t\t\t<div class=\"elementor-element elementor-element-4afc8f2 elementor-widget elementor-widget-heading\" data-id=\"4afc8f2\" data-element_type=\"widget\" data-e-type=\"widget\" data-widget_type=\"heading.default\">\n\t\t\t\t<div class=\"elementor-widget-container\">\n\t\t\t\t\t<h3 class=\"elementor-heading-title elementor-size-default\">Me. Olavo Rodrigues Fagundes Neto\n<\/h3>\t\t\t\t<\/div>\n\t\t\t\t<\/div>\n\t\t\t\t<div class=\"elementor-element elementor-element-67da17a elementor-widget elementor-widget-text-editor\" data-id=\"67da17a\" data-element_type=\"widget\" data-e-type=\"widget\" data-widget_type=\"text-editor.default\">\n\t\t\t\t<div class=\"elementor-widget-container\">\n\t\t\t\t\t\t\t\t\t<p><b>Fun\u00e7\u00e3o:<\/b><span style=\"font-weight: 400\"> Secret\u00e1rio executivo<\/span><\/p><p><b>Portaria: <\/b><span style=\"font-weight: 400\">n\u00ba 0538\/2026<\/span><\/p><p><b>Forma\u00e7\u00e3o:<\/b><span style=\"font-weight: 400\">\u00a0\u00c9 mestre em propriedade intelectual e transfer\u00eancia de tecnologia para a inova\u00e7\u00e3o pela Universidade Federal do Amap\u00e1, bacharel em Geografia pela Universidade Federal do Amap\u00e1 e t\u00e9cnico em redes de computadores pela Faculdade de Macap\u00e1. Atua como professor de ensino superior ministrando disciplinas no curso de Redes de Computadores. Possui experi\u00eancia profissional de cinco anos no setor de telecomunica\u00e7\u00f5es e tecnologia, com atua\u00e7\u00e3o em infraestrutura de redes, suporte e solu\u00e7\u00f5es tecnol\u00f3gicas. Tamb\u00e9m possui experi\u00eancia no desenvolvimento e execu\u00e7\u00e3o de projetos sociais voltados ao empreendedorismo, educa\u00e7\u00e3o financeira e prepara\u00e7\u00e3o de jovens para o mercado de trabalho, contribuindo para a forma\u00e7\u00e3o profissional e cidad\u00e3.<\/span><\/p><p><b>E-mail:<\/b> <a href=\"mailto:olavorfneto@unifap.com\"><span style=\"font-weight: 400\">olavorfneto@unifap.br<\/span><\/a><\/p>\t\t\t\t\t\t\t\t<\/div>\n\t\t\t\t<\/div>\n\t\t\t\t<div class=\"elementor-element elementor-element-2c04129 elementor-button-info elementor-widget elementor-widget-button\" data-id=\"2c04129\" data-element_type=\"widget\" data-e-type=\"widget\" data-widget_type=\"button.default\">\n\t\t\t\t<div class=\"elementor-widget-container\">\n\t\t\t\t\t\t\t\t\t<div class=\"elementor-button-wrapper\">\n\t\t\t\t\t<a class=\"elementor-button elementor-button-link elementor-size-sm\" href=\"https:\/\/lattes.cnpq.br\/0984746529740609\">\n\t\t\t\t\t\t<span class=\"elementor-button-content-wrapper\">\n\t\t\t\t\t\t<span class=\"elementor-button-icon\">\n\t\t\t\t<i aria-hidden=\"true\" class=\"fas fa-user-plus\"><\/i>\t\t\t<\/span>\n\t\t\t\t\t\t\t\t\t<span class=\"elementor-button-text\">LATTES<\/span>\n\t\t\t\t\t<\/span>\n\t\t\t\t\t<\/a>\n\t\t\t\t<\/div>\n\t\t\t\t\t\t\t\t<\/div>\n\t\t\t\t<\/div>\n\t\t\t\t\t<\/div>\n\t\t<\/div>\n\t\t\t\t\t<\/div>\n\t\t<\/section>\n\t\t\t\t<\/div>\n\t\t","protected":false},"excerpt":{"rendered":"<p>Conhe\u00e7a nossa equipe Dr. Felipe Monteiro Fun\u00e7\u00e3o: Diretor Portaria: n.\u00ba 0100\/2022 Forma\u00e7\u00e3o: Doutor em Urbanismo (2020) pela Universidade Federal do Rio de Janeiro (UFRJ), Mestre em Engenharia El\u00e9trica (2013) e Bacharel em Engenharia El\u00e9trica (2011) pela Universidade Federal do Par\u00e1 (UFPA). Conselheiro Regional (2020-2025) no CREA-AP e Docente efetivo nos cursos de Gradua\u00e7\u00e3o em Engenharia&#8230;<\/p>\n","protected":false},"author":3898,"featured_media":0,"parent":865,"menu_order":2,"comment_status":"closed","ping_status":"closed","template":"","meta":{"inline_featured_image":false,"ngg_post_thumbnail":0,"footnotes":""},"class_list":["post-1092","page","type-page","status-publish","hentry","entry"],"_links":{"self":[{"href":"https:\/\/www2.unifap.br\/nitt\/wp-json\/wp\/v2\/pages\/1092","targetHints":{"allow":["GET"]}}],"collection":[{"href":"https:\/\/www2.unifap.br\/nitt\/wp-json\/wp\/v2\/pages"}],"about":[{"href":"https:\/\/www2.unifap.br\/nitt\/wp-json\/wp\/v2\/types\/page"}],"author":[{"embeddable":true,"href":"https:\/\/www2.unifap.br\/nitt\/wp-json\/wp\/v2\/users\/3898"}],"replies":[{"embeddable":true,"href":"https:\/\/www2.unifap.br\/nitt\/wp-json\/wp\/v2\/comments?post=1092"}],"version-history":[{"count":217,"href":"https:\/\/www2.unifap.br\/nitt\/wp-json\/wp\/v2\/pages\/1092\/revisions"}],"predecessor-version":[{"id":6993,"href":"https:\/\/www2.unifap.br\/nitt\/wp-json\/wp\/v2\/pages\/1092\/revisions\/6993"}],"up":[{"embeddable":true,"href":"https:\/\/www2.unifap.br\/nitt\/wp-json\/wp\/v2\/pages\/865"}],"wp:attachment":[{"href":"https:\/\/www2.unifap.br\/nitt\/wp-json\/wp\/v2\/media?parent=1092"}],"curies":[{"name":"wp","href":"https:\/\/api.w.org\/{rel}","templated":true}]}}