{"id":1954,"date":"2022-03-20T22:05:05","date_gmt":"2022-03-21T01:05:05","guid":{"rendered":"http:\/\/www2.unifap.br\/nitt\/?page_id=1954"},"modified":"2022-03-28T22:20:01","modified_gmt":"2022-03-29T01:20:01","slug":"rp-e-mu","status":"publish","type":"page","link":"https:\/\/www2.unifap.br\/nitt\/rp-e-mu\/","title":{"rendered":"Registro de Patente e Modelo de Utilidade"},"content":{"rendered":"\t\t<div data-elementor-type=\"wp-page\" data-elementor-id=\"1954\" class=\"elementor elementor-1954\">\n\t\t\t\t\t\t<section class=\"elementor-section elementor-top-section elementor-element elementor-element-58e8e556 elementor-section-content-middle elementor-section-boxed elementor-section-height-default elementor-section-height-default elementor-invisible\" data-id=\"58e8e556\" data-element_type=\"section\" data-e-type=\"section\" data-settings=\"{&quot;animation&quot;:&quot;fadeInUp&quot;}\">\n\t\t\t\t\t\t<div class=\"elementor-container elementor-column-gap-no\">\n\t\t\t\t\t<div class=\"elementor-column elementor-col-50 elementor-top-column elementor-element elementor-element-12fa895f\" data-id=\"12fa895f\" data-element_type=\"column\" data-e-type=\"column\">\n\t\t\t<div class=\"elementor-widget-wrap elementor-element-populated\">\n\t\t\t\t\t\t<div class=\"elementor-element elementor-element-1176e699 elementor-widget elementor-widget-heading\" data-id=\"1176e699\" data-element_type=\"widget\" data-e-type=\"widget\" data-widget_type=\"heading.default\">\n\t\t\t\t<div class=\"elementor-widget-container\">\n\t\t\t\t\t<h3 class=\"elementor-heading-title elementor-size-default\">Registro de Patentes e Modelo de Utilidade\n<\/h3>\t\t\t\t<\/div>\n\t\t\t\t<\/div>\n\t\t\t\t<div class=\"elementor-element elementor-element-5b4bed33 elementor-widget-divider--view-line elementor-widget elementor-widget-divider\" data-id=\"5b4bed33\" data-element_type=\"widget\" data-e-type=\"widget\" data-widget_type=\"divider.default\">\n\t\t\t\t<div class=\"elementor-widget-container\">\n\t\t\t\t\t\t\t<div class=\"elementor-divider\">\n\t\t\t<span class=\"elementor-divider-separator\">\n\t\t\t\t\t\t<\/span>\n\t\t<\/div>\n\t\t\t\t\t\t<\/div>\n\t\t\t\t<\/div>\n\t\t\t\t\t<\/div>\n\t\t<\/div>\n\t\t\t\t<div class=\"elementor-column elementor-col-50 elementor-top-column elementor-element elementor-element-29b85871\" data-id=\"29b85871\" data-element_type=\"column\" data-e-type=\"column\">\n\t\t\t<div class=\"elementor-widget-wrap elementor-element-populated\">\n\t\t\t\t\t\t<div class=\"elementor-element elementor-element-b3a69d2 elementor-widget elementor-widget-image\" data-id=\"b3a69d2\" data-element_type=\"widget\" data-e-type=\"widget\" data-widget_type=\"image.default\">\n\t\t\t\t<div class=\"elementor-widget-container\">\n\t\t\t\t\t\t\t\t\t\t\t\t\t\t\t<img decoding=\"async\" width=\"150\" height=\"150\" src=\"https:\/\/www2.unifap.br\/nitt\/files\/2022\/03\/2-4.png\" class=\"attachment-thumbnail size-thumbnail wp-image-2738\" alt=\"\" \/>\t\t\t\t\t\t\t\t\t\t\t\t\t\t\t<\/div>\n\t\t\t\t<\/div>\n\t\t\t\t\t<\/div>\n\t\t<\/div>\n\t\t\t\t\t<\/div>\n\t\t<\/section>\n\t\t\t\t<section class=\"elementor-section elementor-top-section elementor-element elementor-element-2b431456 elementor-section-boxed elementor-section-height-default elementor-section-height-default elementor-invisible\" data-id=\"2b431456\" data-element_type=\"section\" data-e-type=\"section\" data-settings=\"{&quot;background_background&quot;:&quot;classic&quot;,&quot;animation&quot;:&quot;fadeInUp&quot;}\">\n\t\t\t\t\t\t<div class=\"elementor-container elementor-column-gap-default\">\n\t\t\t\t\t<div class=\"elementor-column elementor-col-100 elementor-top-column elementor-element elementor-element-66cee966\" data-id=\"66cee966\" data-element_type=\"column\" data-e-type=\"column\">\n\t\t\t<div class=\"elementor-widget-wrap elementor-element-populated\">\n\t\t\t\t\t\t<div class=\"elementor-element elementor-element-48eaba16 elementor-tabs-view-horizontal elementor-widget elementor-widget-tabs\" data-id=\"48eaba16\" data-element_type=\"widget\" data-e-type=\"widget\" data-widget_type=\"tabs.default\">\n\t\t\t\t<div class=\"elementor-widget-container\">\n\t\t\t\t\t\t\t<div class=\"elementor-tabs\">\n\t\t\t<div class=\"elementor-tabs-wrapper\" role=\"tablist\" >\n\t\t\t\t\t\t\t\t\t<div id=\"elementor-tab-title-1221\" class=\"elementor-tab-title elementor-tab-desktop-title\" aria-selected=\"true\" data-tab=\"1\" role=\"tab\" tabindex=\"0\" aria-controls=\"elementor-tab-content-1221\" aria-expanded=\"false\">2017<\/div>\n\t\t\t\t\t\t\t<\/div>\n\t\t\t<div class=\"elementor-tabs-content-wrapper\" role=\"tablist\" aria-orientation=\"vertical\">\n\t\t\t\t\t\t\t\t\t<div class=\"elementor-tab-title elementor-tab-mobile-title\" aria-selected=\"true\" data-tab=\"1\" role=\"tab\" tabindex=\"0\" aria-controls=\"elementor-tab-content-1221\" aria-expanded=\"false\">2017<\/div>\n\t\t\t\t\t<div id=\"elementor-tab-content-1221\" class=\"elementor-tab-content elementor-clearfix\" data-tab=\"1\" role=\"tabpanel\" aria-labelledby=\"elementor-tab-title-1221\" tabindex=\"0\" hidden=\"false\"><ul><li><a href=\"https:\/\/www2.unifap.br\/nitt\/chamadas-editais\/registro-de-patente-e-modelo-de-utilidade\/\" target=\"_blank\" rel=\"noopener\"><strong>2\u00aa CHAMADA P\u00daBLICA INTERNA PARA SELE\u00c7\u00c3O DE INVEN\u00c7\u00d5ES E TECNOLOGIAS COM POTENCIAL DE PATENTEAMENTO, GERADAS NO \u00c2MBITO DA UNIVERSIDADE FEDERAL DO AMAP\u00c1. \u2013\u00a0<em><span style=\"color: #ff0000\">encerrado.<\/span><\/em><\/strong><\/a><ul><li><a href=\"http:\/\/200.139.21.71\/wp-content\/themes\/oceanwp\/upload\/Chamada-Patente-002-NITT_Unifap.pdf\" target=\"_blank\" rel=\"noopener\">CHAMADA N\u00ba 002\/2017\u00a0 NITT\/PROPESPG\/UNIFAP<\/a><\/li><li><a href=\"http:\/\/www2.unifap.br\/nitt\/files\/2017\/10\/RESULTADO-PRELIMINAR-CHAMADA-002-E-003-2017-PATENTE-E-SOFTWARE.pdf\" target=\"_blank\" rel=\"noopener\">Publica\u00e7\u00e3o Preliminar das Propostas<\/a><\/li><\/ul><\/li><\/ul><p>\u00a0<\/p><ul><li><a href=\"http:\/\/www.unifap.br\/editais\/chamada-publica-interna-para-selecao-de-invencoes-e-tecnologias-com-potencial-de-patenteamento-geradas-no-ambito-da-universidade-federal-do-amapa-resultado\/\" target=\"_blank\" rel=\"noopener\"><strong>1\u00aa CHAMADA P\u00daBLICA INTERNA PARA SELE\u00c7\u00c3O DE INVEN\u00c7\u00d5ES E TECNOLOGIAS COM POTENCIAL DE PATENTEAMENTO, GERADAS NO \u00c2MBITO DA UNIVERSIDADE FEDERAL DO AMAP\u00c1 &#8211; <span style=\"color: #ff0000\">encerrado.<\/span><\/strong><\/a><ul><li><a href=\"http:\/\/200.139.21.71\/wp-content\/themes\/oceanwp\/upload\/CHAMADA-N%C2%BA-001-2017-_NITT-PROPESPG-UNIFAP.pdf\" target=\"_blank\" rel=\"noopener\">CHAMADA N\u00ba 001\/2017\u00a0 NITT\/PROPESPG\/UNIFAP<\/a><\/li><li><a href=\"http:\/\/200.139.21.71\/wp-content\/themes\/oceanwp\/upload\/ANEXO-II-Formul%C3%A1rio-de-Sele%C3%A7%C3%A3o-de-Tecnologias.docx\" target=\"_blank\" rel=\"noopener\">ANEXO II \u2013 Formul\u00e1rio de sele\u00e7\u00e3o de Tecnologias<\/a><\/li><li><a href=\"http:\/\/200.139.21.71\/wp-content\/themes\/oceanwp\/upload\/Aviso-de-Prorroga%C3%A7%C3%A3o-de-Prazo.pdf\" target=\"_blank\" rel=\"noopener\">Aviso de Prorroga\u00e7\u00e3o de Prazo<\/a><\/li><li><a href=\"http:\/\/200.139.21.71\/wp-content\/themes\/oceanwp\/upload\/resultado_da_chamada_pUblica_interna_para_seleCAo_de_invenCOes_e_tecnologias_com_potencial_de_patenteamento__geradas_no_Ambito_da_universidade_federal_do_amapA..pdf\" target=\"_blank\" rel=\"noopener\">RESULTADO<\/a><\/li><\/ul><\/li><\/ul><\/div>\n\t\t\t\t\t\t\t<\/div>\n\t\t<\/div>\n\t\t\t\t\t\t<\/div>\n\t\t\t\t<\/div>\n\t\t\t\t<div class=\"elementor-element elementor-element-278bea0c elementor-widget elementor-widget-spacer\" data-id=\"278bea0c\" data-element_type=\"widget\" data-e-type=\"widget\" data-widget_type=\"spacer.default\">\n\t\t\t\t<div class=\"elementor-widget-container\">\n\t\t\t\t\t\t\t<div class=\"elementor-spacer\">\n\t\t\t<div class=\"elementor-spacer-inner\"><\/div>\n\t\t<\/div>\n\t\t\t\t\t\t<\/div>\n\t\t\t\t<\/div>\n\t\t\t\t\t<\/div>\n\t\t<\/div>\n\t\t\t\t\t<\/div>\n\t\t<\/section>\n\t\t\t\t<\/div>\n\t\t","protected":false},"excerpt":{"rendered":"<p>Registro de Patentes e Modelo de Utilidade 2017 2017 2\u00aa CHAMADA P\u00daBLICA INTERNA PARA SELE\u00c7\u00c3O DE INVEN\u00c7\u00d5ES E TECNOLOGIAS COM POTENCIAL DE PATENTEAMENTO, GERADAS NO \u00c2MBITO DA UNIVERSIDADE FEDERAL DO AMAP\u00c1. \u2013\u00a0encerrado. CHAMADA N\u00ba 002\/2017\u00a0 NITT\/PROPESPG\/UNIFAP Publica\u00e7\u00e3o Preliminar das Propostas \u00a0 1\u00aa CHAMADA P\u00daBLICA INTERNA PARA SELE\u00c7\u00c3O DE INVEN\u00c7\u00d5ES E TECNOLOGIAS COM POTENCIAL DE PATENTEAMENTO,&#8230;<\/p>\n","protected":false},"author":2504,"featured_media":0,"parent":0,"menu_order":0,"comment_status":"closed","ping_status":"closed","template":"","meta":{"inline_featured_image":false,"ngg_post_thumbnail":0,"footnotes":""},"class_list":["post-1954","page","type-page","status-publish","hentry","entry"],"_links":{"self":[{"href":"https:\/\/www2.unifap.br\/nitt\/wp-json\/wp\/v2\/pages\/1954","targetHints":{"allow":["GET"]}}],"collection":[{"href":"https:\/\/www2.unifap.br\/nitt\/wp-json\/wp\/v2\/pages"}],"about":[{"href":"https:\/\/www2.unifap.br\/nitt\/wp-json\/wp\/v2\/types\/page"}],"author":[{"embeddable":true,"href":"https:\/\/www2.unifap.br\/nitt\/wp-json\/wp\/v2\/users\/2504"}],"replies":[{"embeddable":true,"href":"https:\/\/www2.unifap.br\/nitt\/wp-json\/wp\/v2\/comments?post=1954"}],"version-history":[{"count":19,"href":"https:\/\/www2.unifap.br\/nitt\/wp-json\/wp\/v2\/pages\/1954\/revisions"}],"predecessor-version":[{"id":2744,"href":"https:\/\/www2.unifap.br\/nitt\/wp-json\/wp\/v2\/pages\/1954\/revisions\/2744"}],"wp:attachment":[{"href":"https:\/\/www2.unifap.br\/nitt\/wp-json\/wp\/v2\/media?parent=1954"}],"curies":[{"name":"wp","href":"https:\/\/api.w.org\/{rel}","templated":true}]}}