{"id":1983,"date":"2022-03-20T22:31:57","date_gmt":"2022-03-21T01:31:57","guid":{"rendered":"http:\/\/www2.unifap.br\/nitt\/?page_id=1983"},"modified":"2022-03-28T22:28:42","modified_gmt":"2022-03-29T01:28:42","slug":"rpc","status":"publish","type":"page","link":"https:\/\/www2.unifap.br\/nitt\/rpc\/","title":{"rendered":"Registro de Programas de Computador"},"content":{"rendered":"\t\t<div data-elementor-type=\"wp-page\" data-elementor-id=\"1983\" class=\"elementor elementor-1983\">\n\t\t\t\t\t\t<section class=\"elementor-section elementor-top-section elementor-element elementor-element-711b9231 elementor-section-content-middle elementor-section-boxed elementor-section-height-default elementor-section-height-default elementor-invisible\" data-id=\"711b9231\" data-element_type=\"section\" data-e-type=\"section\" data-settings=\"{&quot;animation&quot;:&quot;fadeInUp&quot;}\">\n\t\t\t\t\t\t<div class=\"elementor-container elementor-column-gap-no\">\n\t\t\t\t\t<div class=\"elementor-column elementor-col-50 elementor-top-column elementor-element elementor-element-759e63b5\" data-id=\"759e63b5\" data-element_type=\"column\" data-e-type=\"column\">\n\t\t\t<div class=\"elementor-widget-wrap elementor-element-populated\">\n\t\t\t\t\t\t<div class=\"elementor-element elementor-element-2b5dcd27 elementor-widget elementor-widget-heading\" data-id=\"2b5dcd27\" data-element_type=\"widget\" data-e-type=\"widget\" data-widget_type=\"heading.default\">\n\t\t\t\t<div class=\"elementor-widget-container\">\n\t\t\t\t\t<h3 class=\"elementor-heading-title elementor-size-default\">Registro de Programas de Computador\n<\/h3>\t\t\t\t<\/div>\n\t\t\t\t<\/div>\n\t\t\t\t<div class=\"elementor-element elementor-element-6fa44ff8 elementor-widget-divider--view-line elementor-widget elementor-widget-divider\" data-id=\"6fa44ff8\" data-element_type=\"widget\" data-e-type=\"widget\" data-widget_type=\"divider.default\">\n\t\t\t\t<div class=\"elementor-widget-container\">\n\t\t\t\t\t\t\t<div class=\"elementor-divider\">\n\t\t\t<span class=\"elementor-divider-separator\">\n\t\t\t\t\t\t<\/span>\n\t\t<\/div>\n\t\t\t\t\t\t<\/div>\n\t\t\t\t<\/div>\n\t\t\t\t\t<\/div>\n\t\t<\/div>\n\t\t\t\t<div class=\"elementor-column elementor-col-50 elementor-top-column elementor-element elementor-element-11233c71\" data-id=\"11233c71\" data-element_type=\"column\" data-e-type=\"column\">\n\t\t\t<div class=\"elementor-widget-wrap elementor-element-populated\">\n\t\t\t\t\t\t<div class=\"elementor-element elementor-element-270604ab elementor-widget elementor-widget-image\" data-id=\"270604ab\" data-element_type=\"widget\" data-e-type=\"widget\" data-widget_type=\"image.default\">\n\t\t\t\t<div class=\"elementor-widget-container\">\n\t\t\t\t\t\t\t\t\t\t\t\t\t\t\t<img decoding=\"async\" width=\"150\" height=\"150\" src=\"https:\/\/www2.unifap.br\/nitt\/files\/2022\/03\/Design-sem-nome-1-2.png\" class=\"attachment-thumbnail size-thumbnail wp-image-2752\" alt=\"\" \/>\t\t\t\t\t\t\t\t\t\t\t\t\t\t\t<\/div>\n\t\t\t\t<\/div>\n\t\t\t\t\t<\/div>\n\t\t<\/div>\n\t\t\t\t\t<\/div>\n\t\t<\/section>\n\t\t\t\t<section class=\"elementor-section elementor-top-section elementor-element elementor-element-68f5d85b elementor-section-boxed elementor-section-height-default elementor-section-height-default elementor-invisible\" data-id=\"68f5d85b\" data-element_type=\"section\" data-e-type=\"section\" data-settings=\"{&quot;background_background&quot;:&quot;classic&quot;,&quot;animation&quot;:&quot;fadeInUp&quot;}\">\n\t\t\t\t\t\t<div class=\"elementor-container elementor-column-gap-default\">\n\t\t\t\t\t<div class=\"elementor-column elementor-col-100 elementor-top-column elementor-element elementor-element-2f861ce3\" data-id=\"2f861ce3\" data-element_type=\"column\" data-e-type=\"column\">\n\t\t\t<div class=\"elementor-widget-wrap elementor-element-populated\">\n\t\t\t\t\t\t<div class=\"elementor-element elementor-element-662b4db2 elementor-tabs-view-horizontal elementor-widget elementor-widget-tabs\" data-id=\"662b4db2\" data-element_type=\"widget\" data-e-type=\"widget\" data-widget_type=\"tabs.default\">\n\t\t\t\t<div class=\"elementor-widget-container\">\n\t\t\t\t\t\t\t<div class=\"elementor-tabs\">\n\t\t\t<div class=\"elementor-tabs-wrapper\" role=\"tablist\" >\n\t\t\t\t\t\t\t\t\t<div id=\"elementor-tab-title-1711\" class=\"elementor-tab-title elementor-tab-desktop-title\" aria-selected=\"true\" data-tab=\"1\" role=\"tab\" tabindex=\"0\" aria-controls=\"elementor-tab-content-1711\" aria-expanded=\"false\">2017<\/div>\n\t\t\t\t\t\t\t<\/div>\n\t\t\t<div class=\"elementor-tabs-content-wrapper\" role=\"tablist\" aria-orientation=\"vertical\">\n\t\t\t\t\t\t\t\t\t<div class=\"elementor-tab-title elementor-tab-mobile-title\" aria-selected=\"true\" data-tab=\"1\" role=\"tab\" tabindex=\"0\" aria-controls=\"elementor-tab-content-1711\" aria-expanded=\"false\">2017<\/div>\n\t\t\t\t\t<div id=\"elementor-tab-content-1711\" class=\"elementor-tab-content elementor-clearfix\" data-tab=\"1\" role=\"tabpanel\" aria-labelledby=\"elementor-tab-title-1711\" tabindex=\"0\" hidden=\"false\"><ul>\n \t<li><a href=\"https:\/\/www2.unifap.br\/nitt\/chamadas-editais\/registro-de-software\/\" target=\"_blank\" rel=\"noopener\"><strong>1\u00aa CHAMADA P\u00daBLICA INTERNA PARA SELE\u00c7\u00c3O DE PROGRAMAS DE COMPUTADOR, GERADOS NO \u00c2MBITO DA UNIVERSIDADE FEDERAL DO AMAP\u00c1, PARA REGISTRO NO INSTITUTO NACIONAL DA PROPRIEDADE INDUSTRIAL. \u2013\u00a0<span style=\"color: #ff0000\"><em>encerrado.<\/em><\/span><\/strong><\/a>\n<ul>\n \t<li><a title=\"CHAMADA N\u00ba 003\/2017 \u2013 NITT\/PROPESPG\/UNIFAP\" href=\"http:\/\/www.unifap.br\/antigo\/index\/download\/id\/203765\" target=\"_blank\" rel=\"noopener\">CHAMADA N\u00ba 003\/2017 \u2013 NITT\/PROPESPG\/UNIFAP<\/a><\/li>\n \t<li><a href=\"http:\/\/www2.unifap.br\/nitt\/files\/2017\/10\/RESULTADO-PRELIMINAR-CHAMADA-002-E-003-2017-PATENTE-E-SOFTWARE.pdf\" target=\"_blank\" rel=\"noopener noreferrer\">Publica\u00e7\u00e3o Preliminar das Propostas<\/a><\/li>\n<\/ul>\n<\/li>\n<\/ul><\/div>\n\t\t\t\t\t\t\t<\/div>\n\t\t<\/div>\n\t\t\t\t\t\t<\/div>\n\t\t\t\t<\/div>\n\t\t\t\t<div class=\"elementor-element elementor-element-788829b4 elementor-widget elementor-widget-spacer\" data-id=\"788829b4\" data-element_type=\"widget\" data-e-type=\"widget\" data-widget_type=\"spacer.default\">\n\t\t\t\t<div class=\"elementor-widget-container\">\n\t\t\t\t\t\t\t<div class=\"elementor-spacer\">\n\t\t\t<div class=\"elementor-spacer-inner\"><\/div>\n\t\t<\/div>\n\t\t\t\t\t\t<\/div>\n\t\t\t\t<\/div>\n\t\t\t\t\t<\/div>\n\t\t<\/div>\n\t\t\t\t\t<\/div>\n\t\t<\/section>\n\t\t\t\t<\/div>\n\t\t","protected":false},"excerpt":{"rendered":"<p>Registro de Programas de Computador 2017 2017 1\u00aa CHAMADA P\u00daBLICA INTERNA PARA SELE\u00c7\u00c3O DE PROGRAMAS DE COMPUTADOR, GERADOS NO \u00c2MBITO DA UNIVERSIDADE FEDERAL DO AMAP\u00c1, PARA REGISTRO NO INSTITUTO NACIONAL DA PROPRIEDADE INDUSTRIAL. \u2013\u00a0encerrado. CHAMADA N\u00ba 003\/2017 \u2013 NITT\/PROPESPG\/UNIFAP Publica\u00e7\u00e3o Preliminar das Propostas<\/p>\n","protected":false},"author":2504,"featured_media":0,"parent":0,"menu_order":0,"comment_status":"closed","ping_status":"closed","template":"","meta":{"inline_featured_image":false,"ngg_post_thumbnail":0,"footnotes":""},"class_list":["post-1983","page","type-page","status-publish","hentry","entry"],"_links":{"self":[{"href":"https:\/\/www2.unifap.br\/nitt\/wp-json\/wp\/v2\/pages\/1983","targetHints":{"allow":["GET"]}}],"collection":[{"href":"https:\/\/www2.unifap.br\/nitt\/wp-json\/wp\/v2\/pages"}],"about":[{"href":"https:\/\/www2.unifap.br\/nitt\/wp-json\/wp\/v2\/types\/page"}],"author":[{"embeddable":true,"href":"https:\/\/www2.unifap.br\/nitt\/wp-json\/wp\/v2\/users\/2504"}],"replies":[{"embeddable":true,"href":"https:\/\/www2.unifap.br\/nitt\/wp-json\/wp\/v2\/comments?post=1983"}],"version-history":[{"count":7,"href":"https:\/\/www2.unifap.br\/nitt\/wp-json\/wp\/v2\/pages\/1983\/revisions"}],"predecessor-version":[{"id":2755,"href":"https:\/\/www2.unifap.br\/nitt\/wp-json\/wp\/v2\/pages\/1983\/revisions\/2755"}],"wp:attachment":[{"href":"https:\/\/www2.unifap.br\/nitt\/wp-json\/wp\/v2\/media?parent=1983"}],"curies":[{"name":"wp","href":"https:\/\/api.w.org\/{rel}","templated":true}]}}