{"id":3010,"date":"2018-04-19T20:22:05","date_gmt":"2018-04-19T23:22:05","guid":{"rendered":"http:\/\/www2.unifap.br\/nti\/?page_id=3010"},"modified":"2018-04-19T20:30:25","modified_gmt":"2018-04-19T23:30:25","slug":"relatorios-de-atendimentos","status":"publish","type":"page","link":"https:\/\/www2.unifap.br\/nti\/atendimento-ininterrupto\/relatorios-de-atendimentos\/","title":{"rendered":"Relat\u00f3rios de Atendimento"},"content":{"rendered":"<p><strong>MAR\u00c7O 2018<\/strong><\/p>\n<p><a href=\"http:\/\/www2.unifap.br\/nti\/files\/2018\/04\/Relat\u00f3rio-de-Atendimentos-DMSUPORT.pdf\">Relat\u00f3rio de Atendimento DMSUPORT<\/a><\/p>\n<p><a href=\"http:\/\/www2.unifap.br\/nti\/files\/2018\/04\/Relat\u00f3rio-de-Atendimentos-DIVSIST.pdf\">Relat\u00f3rio de Atendimento DIVSIST<\/a><\/p>\n<p><a href=\"http:\/\/www2.unifap.br\/nti\/files\/2018\/04\/Relat\u00f3rio-de-Atendimentos-DRINF.pdf\">Relat\u00f3rio de Atendimento DRINF<\/a><\/p>\n<p><a href=\"http:\/\/www2.unifap.br\/nti\/files\/2018\/04\/Relat\u00f3rio-de-Atendimentos-ASSNTI.pdf\">Relat\u00f3rio de Atendimento ASSNTI<\/a><\/p>\n<p>&nbsp;<\/p>\n<p><strong>FEVEREIRO 2018<\/strong><\/p>\n<p><a href=\"http:\/\/www2.unifap.br\/nti\/files\/2018\/04\/Relat\u00f3rios-de-Atendimento-DMSUPORT.pdf\">Relat\u00f3rios de Atendimento DMSUPORT<\/a><\/p>\n<p><a href=\"http:\/\/www2.unifap.br\/nti\/files\/2018\/04\/Relat\u00f3rios-de-Atendimento-DIVSIST.pdf\">Relat\u00f3rios de Atendimento DIVSIST<\/a><\/p>\n<p><a href=\"http:\/\/www2.unifap.br\/nti\/files\/2018\/04\/Relat\u00f3rios-de-Atendimento-DRINF.pdf\">Relat\u00f3rios de Atendimento DRINF<\/a><\/p>\n<p><a href=\"http:\/\/www2.unifap.br\/nti\/files\/2018\/04\/Relat\u00f3rios-de-Atendimento-ASSNTI.pdf\">Relat\u00f3rios de Atendimento ASSNTI<\/a><\/p>\n<p>&nbsp;<\/p>\n<p><strong>JANEIRO 2018<\/strong><\/p>\n<p><a href=\"http:\/\/www2.unifap.br\/nti\/files\/2018\/04\/Relat\u00f3rios-de-Atendimento-DMSUPORT1.pdf\">Relat\u00f3rios de Atendimento DMSUPORT<\/a><\/p>\n<p><a href=\"http:\/\/www2.unifap.br\/nti\/files\/2018\/04\/Relat\u00f3rios-de-Atendimento-DIVSIST1.pdf\">Relat\u00f3rios de Atendimento DIVSIST<\/a><\/p>\n<p><a href=\"http:\/\/www2.unifap.br\/nti\/files\/2018\/04\/Relat\u00f3rios-de-Atendimento-DRINF1.pdf\">Relat\u00f3rios de Atendimento DRINF<\/a><\/p>\n<p><a href=\"http:\/\/www2.unifap.br\/nti\/files\/2018\/04\/Relat\u00f3rios-de-Atendimento-ASSNTI1.pdf\">Relat\u00f3rios de Atendimento ASSNTI<\/a><\/p>\n","protected":false},"excerpt":{"rendered":"<p>MAR\u00c7O 2018 Relat\u00f3rio de Atendimento DMSUPORT Relat\u00f3rio de Atendimento DIVSIST Relat\u00f3rio de Atendimento DRINF Relat\u00f3rio de Atendimento ASSNTI &nbsp; FEVEREIRO 2018 Relat\u00f3rios de Atendimento DMSUPORT Relat\u00f3rios de Atendimento DIVSIST Relat\u00f3rios de Atendimento DRINF Relat\u00f3rios de Atendimento ASSNTI &nbsp; JANEIRO 2018 Relat\u00f3rios de Atendimento DMSUPORT Relat\u00f3rios de Atendimento DIVSIST Relat\u00f3rios de Atendimento DRINF Relat\u00f3rios de Atendimento&#8230;<\/p>\n","protected":false},"author":167,"featured_media":0,"parent":3003,"menu_order":0,"comment_status":"closed","ping_status":"closed","template":"","meta":{"inline_featured_image":false,"ngg_post_thumbnail":0,"footnotes":""},"class_list":["post-3010","page","type-page","status-publish","hentry","entry"],"_links":{"self":[{"href":"https:\/\/www2.unifap.br\/nti\/wp-json\/wp\/v2\/pages\/3010","targetHints":{"allow":["GET"]}}],"collection":[{"href":"https:\/\/www2.unifap.br\/nti\/wp-json\/wp\/v2\/pages"}],"about":[{"href":"https:\/\/www2.unifap.br\/nti\/wp-json\/wp\/v2\/types\/page"}],"author":[{"embeddable":true,"href":"https:\/\/www2.unifap.br\/nti\/wp-json\/wp\/v2\/users\/167"}],"replies":[{"embeddable":true,"href":"https:\/\/www2.unifap.br\/nti\/wp-json\/wp\/v2\/comments?post=3010"}],"version-history":[{"count":3,"href":"https:\/\/www2.unifap.br\/nti\/wp-json\/wp\/v2\/pages\/3010\/revisions"}],"predecessor-version":[{"id":3025,"href":"https:\/\/www2.unifap.br\/nti\/wp-json\/wp\/v2\/pages\/3010\/revisions\/3025"}],"up":[{"embeddable":true,"href":"https:\/\/www2.unifap.br\/nti\/wp-json\/wp\/v2\/pages\/3003"}],"wp:attachment":[{"href":"https:\/\/www2.unifap.br\/nti\/wp-json\/wp\/v2\/media?parent=3010"}],"curies":[{"name":"wp","href":"https:\/\/api.w.org\/{rel}","templated":true}]}}