{"id":122,"date":"2015-08-01T21:32:52","date_gmt":"2015-08-01T21:32:52","guid":{"rendered":"http:\/\/www2.unifap.br\/nuphce\/?page_id=122"},"modified":"2021-11-02T14:46:40","modified_gmt":"2021-11-02T14:46:40","slug":"pesquisadores","status":"publish","type":"page","link":"https:\/\/www2.unifap.br\/nuphce\/pagina-exemplo\/yyyy\/pesquisadores\/","title":{"rendered":"Pesquisadores e pesquisadoras"},"content":{"rendered":"<h5><a href=\"http:\/\/www2.unifap.br\/nuphce\/files\/2020\/09\/ELV_Oficial.jpg\"><img decoding=\"async\" class=\"alignleft wp-image-1138\" src=\"http:\/\/www2.unifap.br\/nuphce\/files\/2020\/09\/ELV_Oficial-150x150.jpg\" alt=\"\" width=\"52\" height=\"52\" srcset=\"https:\/\/www2.unifap.br\/nuphce\/files\/2020\/09\/ELV_Oficial-150x150.jpg 150w, https:\/\/www2.unifap.br\/nuphce\/files\/2020\/09\/ELV_Oficial-70x70.jpg 70w\" sizes=\"(max-width: 52px) 100vw, 52px\" \/><\/a><\/h5>\n<p><strong>Dra Eliane Leal Vasquez\u00a0 &#8211;<\/strong>\u00a0(Coordenadora do NUPHCE\/UNIFAP)<\/p>\n<p><strong>Curr\u00edculo Lattes<\/strong>:\u00a0 <a href=\"http:\/\/lattes.cnpq.br\/2391390992585658\">http:\/\/lattes.cnpq.br\/2391390992585658<\/a><\/p>\n<p><strong>Temas de pesquisa<\/strong>: Ci\u00eancia penitenci\u00e1ria no Brasil Imp\u00e9rio, Educa\u00e7\u00e3o penitenci\u00e1ria no Amap\u00e1, Teoria da Prisoniza\u00e7\u00e3o, &#8220;O Prisoneiro da Grade de Ferro&#8221; e o Ensino Carcer\u00e1rio; Pol\u00edtica educacional no Sistema Penitenci\u00e1rio Amapaense, Ensino de Hist\u00f3ria na escola da pris\u00e3o, Pr\u00e1ticas docentes, narrativas de professoras e mem\u00f3rias, e assuntos da Educa\u00e7\u00e3o Matem\u00e1tica na forma\u00e7\u00e3o de professores ind\u00edgenas e de matem\u00e1tica.<\/p>\n<p>&nbsp;<\/p>\n<p>&nbsp;<\/p>\n<h5><a href=\"http:\/\/www2.unifap.br\/nuphce\/files\/2020\/09\/Jussara.jpg\"><img decoding=\"async\" class=\"alignleft wp-image-1139\" src=\"http:\/\/www2.unifap.br\/nuphce\/files\/2020\/09\/Jussara-150x150.jpg\" alt=\"\" width=\"50\" height=\"50\" srcset=\"https:\/\/www2.unifap.br\/nuphce\/files\/2020\/09\/Jussara-150x150.jpg 150w, https:\/\/www2.unifap.br\/nuphce\/files\/2020\/09\/Jussara-70x70.jpg 70w, https:\/\/www2.unifap.br\/nuphce\/files\/2020\/09\/Jussara-174x175.jpg 174w\" sizes=\"(max-width: 50px) 100vw, 50px\" \/><\/a><\/h5>\n<p><strong>Dra Jussara Pinho Barreiros &#8211; <\/strong>(Coordenadora do NUPHCE\/UNIFAP)<\/p>\n<p><strong>Curr\u00edculo Lattes<\/strong>:\u00a0<a href=\"http:\/\/lattes.cnpq.br\/0371929976427800\">http:\/\/lattes.cnpq.br\/0371929976427800<\/a><\/p>\n<p><strong>Temas de pesquisa<\/strong>: Estudo sobre o Plano de Vida dos Povos e Organiza\u00e7\u00f5es Ind\u00edgenas do Oiapoque e o Projeto Etnoconserva\u00e7\u00e3o de Quel\u00f4nios no contexto da pol\u00edticas socioambientais em terras ind\u00edgenas na \u00e1rea do Direito Ambiental e Pol\u00edticas P\u00fablicas; O ritual do Tur\u00e9 como objeto de estudo da Hist\u00f3ria da Ci\u00eancia e Ensino de Arte na Educa\u00e7\u00e3o Escolar Ind\u00edgena.<\/p>\n<p>&nbsp;<\/p>\n<p>&nbsp;<\/p>\n<h5 style=\"text-align: left\"><a href=\"http:\/\/www2.unifap.br\/nuphce\/files\/2021\/11\/Alexandre-Campos2.jpg\"><img decoding=\"async\" class=\"wp-image-1518 alignleft\" src=\"http:\/\/www2.unifap.br\/nuphce\/files\/2021\/11\/Alexandre-Campos2.jpg\" alt=\"\" width=\"47\" height=\"62\" srcset=\"https:\/\/www2.unifap.br\/nuphce\/files\/2021\/11\/Alexandre-Campos2.jpg 960w, https:\/\/www2.unifap.br\/nuphce\/files\/2021\/11\/Alexandre-Campos2-225x300.jpg 225w, https:\/\/www2.unifap.br\/nuphce\/files\/2021\/11\/Alexandre-Campos2-768x1024.jpg 768w\" sizes=\"(max-width: 47px) 100vw, 47px\" \/><\/a><\/h5>\n<p><strong>Dr Alexandre Campos<\/strong> <strong>&#8211;<\/strong> (pesquisador)<\/p>\n<p><strong>Curr\u00edculo Lattes<\/strong>:\u00a0<a href=\"http:\/\/lattes.cnpq.br\/1230944482954054\">http:\/\/lattes.cnpq.br\/1230944482954054<\/a><\/p>\n<p><strong>Tema de pesquisa<\/strong>: Conceitualiza\u00e7\u00e3o do conceito de energia no desenvolvimento cognitivo; energia como um conceito cient\u00edfico escolar e sua constru\u00e7\u00e3o hist\u00f3rica na Hist\u00f3ria da Ci\u00eancia.<span class=\"texto\">\u00a0<\/span><\/p>\n<p>&nbsp;<\/p>\n<p>&nbsp;<\/p>\n<p><strong><a href=\"http:\/\/www2.unifap.br\/nuphce\/files\/2021\/11\/Jani.jpg\"><img loading=\"lazy\" decoding=\"async\" class=\"wp-image-1516 alignleft\" src=\"http:\/\/www2.unifap.br\/nuphce\/files\/2021\/11\/Jani.jpg\" alt=\"\" width=\"59\" height=\"78\" srcset=\"https:\/\/www2.unifap.br\/nuphce\/files\/2021\/11\/Jani.jpg 1728w, https:\/\/www2.unifap.br\/nuphce\/files\/2021\/11\/Jani-225x300.jpg 225w, https:\/\/www2.unifap.br\/nuphce\/files\/2021\/11\/Jani-768x1024.jpg 768w, https:\/\/www2.unifap.br\/nuphce\/files\/2021\/11\/Jani-1152x1536.jpg 1152w, https:\/\/www2.unifap.br\/nuphce\/files\/2021\/11\/Jani-1536x2048.jpg 1536w\" sizes=\"(max-width: 59px) 100vw, 59px\" \/><\/a>Dra Janielle da Silva Melo &#8211; <\/strong>(pesquisadora)<\/p>\n<p><strong>Curr\u00edculo Lattes<\/strong>:\u00a0<a href=\"http:\/\/lattes.cnpq.br\/4513718899746912\">http:\/\/lattes.cnpq.br\/4513718899746912<\/a><\/p>\n<p><strong>Tema de pesquisa<\/strong>: Etnofarmacologia, S\u00edndrome Metab\u00f3lica, Diabetes, Anatomia e Fisiopatologia Humana, Zoologia, Ecologia, Etnobiologia, Pr\u00e1ticas Educativas, Forma\u00e7\u00e3o de Professores e Interculturalidade, Ensino de Ci\u00eancias e Biologia.<\/p>\n<p>&nbsp;<\/p>\n<p>&nbsp;<\/p>\n<p><a href=\"http:\/\/www2.unifap.br\/nuphce\/files\/2021\/10\/S\u00e1vio-Bicho.jpg\"><img loading=\"lazy\" decoding=\"async\" class=\"alignleft wp-image-1419\" src=\"http:\/\/www2.unifap.br\/nuphce\/files\/2021\/10\/S\u00e1vio-Bicho-150x150.jpg\" alt=\"\" width=\"61\" height=\"61\" srcset=\"https:\/\/www2.unifap.br\/nuphce\/files\/2021\/10\/S\u00e1vio-Bicho-150x150.jpg 150w, https:\/\/www2.unifap.br\/nuphce\/files\/2021\/10\/S\u00e1vio-Bicho-70x70.jpg 70w\" sizes=\"(max-width: 61px) 100vw, 61px\" \/><\/a><\/p>\n<p><strong>Dr Jos\u00e9 S\u00e1vio Bicho de Oliveira &#8211; <\/strong>(Pesquisador)<\/p>\n<p><strong>Curr\u00edculo Lattes<\/strong>:\u00a0<a href=\"http:\/\/lattes.cnpq.br\/9368147336655765\">http:\/\/lattes.cnpq.br\/9368147336655765<\/a><\/p>\n<p><strong>Temas de pesquisa<\/strong>: Desenvolve estudos em etnomatem\u00e1tica e saberes da tradi\u00e7\u00e3o, com foco na \u00e1rea da Educa\u00e7\u00e3o Matem\u00e1tica e Educa\u00e7\u00e3o do Campo.<\/p>\n<p>&nbsp;<\/p>\n<p>&nbsp;<\/p>\n<h5><a href=\"http:\/\/www2.unifap.br\/nuphce\/files\/2021\/10\/Jo\u00e3o-Ferreira.jpg\"><img loading=\"lazy\" decoding=\"async\" class=\"alignleft wp-image-1415\" src=\"http:\/\/www2.unifap.br\/nuphce\/files\/2021\/10\/Jo\u00e3o-Ferreira-150x150.jpg\" alt=\"\" width=\"60\" height=\"60\" srcset=\"https:\/\/www2.unifap.br\/nuphce\/files\/2021\/10\/Jo\u00e3o-Ferreira-150x150.jpg 150w, https:\/\/www2.unifap.br\/nuphce\/files\/2021\/10\/Jo\u00e3o-Ferreira-70x70.jpg 70w\" sizes=\"(max-width: 60px) 100vw, 60px\" \/><\/a><\/h5>\n<p><strong>Me Jo\u00e3o Socorro Pinheiro Ferreira &#8211; <\/strong>(Pesquisador)<\/p>\n<p><strong>Curr\u00edculo Lattes<\/strong>:<a href=\"http:\/\/lattes.cnpq.br\/2283642558933703\">http:\/\/lattes.cnpq.br\/2283642558933703<\/a><\/p>\n<p><strong>Tema de Pesquisa<\/strong>: Realiza pesquisas na \u00e1rea da Matem\u00e1tica Aplicada e Computacional, e temas relacionados \u00e0 forma\u00e7\u00e3o de professores de Matem\u00e1tica, de F\u00edsica e Engenheiros.<\/p>\n<h6><\/h6>\n<p>&nbsp;<\/p>\n<h5><a href=\"http:\/\/www2.unifap.br\/nuphce\/files\/2015\/08\/MRZM2015.jpg\"><img loading=\"lazy\" decoding=\"async\" class=\" wp-image-214 alignleft\" src=\"http:\/\/www2.unifap.br\/nuphce\/files\/2015\/08\/MRZM2015.jpg\" alt=\"MRZM2015\" width=\"63\" height=\"63\" srcset=\"https:\/\/www2.unifap.br\/nuphce\/files\/2015\/08\/MRZM2015.jpg 96w, https:\/\/www2.unifap.br\/nuphce\/files\/2015\/08\/MRZM2015-70x70.jpg 70w\" sizes=\"(max-width: 63px) 100vw, 63px\" \/><\/a><\/h5>\n<p><strong>Ma Myriam Regina Zapaterra Mendes &#8211; <\/strong>(Pesquisadora)<\/p>\n<p><strong>Curr\u00edculo Lattes<\/strong>:\u00a0<a href=\"http:\/\/lattes.cnpq.br\/5633013437811955\">http:\/\/lattes.cnpq.br\/5633013437811955<\/a><\/p>\n<p><strong>Tema de pesquisa<\/strong>:\u00a0Ensino de Sa\u00fade na Forma\u00e7\u00e3o de Professores Ind\u00edgenas no norte do Brasil e forma\u00e7\u00e3o em sa\u00fade interdisciplinar.<\/p>\n<p>&nbsp;<\/p>\n<p>&nbsp;<\/p>\n<h5><a href=\"http:\/\/www2.unifap.br\/nuphce\/files\/2021\/11\/Solange-Cromianski.jpg\"><img loading=\"lazy\" decoding=\"async\" class=\" wp-image-1515 alignleft\" src=\"http:\/\/www2.unifap.br\/nuphce\/files\/2021\/11\/Solange-Cromianski.jpg\" alt=\"\" width=\"53\" height=\"53\" srcset=\"https:\/\/www2.unifap.br\/nuphce\/files\/2021\/11\/Solange-Cromianski.jpg 150w, https:\/\/www2.unifap.br\/nuphce\/files\/2021\/11\/Solange-Cromianski-70x70.jpg 70w\" sizes=\"(max-width: 53px) 100vw, 53px\" \/><\/a><\/h5>\n<p><strong>Dra Solange Regina Cromianski\u00a0 &#8211; <\/strong>(pesquisadora)<\/p>\n<p><strong>Curr\u00edculo Lattes<\/strong>:\u00a0\u00a0<a href=\"http:\/\/lattes.cnpq.br\/3587645830954823\">http:\/\/lattes.cnpq.br\/3587645830954823<\/a><\/p>\n<p><strong>Tema de pesquisa<\/strong>: Teoria de Transporte de Part\u00edculas, a\u00e7\u00f5es integradas de pesquisa, ensino e extens\u00e3o sobre Hist\u00f3ria da Matem\u00e1tica na forma\u00e7\u00e3o de professores de Matem\u00e1tica.<\/p>\n<p>&nbsp;<\/p>\n<h4 style=\"text-align: center\"><strong><span style=\"color: #ff00ff\"><em>&#8220;Estamos todos matriculados na escola da vida, onde o mestre \u00e9 o tempo&#8221; (Cora Coralina)<\/em><\/span><\/strong><span style=\"color: #ff00ff\"><em><span style=\"color: #000000\">.<\/span><\/em><\/span><\/h4>\n<p>&nbsp;<\/p>\n<p style=\"text-align: right\"><em>Postagem:<\/em><\/p>\n<p style=\"text-align: right\"><a href=\"http:\/\/www2.unifap.br\/nuphce\/files\/2020\/09\/Nuphce_salvo.png\"><img loading=\"lazy\" decoding=\"async\" class=\" wp-image-1222 alignnone\" src=\"http:\/\/www2.unifap.br\/nuphce\/files\/2020\/09\/Nuphce_salvo.png\" alt=\"\" width=\"96\" height=\"96\" srcset=\"https:\/\/www2.unifap.br\/nuphce\/files\/2020\/09\/Nuphce_salvo.png 177w, https:\/\/www2.unifap.br\/nuphce\/files\/2020\/09\/Nuphce_salvo-150x150.png 150w, https:\/\/www2.unifap.br\/nuphce\/files\/2020\/09\/Nuphce_salvo-70x70.png 70w\" sizes=\"(max-width: 96px) 100vw, 96px\" \/><\/a><\/p>\n<p>&nbsp;<\/p>\n","protected":false},"excerpt":{"rendered":"<p>Dra Eliane Leal Vasquez\u00a0 &#8211;\u00a0(Coordenadora do NUPHCE\/UNIFAP) Curr\u00edculo Lattes:\u00a0 http:\/\/lattes.cnpq.br\/2391390992585658 Temas de pesquisa: Ci\u00eancia penitenci\u00e1ria no Brasil Imp\u00e9rio, Educa\u00e7\u00e3o penitenci\u00e1ria no Amap\u00e1, Teoria da Prisoniza\u00e7\u00e3o, &#8220;O Prisoneiro da Grade de Ferro&#8221; e o Ensino Carcer\u00e1rio; Pol\u00edtica educacional no Sistema Penitenci\u00e1rio&hellip; <\/p>\n<p><a href=\"https:\/\/www2.unifap.br\/nuphce\/pagina-exemplo\/yyyy\/pesquisadores\/\" class=\"readmore-button\">Continue Reading<\/a><\/p>\n","protected":false},"author":606,"featured_media":0,"parent":108,"menu_order":3,"comment_status":"open","ping_status":"open","template":"","meta":{"inline_featured_image":false,"ngg_post_thumbnail":0,"footnotes":""},"class_list":["post-122","page","type-page","status-publish","hentry"],"_links":{"self":[{"href":"https:\/\/www2.unifap.br\/nuphce\/wp-json\/wp\/v2\/pages\/122","targetHints":{"allow":["GET"]}}],"collection":[{"href":"https:\/\/www2.unifap.br\/nuphce\/wp-json\/wp\/v2\/pages"}],"about":[{"href":"https:\/\/www2.unifap.br\/nuphce\/wp-json\/wp\/v2\/types\/page"}],"author":[{"embeddable":true,"href":"https:\/\/www2.unifap.br\/nuphce\/wp-json\/wp\/v2\/users\/606"}],"replies":[{"embeddable":true,"href":"https:\/\/www2.unifap.br\/nuphce\/wp-json\/wp\/v2\/comments?post=122"}],"version-history":[{"count":135,"href":"https:\/\/www2.unifap.br\/nuphce\/wp-json\/wp\/v2\/pages\/122\/revisions"}],"predecessor-version":[{"id":1567,"href":"https:\/\/www2.unifap.br\/nuphce\/wp-json\/wp\/v2\/pages\/122\/revisions\/1567"}],"up":[{"embeddable":true,"href":"https:\/\/www2.unifap.br\/nuphce\/wp-json\/wp\/v2\/pages\/108"}],"wp:attachment":[{"href":"https:\/\/www2.unifap.br\/nuphce\/wp-json\/wp\/v2\/media?parent=122"}],"curies":[{"name":"wp","href":"https:\/\/api.w.org\/{rel}","templated":true}]}}