{"id":150,"date":"2015-08-02T01:43:05","date_gmt":"2015-08-02T01:43:05","guid":{"rendered":"http:\/\/www2.unifap.br\/nuphce\/?page_id=150"},"modified":"2021-11-02T02:28:13","modified_gmt":"2021-11-02T02:28:13","slug":"professores","status":"publish","type":"page","link":"https:\/\/www2.unifap.br\/nuphce\/pagina-exemplo\/yyyy\/professores\/","title":{"rendered":"Professores"},"content":{"rendered":"<p><strong>Professores da Educa\u00e7\u00e3o Escolar Ind\u00edgena<\/strong>:<\/p>\n<p><strong>Esp. Jaizinho Maur\u00edcio Monteiro &#8211; <a href=\"http:\/\/lattes.cnpq.br\/7047056650032076\">Curr\u00edculo Lattes<\/a><\/strong><\/p>\n<p><a href=\"http:\/\/www2.unifap.br\/nuphce\/files\/2021\/03\/JMonteiro.jpg\"><img decoding=\"async\" class=\"alignleft wp-image-1327\" src=\"http:\/\/www2.unifap.br\/nuphce\/files\/2021\/03\/JMonteiro.jpg\" alt=\"\" width=\"68\" height=\"68\" srcset=\"https:\/\/www2.unifap.br\/nuphce\/files\/2021\/03\/JMonteiro.jpg 975w, https:\/\/www2.unifap.br\/nuphce\/files\/2021\/03\/JMonteiro-300x300.jpg 300w, https:\/\/www2.unifap.br\/nuphce\/files\/2021\/03\/JMonteiro-150x150.jpg 150w, https:\/\/www2.unifap.br\/nuphce\/files\/2021\/03\/JMonteiro-768x769.jpg 768w, https:\/\/www2.unifap.br\/nuphce\/files\/2021\/03\/JMonteiro-70x70.jpg 70w\" sizes=\"(max-width: 68px) 100vw, 68px\" \/><\/a>Especialista em Ensino de Matem\u00e1tica para o Ensino M\u00e9dio pelo Departamento de Educa\u00e7\u00e3o a Dist\u00e2ncia da Universidade Federal do Amap\u00e1.\u00a0 Atualmente \u00e9 o professor do Governo do Estado do Amap\u00e1 na Escola Ind\u00edgena Estadual Camilo Narciso (Aldeia Kumarum\u00e3-AP). Participa do N\u00facleo de Pesquisa Hist\u00f3ria da Ci\u00eancia e Ensino (2014-Atual). Tema de pesquisa: Ensino de Matem\u00e1tica na Educa\u00e7\u00e3o Escolar Ind\u00edgena e uso do software Poly na escola ind\u00edgena.<\/p>\n<p>&nbsp;<\/p>\n<p><strong>Professores da Educa\u00e7\u00e3o B\u00e1sica:<\/strong><\/p>\n<p><strong>Esp. Clailton Correa Carvalho <\/strong>&#8211; <a href=\"http:\/\/lattes.cnpq.br\/0197203074447503\"><strong>Curr\u00edculos Lattes<\/strong><\/a><\/p>\n<p><a href=\"http:\/\/www2.unifap.br\/nuphce\/files\/2021\/03\/Clailton.jpg\"><img decoding=\"async\" class=\"alignleft wp-image-1324\" src=\"http:\/\/www2.unifap.br\/nuphce\/files\/2021\/03\/Clailton.jpg\" alt=\"\" width=\"81\" height=\"81\" srcset=\"https:\/\/www2.unifap.br\/nuphce\/files\/2021\/03\/Clailton.jpg 720w, https:\/\/www2.unifap.br\/nuphce\/files\/2021\/03\/Clailton-300x300.jpg 300w, https:\/\/www2.unifap.br\/nuphce\/files\/2021\/03\/Clailton-150x150.jpg 150w, https:\/\/www2.unifap.br\/nuphce\/files\/2021\/03\/Clailton-70x70.jpg 70w\" sizes=\"(max-width: 81px) 100vw, 81px\" \/><\/a>Especialista en Ensino de Matem\u00e1tica para o Ensino M\u00e9dio pelo Departamento de Educa\u00e7\u00e3o a Dist\u00e2ncia da Universidade Federal do Amap\u00e1. Atualmente \u00e9 professor de matem\u00e1tica da Funda\u00e7\u00e3o Bradesco\/Escola de Educa\u00e7\u00e3o B\u00e1sica e Profissional Governador Janary Gentil Nunes (Santana-AP). Participa do N\u00facleo de Pesquisa Hist\u00f3ria da Ci\u00eancia e Ensino (2018-Atual). Tema de pesquisa: Hist\u00f3ria da Matem\u00e1tica no Ensino de Equa\u00e7\u00e3o Quadr\u00e1tica na Educa\u00e7\u00e3o B\u00e1sica.<\/p>\n<p>&nbsp;<\/p>\n<p><strong>Esp. Jos\u00e9 Ricardo Paraguassu Smith de Oliveira<\/strong> &#8211;\u00a0<strong><a href=\"http:\/\/lattes.cnpq.br\/9225903231123572\">Curr\u00edculo Lattes<\/a><\/strong><\/p>\n<p><a href=\"http:\/\/www2.unifap.br\/nuphce\/files\/2019\/05\/SmithOliveira.jpg\"><img decoding=\"async\" class=\"alignleft wp-image-996\" src=\"http:\/\/www2.unifap.br\/nuphce\/files\/2019\/05\/SmithOliveira-150x150.jpg\" alt=\"\" width=\"73\" height=\"73\" srcset=\"https:\/\/www2.unifap.br\/nuphce\/files\/2019\/05\/SmithOliveira-150x150.jpg 150w, https:\/\/www2.unifap.br\/nuphce\/files\/2019\/05\/SmithOliveira-70x70.jpg 70w\" sizes=\"(max-width: 73px) 100vw, 73px\" \/><\/a>Especialista em Metodologia do Ensino da Matem\u00e1tica pela Faculdade Internacional de Curitiba. Atualmente \u00e9 professor de matem\u00e1tica da Escola Municipal Ant\u00f4nio Barbosa (Macap\u00e1-AP). Participa do N\u00facleo de Pesquisa Hist\u00f3ria da Ci\u00eancia e Ensino (2018-Atual). Tema de pesquisa: \u00c1rea da Educa\u00e7\u00e3o Matem\u00e1tica, Hist\u00f3ria da Ci\u00eancia e Ensino, com foco na Numism\u00e1tica e uso de moedas do Imp\u00e9rio do Brasil no ensino de matem\u00e1tica na educa\u00e7\u00e3o b\u00e1sica.<\/p>\n<p style=\"text-align: right\">Postagem:<\/p>\n<p><a href=\"http:\/\/www2.unifap.br\/nuphce\/files\/2020\/09\/Nuphce_salvo.png\"><img loading=\"lazy\" decoding=\"async\" class=\" wp-image-1222 alignright\" src=\"http:\/\/www2.unifap.br\/nuphce\/files\/2020\/09\/Nuphce_salvo.png\" alt=\"\" width=\"74\" height=\"74\" srcset=\"https:\/\/www2.unifap.br\/nuphce\/files\/2020\/09\/Nuphce_salvo.png 177w, https:\/\/www2.unifap.br\/nuphce\/files\/2020\/09\/Nuphce_salvo-150x150.png 150w, https:\/\/www2.unifap.br\/nuphce\/files\/2020\/09\/Nuphce_salvo-70x70.png 70w\" sizes=\"(max-width: 74px) 100vw, 74px\" \/><\/a><\/p>\n<p>&nbsp;<\/p>\n","protected":false},"excerpt":{"rendered":"<p>Professores da Educa\u00e7\u00e3o Escolar Ind\u00edgena: Esp. Jaizinho Maur\u00edcio Monteiro &#8211; Curr\u00edculo Lattes Especialista em Ensino de Matem\u00e1tica para o Ensino M\u00e9dio pelo Departamento de Educa\u00e7\u00e3o a Dist\u00e2ncia da Universidade Federal do Amap\u00e1.\u00a0 Atualmente \u00e9 o professor do Governo do Estado&hellip; <\/p>\n<p><a href=\"https:\/\/www2.unifap.br\/nuphce\/pagina-exemplo\/yyyy\/professores\/\" class=\"readmore-button\">Continue Reading<\/a><\/p>\n","protected":false},"author":606,"featured_media":0,"parent":108,"menu_order":4,"comment_status":"open","ping_status":"open","template":"","meta":{"inline_featured_image":false,"ngg_post_thumbnail":0,"footnotes":""},"class_list":["post-150","page","type-page","status-publish","hentry"],"_links":{"self":[{"href":"https:\/\/www2.unifap.br\/nuphce\/wp-json\/wp\/v2\/pages\/150","targetHints":{"allow":["GET"]}}],"collection":[{"href":"https:\/\/www2.unifap.br\/nuphce\/wp-json\/wp\/v2\/pages"}],"about":[{"href":"https:\/\/www2.unifap.br\/nuphce\/wp-json\/wp\/v2\/types\/page"}],"author":[{"embeddable":true,"href":"https:\/\/www2.unifap.br\/nuphce\/wp-json\/wp\/v2\/users\/606"}],"replies":[{"embeddable":true,"href":"https:\/\/www2.unifap.br\/nuphce\/wp-json\/wp\/v2\/comments?post=150"}],"version-history":[{"count":25,"href":"https:\/\/www2.unifap.br\/nuphce\/wp-json\/wp\/v2\/pages\/150\/revisions"}],"predecessor-version":[{"id":1334,"href":"https:\/\/www2.unifap.br\/nuphce\/wp-json\/wp\/v2\/pages\/150\/revisions\/1334"}],"up":[{"embeddable":true,"href":"https:\/\/www2.unifap.br\/nuphce\/wp-json\/wp\/v2\/pages\/108"}],"wp:attachment":[{"href":"https:\/\/www2.unifap.br\/nuphce\/wp-json\/wp\/v2\/media?parent=150"}],"curies":[{"name":"wp","href":"https:\/\/api.w.org\/{rel}","templated":true}]}}