{"id":1577,"date":"2021-11-02T17:01:33","date_gmt":"2021-11-02T17:01:33","guid":{"rendered":"http:\/\/www2.unifap.br\/nuphce\/?page_id=1577"},"modified":"2021-11-02T17:18:06","modified_gmt":"2021-11-02T17:18:06","slug":"documento","status":"publish","type":"page","link":"https:\/\/www2.unifap.br\/nuphce\/orientacao-de-pesquisa\/documento\/","title":{"rendered":"Documento"},"content":{"rendered":"<p>UNIVERSIDADE FEDERAL DO AMAP\u00c1. <strong><a href=\"http:\/\/www2.unifap.br\/nuphce\/files\/2021\/11\/Resolu\u00e7\u00e3o-n\u00ba-26-de-2016_CONSU_UNIFAP.pdf\">Resolu\u00e7\u00e3o n\u00ba 26 de 2016-CONSU\/UNIFAP<\/a><\/strong>. Macap\u00e1, 2016.<\/p>\n<p>&nbsp;<\/p>\n","protected":false},"excerpt":{"rendered":"<p>UNIVERSIDADE FEDERAL DO AMAP\u00c1. Resolu\u00e7\u00e3o n\u00ba 26 de 2016-CONSU\/UNIFAP. Macap\u00e1, 2016. &nbsp;<\/p>\n","protected":false},"author":606,"featured_media":0,"parent":745,"menu_order":7,"comment_status":"closed","ping_status":"closed","template":"","meta":{"inline_featured_image":false,"ngg_post_thumbnail":0,"footnotes":""},"class_list":["post-1577","page","type-page","status-publish","hentry"],"_links":{"self":[{"href":"https:\/\/www2.unifap.br\/nuphce\/wp-json\/wp\/v2\/pages\/1577","targetHints":{"allow":["GET"]}}],"collection":[{"href":"https:\/\/www2.unifap.br\/nuphce\/wp-json\/wp\/v2\/pages"}],"about":[{"href":"https:\/\/www2.unifap.br\/nuphce\/wp-json\/wp\/v2\/types\/page"}],"author":[{"embeddable":true,"href":"https:\/\/www2.unifap.br\/nuphce\/wp-json\/wp\/v2\/users\/606"}],"replies":[{"embeddable":true,"href":"https:\/\/www2.unifap.br\/nuphce\/wp-json\/wp\/v2\/comments?post=1577"}],"version-history":[{"count":8,"href":"https:\/\/www2.unifap.br\/nuphce\/wp-json\/wp\/v2\/pages\/1577\/revisions"}],"predecessor-version":[{"id":1587,"href":"https:\/\/www2.unifap.br\/nuphce\/wp-json\/wp\/v2\/pages\/1577\/revisions\/1587"}],"up":[{"embeddable":true,"href":"https:\/\/www2.unifap.br\/nuphce\/wp-json\/wp\/v2\/pages\/745"}],"wp:attachment":[{"href":"https:\/\/www2.unifap.br\/nuphce\/wp-json\/wp\/v2\/media?parent=1577"}],"curies":[{"name":"wp","href":"https:\/\/api.w.org\/{rel}","templated":true}]}}