{"id":35,"date":"2015-03-03T13:25:36","date_gmt":"2015-03-03T13:25:36","guid":{"rendered":"http:\/\/www2.unifap.br\/nuphce\/?page_id=35"},"modified":"2021-11-01T21:59:53","modified_gmt":"2021-11-01T21:59:53","slug":"projeto-de-pesquisa","status":"publish","type":"page","link":"https:\/\/www2.unifap.br\/nuphce\/projeto-de-pesquisa\/","title":{"rendered":"Pesquisa"},"content":{"rendered":"<div>\n<div><\/div>\n<div><b>1- Projeto de Pesquisa <b>(2014 &#8211; Atual)<\/b>:\u00a0<\/b><strong><strong><span style=\"line-height: 1.5em\">O Curso de Licenciatura Intercultural Ind\u00edgena da Universidade Federal do Amap\u00e1: Do marco te\u00f3rico-filos\u00f3fico para sua cria\u00e7\u00e3o e implanta\u00e7\u00e3o, Registro:\u00a023125.002261\/2014-67, CH: 2h (semanal)<\/span><\/strong><\/strong><b style=\"line-height: 1.5em\"><b>:<\/b><\/b><\/div>\n<div><\/div>\n<\/div>\n<div>\n<div><b><\/b><strong style=\"line-height: 1.5em\">2- Descri\u00e7\u00e3o:<\/strong><\/div>\n<div><\/div>\n<div><span style=\"line-height: 1.5em\">O referido projeto \u00e9 vinculado ao N\u00facleo de Pesquisa de Hist\u00f3ria da Ci\u00eancia e Ensino, linha: Hist\u00f3ria da Ci\u00eancia, Institui\u00e7\u00e3o e Cultura. O objetivo \u00e9 investigar o marco-te\u00f3rico filos\u00f3fico que influenciou na cria\u00e7\u00e3o do Curso de Licenciatura Intercultural Ind\u00edgena da Universidade Federal do Amap\u00e1, bem como as suas implica\u00e7\u00f5es para o desenvolvimento das atividades de ensino e pesquisa. <\/span><\/div>\n<div><\/div>\n<div><strong><span style=\"line-height: 1.5em\">3- S<\/span><\/strong><span style=\"line-height: 1.5em\"><strong>itua\u00e7\u00e3o:<\/strong> Em andamento; Natureza: Pesquisa.<\/span><\/div>\n<\/div>\n<div>\n<div><\/div>\n<div><strong>4- Integrantes<\/strong><\/div>\n<div><\/div>\n<div><strong>Professores e pesquisadores:<\/strong><\/div>\n<div><\/div>\n<div><span style=\"line-height: 1.5em\">Eliane Leal Vasquez (Coordenadora), Jussara de Pinho Barreiros, Myriam Regina Zapaterra Mendes, Jo\u00e3o Socorro Pinheiro Ferreira e Maria Jacinta Xon Riquiac\u00a0(Colaboradores).<\/span><\/div>\n<div><\/div>\n<div><strong>Alunos envolvidos<\/strong>: Gradua\u00e7\u00e3o: (1) \/ Mestrado profissional: (1) \/ Doutorado: (1) .<\/div>\n<div><\/div>\n<div>Samuel Apalai, Myriam Regina Zapaterra Mendes e\u00a0Jos\u00e9 S\u00e1vio Bicho de Oliveira.<\/div>\n<div><\/div>\n<div><strong>E-mail<\/strong>: nuphce@unifap.br<\/div>\n<div><\/div>\n<div><\/div>\n<div><\/div>\n<\/div>\n","protected":false},"excerpt":{"rendered":"<p>1- Projeto de Pesquisa (2014 &#8211; Atual):\u00a0O Curso de Licenciatura Intercultural Ind\u00edgena da Universidade Federal do Amap\u00e1: Do marco te\u00f3rico-filos\u00f3fico para sua cria\u00e7\u00e3o e implanta\u00e7\u00e3o, Registro:\u00a023125.002261\/2014-67, CH: 2h (semanal): 2- Descri\u00e7\u00e3o: O referido projeto \u00e9 vinculado ao N\u00facleo de Pesquisa&hellip; <\/p>\n<p><a href=\"https:\/\/www2.unifap.br\/nuphce\/projeto-de-pesquisa\/\" class=\"readmore-button\">Continue Reading<\/a><\/p>\n","protected":false},"author":606,"featured_media":0,"parent":0,"menu_order":2,"comment_status":"open","ping_status":"open","template":"","meta":{"inline_featured_image":false,"ngg_post_thumbnail":0,"footnotes":""},"class_list":["post-35","page","type-page","status-publish","hentry"],"_links":{"self":[{"href":"https:\/\/www2.unifap.br\/nuphce\/wp-json\/wp\/v2\/pages\/35","targetHints":{"allow":["GET"]}}],"collection":[{"href":"https:\/\/www2.unifap.br\/nuphce\/wp-json\/wp\/v2\/pages"}],"about":[{"href":"https:\/\/www2.unifap.br\/nuphce\/wp-json\/wp\/v2\/types\/page"}],"author":[{"embeddable":true,"href":"https:\/\/www2.unifap.br\/nuphce\/wp-json\/wp\/v2\/users\/606"}],"replies":[{"embeddable":true,"href":"https:\/\/www2.unifap.br\/nuphce\/wp-json\/wp\/v2\/comments?post=35"}],"version-history":[{"count":13,"href":"https:\/\/www2.unifap.br\/nuphce\/wp-json\/wp\/v2\/pages\/35\/revisions"}],"predecessor-version":[{"id":1493,"href":"https:\/\/www2.unifap.br\/nuphce\/wp-json\/wp\/v2\/pages\/35\/revisions\/1493"}],"wp:attachment":[{"href":"https:\/\/www2.unifap.br\/nuphce\/wp-json\/wp\/v2\/media?parent=35"}],"curies":[{"name":"wp","href":"https:\/\/api.w.org\/{rel}","templated":true}]}}