{"id":12030,"date":"2019-11-14T18:05:34","date_gmt":"2019-11-14T18:05:34","guid":{"rendered":"http:\/\/www2.unifap.br\/oiapoque\/?page_id=12030"},"modified":"2023-02-22T13:18:59","modified_gmt":"2023-02-22T13:18:59","slug":"consulta-processos-adminstrativos","status":"publish","type":"page","link":"https:\/\/www2.unifap.br\/oiapoque\/portal-da-transparencia\/consulta-processos-adminstrativos\/","title":{"rendered":"CONSULTA DE PROCESSO"},"content":{"rendered":"\t\t<div data-elementor-type=\"wp-post\" data-elementor-id=\"12030\" class=\"elementor elementor-12030\">\n\t\t\t\t\t\t<section class=\"elementor-section elementor-top-section elementor-element elementor-element-23d5cda8 elementor-section-boxed elementor-section-height-default elementor-section-height-default\" data-id=\"23d5cda8\" data-element_type=\"section\" data-e-type=\"section\">\n\t\t\t\t\t\t<div class=\"elementor-container elementor-column-gap-default\">\n\t\t\t\t\t<div class=\"elementor-column elementor-col-100 elementor-top-column elementor-element elementor-element-6b9af498\" data-id=\"6b9af498\" data-element_type=\"column\" data-e-type=\"column\">\n\t\t\t<div class=\"elementor-widget-wrap elementor-element-populated\">\n\t\t\t\t\t\t<div class=\"elementor-element elementor-element-165cf374 elementor-widget elementor-widget-text-editor\" data-id=\"165cf374\" data-element_type=\"widget\" data-e-type=\"widget\" data-widget_type=\"text-editor.default\">\n\t\t\t\t<div class=\"elementor-widget-container\">\n\t\t\t\t\t\t\t\t\t<table style=\"height: 1328px\" width=\"1356\">\n<tbody>\n<tr>\n<td colspan=\"2\" width=\"926\">\n<p style=\"text-align: center\">PROCESSOS ADMINISTRATIVOS \u2013 CAMPUS OIAPOQUE<\/p>\n<\/td>\n<\/tr>\n<tr>\n<td width=\"558\">T\u00cdTULO<\/td>\n<td width=\"369\">N\u00daMERO DO PROCESSO<\/td>\n<\/tr>\n<tr>\n<td width=\"558\">PROVIDENCIAS QUANTO A CONTRATA\u00c7\u00c3O DO(S) CANDIDATOS(S) CLASSIFICADOS(S), EDITAL N\u00b0. 07\/2022 &#8211; CONCURSO P\u00daBLICO PARA PROVIMENTO DE CARGOS DO QUADRO PERMANENTE DE PESSOAL T\u00c9CNICO-ADMINISTRATIVO EM EDUCA\u00c7\u00c3O.<\/td>\n<td width=\"369\">23125.032503\/2022-14<\/td>\n<\/tr>\n<tr>\n<td width=\"558\">CONSTRU\u00c7\u00c3O DO BLOCO MULTIDISCIPLINAR \u201cC\u201d NO CAMPUS UNIVERSIT\u00c1RIO BINACIONAL \u2013 OIAPOQUE, NA CIDADE DE OIAPOQUE \u2013 AP.<\/td>\n<td width=\"369\">23125.027469\/2022-35<\/td>\n<\/tr>\n<tr>\n<td width=\"558\">CONTRATA\u00c7\u00c3O DE EMPRESA PARA IMPLANTA\u00c7\u00c3O E MANUTEN\u00c7\u00c3O DE SERVI\u00c7OS DE REDE L\u00d3GICA E FIBRA \u00d3TICA DA UNIFAP.<\/td>\n<td width=\"369\">23125.032545\/2022-44<\/td>\n<\/tr>\n<tr>\n<td width=\"558\">SOLICITA\u00c7\u00c3O DE UM ESTUDO ACERCA DE MECANISMOS PARA EFETIVA\u00c7\u00c3O DE UMA MATRIZ DE DESCENTRALIZA\u00c7\u00c3O OR\u00c7AMENT\u00c1RIA PARA O CAMPUS DE OIAPOQUE.<\/td>\n<td width=\"369\">23125.013313\/2021-70<\/td>\n<\/tr>\n<tr>\n<td width=\"558\">SOLICITA CONTRATA\u00c7\u00c3O DE PROFESSOR EFETIVO APROVADO NO CONCURSO &#8211; EDITAL N\u00ba 011\/2019 &#8211; PARA O CURSO DE PEDAGOGIA DO CAMPUS OIAPOQUE.<\/td>\n<td width=\"369\">23125.000990\/2023-70<\/td>\n<\/tr>\n<tr>\n<td width=\"558\">SOLICITA\u00c7\u00c3O DE CART\u00c3O DE PAGAMENTO DO GOVERNO FEDERAL (CPGF) PARA USO NO CAMPUS BINACIONAL DE OIAPOQUE<\/td>\n<td width=\"369\">23125.000449\/2023-61<\/td>\n<\/tr>\n<tr>\n<td width=\"558\">SOLICITA\u00c7\u00c3O DE MOBILI\u00c1RIO PARA ATENDER A DEMANDA DOS SETORES ADMINISTRATIVOS E ACAD\u00caMICOS DO CAMPUS BINACIONAL DE OIAPOQUE.<\/td>\n<td width=\"369\">23125.019674\/2022-10<\/td>\n<\/tr>\n<tr>\n<td width=\"558\">CONTRATA\u00c7\u00c3O DE EMPRESA ESPECIALIZADA NA PRESTA\u00c7\u00c3O DE SERVI\u00c7OS DE TRANSPORTES DE PESSOAS E CARGAS, SEM FORNECIMENTO DE AUTOM\u00d3VEL, PARA A CONDU\u00c7\u00c3O DE VE\u00cdCULOS DA FROTA OFICIAL DA UNIVERSIDADE FEDERAL DO AMAP\u00c1- UNIFAP PARA ATENDER \u00c0S NECESSIDADES DE TRANSPORTES E DESLOCAMENTOS ENTRE SUAS UNIDADES ADMINISTRATIVAS LOCALIZADAS EM MACAP\u00c1, SANTANA, MAZAG\u00c3O E OIAPOQUE.<\/td>\n<td width=\"369\">23125.028944\/2021-80<\/td>\n<\/tr>\n<tr>\n<td width=\"558\">CONTRATA\u00c7\u00c3O DE SERVI\u00c7O TERCEIRIZADO DE APOIO ADMINISTRATIVO PARA O CAMPUS BINACIONAL.<\/td>\n<td width=\"369\">23125.008658\/2022-40<\/td>\n<\/tr>\n<tr>\n<td width=\"558\">SOLICITA\u00c7\u00c3O DE INFORMA\u00c7\u00d5ES ACERCA DA CONCLUS\u00c3O DO BLOCO B &#8211; CAMPUS BINACIONAL DE OIAPOQUE.<\/td>\n<td width=\"369\">&nbsp;&nbsp; 23125.000939\/2022-97<\/td>\n<\/tr>\n<tr>\n<td width=\"558\">RENOVA\u00c7\u00c3O DO CONTRATO N\u00ba 05\/2022-UNIFAP\/EMPRESA FRIOTEC, OBJETO: SERVI\u00c7OS DE MANUTEN\u00c7\u00c3O CORRETIVA E PREVENTIVA NOS APARELHOS REFRIGERADORES DO CAMPUS BINACIONAL DE OIAPOQUE.<\/td>\n<td width=\"369\">23125.001765\/2023-51<\/td>\n<\/tr>\n<tr>\n<td width=\"558\">SOLICITA A CONTRATA\u00c7\u00c3O DE PROFESSOR EFETIVO APROVADO NO CONCURSO &#8211; EDITAL N\u00ba 011\/2019 &#8211; PARA O CURSO DE PEDAGOGIA DO CAMPUS OIAPOQUE.<\/td>\n<td width=\"369\">23125.002335\/2023-56<\/td>\n<\/tr>\n<\/tbody>\n<\/table>\t\t\t\t\t\t\t\t<\/div>\n\t\t\t\t<\/div>\n\t\t\t\t\t<\/div>\n\t\t<\/div>\n\t\t\t\t\t<\/div>\n\t\t<\/section>\n\t\t\t\t<\/div>\n\t\t","protected":false},"excerpt":{"rendered":"<p>PROCESSOS ADMINISTRATIVOS \u2013 CAMPUS OIAPOQUE T\u00cdTULO N\u00daMERO DO PROCESSO PROVIDENCIAS QUANTO A CONTRATA\u00c7\u00c3O DO(S) CANDIDATOS(S) CLASSIFICADOS(S), EDITAL N\u00b0. 07\/2022 &#8211; CONCURSO P\u00daBLICO PARA PROVIMENTO DE CARGOS DO QUADRO PERMANENTE DE PESSOAL T\u00c9CNICO-ADMINISTRATIVO EM EDUCA\u00c7\u00c3O. 23125.032503\/2022-14 CONSTRU\u00c7\u00c3O DO BLOCO MULTIDISCIPLINAR \u201cC\u201d NO CAMPUS UNIVERSIT\u00c1RIO BINACIONAL \u2013 OIAPOQUE, NA CIDADE DE OIAPOQUE \u2013 AP. 23125.027469\/2022-35 CONTRATA\u00c7\u00c3O DE&#8230;<\/p>\n","protected":false},"author":715,"featured_media":0,"parent":9885,"menu_order":4,"comment_status":"closed","ping_status":"closed","template":"","meta":{"inline_featured_image":false,"ngg_post_thumbnail":0,"ocean_post_layout":"","ocean_both_sidebars_style":"","ocean_both_sidebars_content_width":0,"ocean_both_sidebars_sidebars_width":0,"ocean_sidebar":"0","ocean_second_sidebar":"0","ocean_disable_margins":"enable","ocean_add_body_class":"","ocean_shortcode_before_top_bar":"","ocean_shortcode_after_top_bar":"","ocean_shortcode_before_header":"","ocean_shortcode_after_header":"","ocean_has_shortcode":"","ocean_shortcode_after_title":"","ocean_shortcode_before_footer_widgets":"","ocean_shortcode_after_footer_widgets":"","ocean_shortcode_before_footer_bottom":"","ocean_shortcode_after_footer_bottom":"","ocean_display_top_bar":"default","ocean_display_header":"default","ocean_header_style":"","ocean_center_header_left_menu":"0","ocean_custom_header_template":"0","ocean_custom_logo":0,"ocean_custom_retina_logo":0,"ocean_custom_logo_max_width":0,"ocean_custom_logo_tablet_max_width":0,"ocean_custom_logo_mobile_max_width":0,"ocean_custom_logo_max_height":0,"ocean_custom_logo_tablet_max_height":0,"ocean_custom_logo_mobile_max_height":0,"ocean_header_custom_menu":"0","ocean_menu_typo_font_family":"0","ocean_menu_typo_font_subset":"","ocean_menu_typo_font_size":0,"ocean_menu_typo_font_size_tablet":0,"ocean_menu_typo_font_size_mobile":0,"ocean_menu_typo_font_size_unit":"px","ocean_menu_typo_font_weight":"","ocean_menu_typo_font_weight_tablet":"","ocean_menu_typo_font_weight_mobile":"","ocean_menu_typo_transform":"","ocean_menu_typo_transform_tablet":"","ocean_menu_typo_transform_mobile":"","ocean_menu_typo_line_height":0,"ocean_menu_typo_line_height_tablet":0,"ocean_menu_typo_line_height_mobile":0,"ocean_menu_typo_line_height_unit":"","ocean_menu_typo_spacing":0,"ocean_menu_typo_spacing_tablet":0,"ocean_menu_typo_spacing_mobile":0,"ocean_menu_typo_spacing_unit":"","ocean_menu_link_color":"","ocean_menu_link_color_hover":"","ocean_menu_link_color_active":"","ocean_menu_link_background":"","ocean_menu_link_hover_background":"","ocean_menu_link_active_background":"","ocean_menu_social_links_bg":"","ocean_menu_social_hover_links_bg":"","ocean_menu_social_links_color":"","ocean_menu_social_hover_links_color":"","ocean_disable_title":"default","ocean_disable_heading":"default","ocean_post_title":"","ocean_post_subheading":"","ocean_post_title_style":"","ocean_post_title_background_color":"","ocean_post_title_background":0,"ocean_post_title_bg_image_position":"","ocean_post_title_bg_image_attachment":"","ocean_post_title_bg_image_repeat":"","ocean_post_title_bg_image_size":"","ocean_post_title_height":0,"ocean_post_title_bg_overlay":0.5,"ocean_post_title_bg_overlay_color":"","ocean_disable_breadcrumbs":"default","ocean_breadcrumbs_color":"","ocean_breadcrumbs_separator_color":"","ocean_breadcrumbs_links_color":"","ocean_breadcrumbs_links_hover_color":"","ocean_display_footer_widgets":"default","ocean_display_footer_bottom":"default","ocean_custom_footer_template":"0","footnotes":""},"class_list":["post-12030","page","type-page","status-publish","hentry","entry"],"_links":{"self":[{"href":"https:\/\/www2.unifap.br\/oiapoque\/wp-json\/wp\/v2\/pages\/12030","targetHints":{"allow":["GET"]}}],"collection":[{"href":"https:\/\/www2.unifap.br\/oiapoque\/wp-json\/wp\/v2\/pages"}],"about":[{"href":"https:\/\/www2.unifap.br\/oiapoque\/wp-json\/wp\/v2\/types\/page"}],"author":[{"embeddable":true,"href":"https:\/\/www2.unifap.br\/oiapoque\/wp-json\/wp\/v2\/users\/715"}],"replies":[{"embeddable":true,"href":"https:\/\/www2.unifap.br\/oiapoque\/wp-json\/wp\/v2\/comments?post=12030"}],"version-history":[{"count":12,"href":"https:\/\/www2.unifap.br\/oiapoque\/wp-json\/wp\/v2\/pages\/12030\/revisions"}],"predecessor-version":[{"id":14446,"href":"https:\/\/www2.unifap.br\/oiapoque\/wp-json\/wp\/v2\/pages\/12030\/revisions\/14446"}],"up":[{"embeddable":true,"href":"https:\/\/www2.unifap.br\/oiapoque\/wp-json\/wp\/v2\/pages\/9885"}],"wp:attachment":[{"href":"https:\/\/www2.unifap.br\/oiapoque\/wp-json\/wp\/v2\/media?parent=12030"}],"curies":[{"name":"wp","href":"https:\/\/api.w.org\/{rel}","templated":true}]}}