{"id":12640,"date":"2021-04-20T11:48:14","date_gmt":"2021-04-20T11:48:14","guid":{"rendered":"http:\/\/www2.unifap.br\/oiapoque\/?page_id=12640"},"modified":"2023-01-18T12:58:15","modified_gmt":"2023-01-18T12:58:15","slug":"convocacao-de-reuniao","status":"publish","type":"page","link":"https:\/\/www2.unifap.br\/oiapoque\/conselho-do-campus-de-oiapoque\/convocacao-de-reuniao\/","title":{"rendered":"CONVOCA\u00c7\u00d5ES DE REUNI\u00d5ES"},"content":{"rendered":"<p><span style=\"color: #000080\"><a style=\"color: #000080\" href=\"http:\/\/www2.unifap.br\/oiapoque\/files\/2021\/04\/Convoca\u00e7\u00e3o_Reuni\u00e3o_Ordin\u00e1ria_Abril-1.pdf\">Convoca\u00e7\u00e3o_Reuni\u00e3o_Ordin\u00e1ria_Abril 2021<\/a><\/span><\/p>\n<p><span style=\"color: #000080\"><a style=\"color: #000080\" href=\"http:\/\/www2.unifap.br\/oiapoque\/files\/2021\/05\/Convoca\u00e7\u00e3o_Reuni\u00e3o_Ordin\u00e1ria_Maio.pdf\">Convoca\u00e7\u00e3o_Reuni\u00e3o_Ordin\u00e1ria_Maio 2021<\/a><\/span><\/p>\n<p><span style=\"color: #000080\"><a style=\"color: #000080\" href=\"http:\/\/www2.unifap.br\/oiapoque\/files\/2021\/05\/COVOCA\u00c7\u00c3O_REUNI\u00c3O_EXTRAORDIN\u00c1RIA_MAIO-DE-2021.pdf\">CONVOCA\u00c7\u00c3O_REUNI\u00c3O_EXTRAORDIN\u00c1RIA_31 DE MAIO DE 2021<\/a><\/span><\/p>\n<p><span style=\"color: #008000\"><a style=\"color: #008000\" href=\"http:\/\/www2.unifap.br\/oiapoque\/files\/2021\/06\/Convoca\u00e7\u00e3o_Reuni\u00e3o_Ordin\u00e1ria_junho.pdf\"><span style=\"color: #000080\">CONVOCA\u00c7\u00c3O_REUNI\u00c3O_ORDIN\u00c1RIA_30 DE JUNHO DE 2021\u00a0<\/span><\/a><\/span><\/p>\n<p><span style=\"color: #ff0000\"><span style=\"color: #000080\"><a style=\"color: #000080\" href=\"http:\/\/www2.unifap.br\/oiapoque\/files\/2021\/07\/Convoca\u00e7\u00e3o_Reuni\u00e3o_Ordin\u00e1ria_julho.pdf\">Convoca\u00e7\u00e3o_Reuni\u00e3o_Ordin\u00e1ria_julho<\/a> <\/span><br \/>\n<\/span><\/p>\n<p><span style=\"color: #000000\"><a style=\"color: #000000\" href=\"http:\/\/www2.unifap.br\/oiapoque\/files\/2021\/08\/Convoca\u00e7\u00e3o_Reuni\u00e3o_Ordin\u00e1ria_Agosto.pdf\">Convoca\u00e7\u00e3o_Reuni\u00e3o_Ordin\u00e1ria_Agosto<\/a> de 2021<\/span><\/p>\n<p><a href=\"http:\/\/www2.unifap.br\/oiapoque\/files\/2021\/09\/Convoca\u00e7\u00e3o_Reuni\u00e3o_Ordin\u00e1ria_SETEMBRO.pdf\">Convoca\u00e7\u00e3o_Reuni\u00e3o_Ordin\u00e1ria_SETEMBRO de 2021<\/a><\/p>\n","protected":false},"excerpt":{"rendered":"<p>Convoca\u00e7\u00e3o_Reuni\u00e3o_Ordin\u00e1ria_Abril 2021 Convoca\u00e7\u00e3o_Reuni\u00e3o_Ordin\u00e1ria_Maio 2021 CONVOCA\u00c7\u00c3O_REUNI\u00c3O_EXTRAORDIN\u00c1RIA_31 DE MAIO DE 2021 CONVOCA\u00c7\u00c3O_REUNI\u00c3O_ORDIN\u00c1RIA_30 DE JUNHO DE 2021\u00a0 Convoca\u00e7\u00e3o_Reuni\u00e3o_Ordin\u00e1ria_julho Convoca\u00e7\u00e3o_Reuni\u00e3o_Ordin\u00e1ria_Agosto de 2021 Convoca\u00e7\u00e3o_Reuni\u00e3o_Ordin\u00e1ria_SETEMBRO de 2021<\/p>\n","protected":false},"author":715,"featured_media":0,"parent":9628,"menu_order":4,"comment_status":"closed","ping_status":"closed","template":"","meta":{"inline_featured_image":false,"ngg_post_thumbnail":0,"ocean_post_layout":"","ocean_both_sidebars_style":"","ocean_both_sidebars_content_width":0,"ocean_both_sidebars_sidebars_width":0,"ocean_sidebar":"","ocean_second_sidebar":"","ocean_disable_margins":"enable","ocean_add_body_class":"","ocean_shortcode_before_top_bar":"","ocean_shortcode_after_top_bar":"","ocean_shortcode_before_header":"","ocean_shortcode_after_header":"","ocean_has_shortcode":"","ocean_shortcode_after_title":"","ocean_shortcode_before_footer_widgets":"","ocean_shortcode_after_footer_widgets":"","ocean_shortcode_before_footer_bottom":"","ocean_shortcode_after_footer_bottom":"","ocean_display_top_bar":"default","ocean_display_header":"default","ocean_header_style":"","ocean_center_header_left_menu":"","ocean_custom_header_template":"","ocean_custom_logo":0,"ocean_custom_retina_logo":0,"ocean_custom_logo_max_width":0,"ocean_custom_logo_tablet_max_width":0,"ocean_custom_logo_mobile_max_width":0,"ocean_custom_logo_max_height":0,"ocean_custom_logo_tablet_max_height":0,"ocean_custom_logo_mobile_max_height":0,"ocean_header_custom_menu":"","ocean_menu_typo_font_family":"","ocean_menu_typo_font_subset":"","ocean_menu_typo_font_size":0,"ocean_menu_typo_font_size_tablet":0,"ocean_menu_typo_font_size_mobile":0,"ocean_menu_typo_font_size_unit":"px","ocean_menu_typo_font_weight":"","ocean_menu_typo_font_weight_tablet":"","ocean_menu_typo_font_weight_mobile":"","ocean_menu_typo_transform":"","ocean_menu_typo_transform_tablet":"","ocean_menu_typo_transform_mobile":"","ocean_menu_typo_line_height":0,"ocean_menu_typo_line_height_tablet":0,"ocean_menu_typo_line_height_mobile":0,"ocean_menu_typo_line_height_unit":"","ocean_menu_typo_spacing":0,"ocean_menu_typo_spacing_tablet":0,"ocean_menu_typo_spacing_mobile":0,"ocean_menu_typo_spacing_unit":"","ocean_menu_link_color":"","ocean_menu_link_color_hover":"","ocean_menu_link_color_active":"","ocean_menu_link_background":"","ocean_menu_link_hover_background":"","ocean_menu_link_active_background":"","ocean_menu_social_links_bg":"","ocean_menu_social_hover_links_bg":"","ocean_menu_social_links_color":"","ocean_menu_social_hover_links_color":"","ocean_disable_title":"default","ocean_disable_heading":"default","ocean_post_title":"","ocean_post_subheading":"","ocean_post_title_style":"","ocean_post_title_background_color":"","ocean_post_title_background":0,"ocean_post_title_bg_image_position":"","ocean_post_title_bg_image_attachment":"","ocean_post_title_bg_image_repeat":"","ocean_post_title_bg_image_size":"","ocean_post_title_height":0,"ocean_post_title_bg_overlay":0.5,"ocean_post_title_bg_overlay_color":"","ocean_disable_breadcrumbs":"default","ocean_breadcrumbs_color":"","ocean_breadcrumbs_separator_color":"","ocean_breadcrumbs_links_color":"","ocean_breadcrumbs_links_hover_color":"","ocean_display_footer_widgets":"default","ocean_display_footer_bottom":"default","ocean_custom_footer_template":"","footnotes":""},"class_list":["post-12640","page","type-page","status-publish","hentry","entry"],"_links":{"self":[{"href":"https:\/\/www2.unifap.br\/oiapoque\/wp-json\/wp\/v2\/pages\/12640","targetHints":{"allow":["GET"]}}],"collection":[{"href":"https:\/\/www2.unifap.br\/oiapoque\/wp-json\/wp\/v2\/pages"}],"about":[{"href":"https:\/\/www2.unifap.br\/oiapoque\/wp-json\/wp\/v2\/types\/page"}],"author":[{"embeddable":true,"href":"https:\/\/www2.unifap.br\/oiapoque\/wp-json\/wp\/v2\/users\/715"}],"replies":[{"embeddable":true,"href":"https:\/\/www2.unifap.br\/oiapoque\/wp-json\/wp\/v2\/comments?post=12640"}],"version-history":[{"count":13,"href":"https:\/\/www2.unifap.br\/oiapoque\/wp-json\/wp\/v2\/pages\/12640\/revisions"}],"predecessor-version":[{"id":14030,"href":"https:\/\/www2.unifap.br\/oiapoque\/wp-json\/wp\/v2\/pages\/12640\/revisions\/14030"}],"up":[{"embeddable":true,"href":"https:\/\/www2.unifap.br\/oiapoque\/wp-json\/wp\/v2\/pages\/9628"}],"wp:attachment":[{"href":"https:\/\/www2.unifap.br\/oiapoque\/wp-json\/wp\/v2\/media?parent=12640"}],"curies":[{"name":"wp","href":"https:\/\/api.w.org\/{rel}","templated":true}]}}