{"id":4173,"date":"2014-04-03T19:15:11","date_gmt":"2014-04-03T19:15:11","guid":{"rendered":"http:\/\/www2.unifap.br\/oiapoque\/?page_id=4173"},"modified":"2023-01-18T12:31:26","modified_gmt":"2023-01-18T12:31:26","slug":"missao","status":"publish","type":"page","link":"https:\/\/www2.unifap.br\/oiapoque\/portal-administrativo\/missao\/","title":{"rendered":"DIRETRIZES"},"content":{"rendered":"<p style=\"text-align: justify\"><strong>Miss\u00e3o:\u00a0<\/strong>Promover de forma indissoci\u00e1vel a\u00e7\u00f5es de ensino, pesquisa e extens\u00e3o, contribuindo para a forma\u00e7\u00e3o de cidad\u00e3os e para o desenvolvimento social, econ\u00f4mico, ambiental, tecnol\u00f3gico e cultural da regi\u00e3o amaz\u00f4nica.<\/p>\n<p style=\"text-align: justify\"><strong>Vis\u00e3o:\u00a0<\/strong>Ser norteadora da constru\u00e7\u00e3o de conhecimentos, gest\u00e3o e compet\u00eancias, fomentando o desenvolvimento regional.<\/p>\n<p style=\"text-align: justify\"><strong>Valores:\u00a0<\/strong>\u00c9tica e responsabilidade; Transpar\u00eancia e presta\u00e7\u00e3o de contas; Comprometimento e participa\u00e7\u00e3o; Inclus\u00e3o e equidade; Sustentabilidade; Qualidade e efici\u00eancia.<\/p>\n<p><a href=\"http:\/\/www2.unifap.br\/oiapoque\/files\/2014\/04\/estrat\u00e9gico1.jpg\"><img fetchpriority=\"high\" decoding=\"async\" class=\"alignnone size-full wp-image-6221\" src=\"http:\/\/www2.unifap.br\/oiapoque\/files\/2014\/04\/estrat\u00e9gico1.jpg\" alt=\"estrat\u00e9gico\" width=\"1058\" height=\"574\" srcset=\"https:\/\/www2.unifap.br\/oiapoque\/files\/2014\/04\/estrat\u00e9gico1.jpg 1058w, https:\/\/www2.unifap.br\/oiapoque\/files\/2014\/04\/estrat\u00e9gico1-300x162.jpg 300w, https:\/\/www2.unifap.br\/oiapoque\/files\/2014\/04\/estrat\u00e9gico1-1024x555.jpg 1024w\" sizes=\"(max-width: 1058px) 100vw, 1058px\" \/><\/a><\/p>\n<p>Fonte: PDI &#8211; UNIFAP<\/p>\n<p style=\"text-align: justify\"><strong><u>Diretrizes<\/u><\/strong><\/p>\n<p style=\"text-align: justify\">Identifica\u00e7\u00e3o da Unidade: Miss\u00e3o, Vis\u00e3o e Valores.<\/p>\n<p style=\"text-align: justify\">O Campus Binacional localiza-se em Oiapoque, munic\u00edpio que faz fronteira com a Guiana Francesa e tem aproximadamente 27.900 habitantes, segundo dados de 2020 do Instituto Brasileiro de Geografia e Estat\u00edstica (IBGE), com forte presen\u00e7a ind\u00edgena. A base econ\u00f4mica local \u00e9 relativa \u00e0s atividades de minera\u00e7\u00e3o, pecu\u00e1ria, setor madeireiro, pesca, dentre outros.<\/p>\n<p style=\"text-align: justify\">Atuando em Oiapoque como uma Unidade Acad\u00eamica da Funda\u00e7\u00e3o Universidade Federal do Amap\u00e1, o campus contribui de forma significativa na forma\u00e7\u00e3o superior na localidade e, inclusive, possui autonomia administrativa pr\u00f3pria e tem como objetivo principal o desenvolvimento de atividades interdisciplinares \u2013 de Ensino, Pesquisa e Extens\u00e3o &#8211; observando padr\u00f5es de excel\u00eancia nos servi\u00e7os fornecidos e em conson\u00e2ncia com as pol\u00edticas, diretrizes e orienta\u00e7\u00f5es dos conselhos superiores da UNIFAP.<\/p>\n<p style=\"text-align: justify\">O Plano de Desenvolvimento Institucional vigente \u2013 PDI 2020-2024 \u2013 foi elaborado a partir das Portarias n\u00b0 1509, 1643 e 1645, as quais definiram as comiss\u00f5es de trabalho para o desenvolvimento da metodologia aprovada para a constru\u00e7\u00e3o do plano. Houve a distribui\u00e7\u00e3o das comiss\u00f5es em: Comiss\u00f5es Sistematizadora e Tem\u00e1ticas; e Comiss\u00e3o Gestora, sendo esta respons\u00e1vel por coordenar, acompanhar, instruir o trabalho daquelas.<\/p>\n<p style=\"text-align: justify\">As comiss\u00f5es que atuaram na parte produtiva do PDI vigente (Sistematizadora e Tem\u00e1tica) foram compostas por diversos atores de todos os campi em atua\u00e7\u00e3o, inclusive com a participa\u00e7\u00e3o de servidores do Campus Binacional de Oiapoque, objetivando o amplo debate, a inclus\u00e3o dos mais variados contextos de inser\u00e7\u00e3o dos campi, a generalidade de informa\u00e7\u00f5es e cen\u00e1rios, consulta p\u00fablica aos usu\u00e1rios, entre outros fatores. Portanto, o resultado obtido foi a concep\u00e7\u00e3o de um plano norteador para todos os agentes atuantes da organiza\u00e7\u00e3o, onde a miss\u00e3o, vis\u00e3o e valores expressos representam, atrav\u00e9s da metodologia democr\u00e1tica promovida com vis\u00e3o hol\u00edstica da institui\u00e7\u00e3o (Figura 1).<\/p>\n<p style=\"text-align: justify\"><strong>Figura 1<\/strong>: Miss\u00e3o, vis\u00e3o e valores \u2013 PDI UNIFAP 2020 \u2013 2024.<\/p>\n<p style=\"text-align: center\"><img decoding=\"async\" class=\"alignnone wp-image-12572\" src=\"http:\/\/www2.unifap.br\/oiapoque\/files\/2021\/04\/02.jpg\" alt=\"\" width=\"683\" height=\"697\" srcset=\"https:\/\/www2.unifap.br\/oiapoque\/files\/2021\/04\/02.jpg 582w, https:\/\/www2.unifap.br\/oiapoque\/files\/2021\/04\/02-294x300.jpg 294w, https:\/\/www2.unifap.br\/oiapoque\/files\/2021\/04\/02-147x150.jpg 147w\" sizes=\"(max-width: 683px) 100vw, 683px\" \/><\/p>\n<p style=\"text-align: justify\">Observando as diretrizes estrat\u00e9gicas institucionais definidas (Figura 1), bem como os objetivos de curto a longo prazo, a atua\u00e7\u00e3o da gest\u00e3o do Campus Binacional estabelecer\u00e1 metas e pol\u00edticas adequadas \u00e0s necessidades locais e direcionar\u00e1 esfor\u00e7os e recursos necess\u00e1rios para consagra\u00e7\u00e3o de sua miss\u00e3o perante \u00e0 sociedade. Garantindo a qualidade nos processos gerenciais internos, governan\u00e7a institucional e pol\u00edticas p\u00fablicas de excel\u00eancia.<\/p>\n","protected":false},"excerpt":{"rendered":"<p>Miss\u00e3o:\u00a0Promover de forma indissoci\u00e1vel a\u00e7\u00f5es de ensino, pesquisa e extens\u00e3o, contribuindo para a forma\u00e7\u00e3o de cidad\u00e3os e para o desenvolvimento social, econ\u00f4mico, ambiental, tecnol\u00f3gico e cultural da regi\u00e3o amaz\u00f4nica. Vis\u00e3o:\u00a0Ser norteadora da constru\u00e7\u00e3o de conhecimentos, gest\u00e3o e compet\u00eancias, fomentando o desenvolvimento regional. Valores:\u00a0\u00c9tica e responsabilidade; Transpar\u00eancia e presta\u00e7\u00e3o de contas; Comprometimento e participa\u00e7\u00e3o; Inclus\u00e3o e&#8230;<\/p>\n","protected":false},"author":167,"featured_media":0,"parent":21,"menu_order":2,"comment_status":"closed","ping_status":"closed","template":"","meta":{"inline_featured_image":false,"ngg_post_thumbnail":0,"ocean_post_layout":"full-width","ocean_both_sidebars_style":"","ocean_both_sidebars_content_width":0,"ocean_both_sidebars_sidebars_width":0,"ocean_sidebar":"0","ocean_second_sidebar":"0","ocean_disable_margins":"enable","ocean_add_body_class":"","ocean_shortcode_before_top_bar":"","ocean_shortcode_after_top_bar":"","ocean_shortcode_before_header":"","ocean_shortcode_after_header":"","ocean_has_shortcode":"","ocean_shortcode_after_title":"","ocean_shortcode_before_footer_widgets":"","ocean_shortcode_after_footer_widgets":"","ocean_shortcode_before_footer_bottom":"","ocean_shortcode_after_footer_bottom":"","ocean_display_top_bar":"default","ocean_display_header":"default","ocean_header_style":"","ocean_center_header_left_menu":"0","ocean_custom_header_template":"0","ocean_custom_logo":0,"ocean_custom_retina_logo":0,"ocean_custom_logo_max_width":0,"ocean_custom_logo_tablet_max_width":0,"ocean_custom_logo_mobile_max_width":0,"ocean_custom_logo_max_height":0,"ocean_custom_logo_tablet_max_height":0,"ocean_custom_logo_mobile_max_height":0,"ocean_header_custom_menu":"0","ocean_menu_typo_font_family":"0","ocean_menu_typo_font_subset":"","ocean_menu_typo_font_size":0,"ocean_menu_typo_font_size_tablet":0,"ocean_menu_typo_font_size_mobile":0,"ocean_menu_typo_font_size_unit":"px","ocean_menu_typo_font_weight":"","ocean_menu_typo_font_weight_tablet":"","ocean_menu_typo_font_weight_mobile":"","ocean_menu_typo_transform":"","ocean_menu_typo_transform_tablet":"","ocean_menu_typo_transform_mobile":"","ocean_menu_typo_line_height":0,"ocean_menu_typo_line_height_tablet":0,"ocean_menu_typo_line_height_mobile":0,"ocean_menu_typo_line_height_unit":"","ocean_menu_typo_spacing":0,"ocean_menu_typo_spacing_tablet":0,"ocean_menu_typo_spacing_mobile":0,"ocean_menu_typo_spacing_unit":"","ocean_menu_link_color":"","ocean_menu_link_color_hover":"","ocean_menu_link_color_active":"","ocean_menu_link_background":"","ocean_menu_link_hover_background":"","ocean_menu_link_active_background":"","ocean_menu_social_links_bg":"","ocean_menu_social_hover_links_bg":"","ocean_menu_social_links_color":"","ocean_menu_social_hover_links_color":"","ocean_disable_title":"on","ocean_disable_heading":"default","ocean_post_title":"","ocean_post_subheading":"","ocean_post_title_style":"","ocean_post_title_background_color":"","ocean_post_title_background":0,"ocean_post_title_bg_image_position":"","ocean_post_title_bg_image_attachment":"","ocean_post_title_bg_image_repeat":"","ocean_post_title_bg_image_size":"","ocean_post_title_height":0,"ocean_post_title_bg_overlay":0.5,"ocean_post_title_bg_overlay_color":"","ocean_disable_breadcrumbs":"off","ocean_breadcrumbs_color":"","ocean_breadcrumbs_separator_color":"","ocean_breadcrumbs_links_color":"","ocean_breadcrumbs_links_hover_color":"","ocean_display_footer_widgets":"default","ocean_display_footer_bottom":"default","ocean_custom_footer_template":"0","footnotes":""},"class_list":["post-4173","page","type-page","status-publish","hentry","entry"],"_links":{"self":[{"href":"https:\/\/www2.unifap.br\/oiapoque\/wp-json\/wp\/v2\/pages\/4173","targetHints":{"allow":["GET"]}}],"collection":[{"href":"https:\/\/www2.unifap.br\/oiapoque\/wp-json\/wp\/v2\/pages"}],"about":[{"href":"https:\/\/www2.unifap.br\/oiapoque\/wp-json\/wp\/v2\/types\/page"}],"author":[{"embeddable":true,"href":"https:\/\/www2.unifap.br\/oiapoque\/wp-json\/wp\/v2\/users\/167"}],"replies":[{"embeddable":true,"href":"https:\/\/www2.unifap.br\/oiapoque\/wp-json\/wp\/v2\/comments?post=4173"}],"version-history":[{"count":14,"href":"https:\/\/www2.unifap.br\/oiapoque\/wp-json\/wp\/v2\/pages\/4173\/revisions"}],"predecessor-version":[{"id":14017,"href":"https:\/\/www2.unifap.br\/oiapoque\/wp-json\/wp\/v2\/pages\/4173\/revisions\/14017"}],"up":[{"embeddable":true,"href":"https:\/\/www2.unifap.br\/oiapoque\/wp-json\/wp\/v2\/pages\/21"}],"wp:attachment":[{"href":"https:\/\/www2.unifap.br\/oiapoque\/wp-json\/wp\/v2\/media?parent=4173"}],"curies":[{"name":"wp","href":"https:\/\/api.w.org\/{rel}","templated":true}]}}