{"id":4256,"date":"2014-04-16T18:58:33","date_gmt":"2014-04-16T18:58:33","guid":{"rendered":"http:\/\/www2.unifap.br\/oiapoque\/?page_id=4256"},"modified":"2023-02-10T17:23:40","modified_gmt":"2023-02-10T17:23:40","slug":"legislacao","status":"publish","type":"page","link":"https:\/\/www2.unifap.br\/oiapoque\/portal-administrativo\/legislacao\/","title":{"rendered":"ORGANOGRAMA"},"content":{"rendered":"<p style=\"text-align: justify\">Em 2015 o Campus Binacional passou por um processo de reestrutura\u00e7\u00e3o administrativa e teve implantado a nova estrutura organizacional abaixo, regulamentada pela&nbsp;<a href=\"http:\/\/www2.unifap.br\/oiapoque\/files\/2014\/04\/Resolu\u00e7\u00e3o-023-2015-Organograma-Binacional.pdf\">Resolu\u00e7\u00e3o 023\/2015-CONSU<\/a>, que disp\u00f5e sobre a reestrutura\u00e7\u00e3o administrativa, compet\u00eancia e atribui\u00e7\u00f5es da Dire\u00e7\u00e3o Geral do Campos Binacional do Oiapoque, na \u00e2mbito da Universidade Federal do Amap\u00e1.<\/p>\n<p style=\"text-align: justify\"><strong><u>Organograma e Estrutura organizacional<\/u><\/strong><\/p>\n<p style=\"text-align: justify\">A estrutura organizacional do Campus Oiapoque \u00e9 composta por: Conselho do Campus; Dire\u00e7\u00e3o-Geral (DG), Coordena\u00e7\u00e3o de Administra\u00e7\u00e3o e Planejamento (COAP); Coordena\u00e7\u00e3o de Gest\u00e3o de Pessoas (COGEP); Coordena\u00e7\u00e3o de Gradua\u00e7\u00e3o (COGRAD); e Coordena\u00e7\u00e3o de Pesquisa, Extens\u00e3o e Assuntos Estudantis (COPEA), al\u00e9m das demais unidades vinculadas. A Figura 3 representa o organograma do Campus Binacional de Oiapoque.<\/p>\n<p><img fetchpriority=\"high\" decoding=\"async\" class=\"alignnone size-full wp-image-12577\" src=\"http:\/\/www2.unifap.br\/oiapoque\/files\/2021\/04\/04.jpg\" alt=\"\" width=\"954\" height=\"613\" srcset=\"https:\/\/www2.unifap.br\/oiapoque\/files\/2021\/04\/04.jpg 954w, https:\/\/www2.unifap.br\/oiapoque\/files\/2021\/04\/04-300x193.jpg 300w, https:\/\/www2.unifap.br\/oiapoque\/files\/2021\/04\/04-150x96.jpg 150w, https:\/\/www2.unifap.br\/oiapoque\/files\/2021\/04\/04-768x493.jpg 768w\" sizes=\"(max-width: 954px) 100vw, 954px\" \/><\/p>\n","protected":false},"excerpt":{"rendered":"<p>Em 2015 o Campus Binacional passou por um processo de reestrutura\u00e7\u00e3o administrativa e teve implantado a nova estrutura organizacional abaixo, regulamentada pela&nbsp;Resolu\u00e7\u00e3o 023\/2015-CONSU, que disp\u00f5e sobre a reestrutura\u00e7\u00e3o administrativa, compet\u00eancia e atribui\u00e7\u00f5es da Dire\u00e7\u00e3o Geral do Campos Binacional do Oiapoque, na \u00e2mbito da Universidade Federal do Amap\u00e1. Organograma e Estrutura organizacional A estrutura organizacional do&#8230;<\/p>\n","protected":false},"author":182,"featured_media":0,"parent":21,"menu_order":3,"comment_status":"closed","ping_status":"closed","template":"","meta":{"inline_featured_image":false,"ngg_post_thumbnail":0,"ocean_post_layout":"full-width","ocean_both_sidebars_style":"","ocean_both_sidebars_content_width":0,"ocean_both_sidebars_sidebars_width":0,"ocean_sidebar":"0","ocean_second_sidebar":"0","ocean_disable_margins":"enable","ocean_add_body_class":"","ocean_shortcode_before_top_bar":"","ocean_shortcode_after_top_bar":"","ocean_shortcode_before_header":"","ocean_shortcode_after_header":"","ocean_has_shortcode":"","ocean_shortcode_after_title":"","ocean_shortcode_before_footer_widgets":"","ocean_shortcode_after_footer_widgets":"","ocean_shortcode_before_footer_bottom":"","ocean_shortcode_after_footer_bottom":"","ocean_display_top_bar":"default","ocean_display_header":"default","ocean_header_style":"","ocean_center_header_left_menu":"0","ocean_custom_header_template":"0","ocean_custom_logo":0,"ocean_custom_retina_logo":0,"ocean_custom_logo_max_width":0,"ocean_custom_logo_tablet_max_width":0,"ocean_custom_logo_mobile_max_width":0,"ocean_custom_logo_max_height":0,"ocean_custom_logo_tablet_max_height":0,"ocean_custom_logo_mobile_max_height":0,"ocean_header_custom_menu":"0","ocean_menu_typo_font_family":"0","ocean_menu_typo_font_subset":"","ocean_menu_typo_font_size":0,"ocean_menu_typo_font_size_tablet":0,"ocean_menu_typo_font_size_mobile":0,"ocean_menu_typo_font_size_unit":"px","ocean_menu_typo_font_weight":"","ocean_menu_typo_font_weight_tablet":"","ocean_menu_typo_font_weight_mobile":"","ocean_menu_typo_transform":"","ocean_menu_typo_transform_tablet":"","ocean_menu_typo_transform_mobile":"","ocean_menu_typo_line_height":0,"ocean_menu_typo_line_height_tablet":0,"ocean_menu_typo_line_height_mobile":0,"ocean_menu_typo_line_height_unit":"","ocean_menu_typo_spacing":0,"ocean_menu_typo_spacing_tablet":0,"ocean_menu_typo_spacing_mobile":0,"ocean_menu_typo_spacing_unit":"","ocean_menu_link_color":"","ocean_menu_link_color_hover":"","ocean_menu_link_color_active":"","ocean_menu_link_background":"","ocean_menu_link_hover_background":"","ocean_menu_link_active_background":"","ocean_menu_social_links_bg":"","ocean_menu_social_hover_links_bg":"","ocean_menu_social_links_color":"","ocean_menu_social_hover_links_color":"","ocean_disable_title":"on","ocean_disable_heading":"default","ocean_post_title":"","ocean_post_subheading":"","ocean_post_title_style":"","ocean_post_title_background_color":"","ocean_post_title_background":0,"ocean_post_title_bg_image_position":"","ocean_post_title_bg_image_attachment":"","ocean_post_title_bg_image_repeat":"","ocean_post_title_bg_image_size":"","ocean_post_title_height":0,"ocean_post_title_bg_overlay":0.5,"ocean_post_title_bg_overlay_color":"","ocean_disable_breadcrumbs":"default","ocean_breadcrumbs_color":"","ocean_breadcrumbs_separator_color":"","ocean_breadcrumbs_links_color":"","ocean_breadcrumbs_links_hover_color":"","ocean_display_footer_widgets":"default","ocean_display_footer_bottom":"default","ocean_custom_footer_template":"0","footnotes":""},"class_list":["post-4256","page","type-page","status-publish","hentry","entry"],"_links":{"self":[{"href":"https:\/\/www2.unifap.br\/oiapoque\/wp-json\/wp\/v2\/pages\/4256","targetHints":{"allow":["GET"]}}],"collection":[{"href":"https:\/\/www2.unifap.br\/oiapoque\/wp-json\/wp\/v2\/pages"}],"about":[{"href":"https:\/\/www2.unifap.br\/oiapoque\/wp-json\/wp\/v2\/types\/page"}],"author":[{"embeddable":true,"href":"https:\/\/www2.unifap.br\/oiapoque\/wp-json\/wp\/v2\/users\/182"}],"replies":[{"embeddable":true,"href":"https:\/\/www2.unifap.br\/oiapoque\/wp-json\/wp\/v2\/comments?post=4256"}],"version-history":[{"count":20,"href":"https:\/\/www2.unifap.br\/oiapoque\/wp-json\/wp\/v2\/pages\/4256\/revisions"}],"predecessor-version":[{"id":14339,"href":"https:\/\/www2.unifap.br\/oiapoque\/wp-json\/wp\/v2\/pages\/4256\/revisions\/14339"}],"up":[{"embeddable":true,"href":"https:\/\/www2.unifap.br\/oiapoque\/wp-json\/wp\/v2\/pages\/21"}],"wp:attachment":[{"href":"https:\/\/www2.unifap.br\/oiapoque\/wp-json\/wp\/v2\/media?parent=4256"}],"curies":[{"name":"wp","href":"https:\/\/api.w.org\/{rel}","templated":true}]}}