{"id":9638,"date":"2018-02-26T18:33:13","date_gmt":"2018-02-26T18:33:13","guid":{"rendered":"http:\/\/www2.unifap.br\/oiapoque\/?page_id=9638"},"modified":"2023-01-18T12:59:02","modified_gmt":"2023-01-18T12:59:02","slug":"atas-de-reunioes","status":"publish","type":"page","link":"https:\/\/www2.unifap.br\/oiapoque\/conselho-do-campus-de-oiapoque\/atas-de-reunioes\/","title":{"rendered":"MEMBROS"},"content":{"rendered":"<p><strong>FRANCISCO OTAVIO LANDIM NETO<\/strong>\u00a0\u2013 DIRE\u00c7\u00c3O DO CAMPUS \u2013 PRESIDENTE DO CONSELHO<\/p>\n<p><strong>ANA FL\u00c1VIA ALBUQUERQUE<\/strong> \u2013 DIRE\u00c7\u00c3O DO CAMPUS \u2013 SUPLENTE DO PRESIDENTE DO CONSELHO<\/p>\n<p><strong>ALEXANDRE MARCONDYS DA RIBEIRO PORTILHO <\/strong>\u2013 COORDENA\u00c7\u00c3O DO CURSO DE BACHARELADO EM DIREITO (<strong>TITULAR<\/strong>)<\/p>\n<p><strong>BESALIEL RODRIGUES<\/strong> &#8211; COORDENA\u00c7\u00c3O DO CURSO DE BACHARELADO EM DIREITO (<strong>SUPLENTE<\/strong>)<\/p>\n<p><strong>PAULO CEZAR GON\u00c7ALVES DA SILVA \u2013 <\/strong><strong>COORDENA\u00c7\u00c3O DO CURSO DE BACHARELADO EM ENFERMAGEM (TITULAR<\/strong><strong>)<\/strong><\/p>\n<p><strong>SCHEILLA CRISTINA DA SILVA<\/strong>\u00a0\u2013 COORDENA\u00c7\u00c3O DO CURSO DE BACHARELADO EM ENFERMAGEM (<strong>SUPLENTE<\/strong>)<\/p>\n<p><strong>LUCIN\u00c9IA ALVES DOS SANTOS<\/strong> \u2013 COORDENA\u00c7\u00c3O DO CURSO DE LETRAS FRANC\u00caS (<strong>TITULAR<\/strong>)<\/p>\n<p><strong>IZAIAS SERAFIM NETO &#8211; <\/strong>COORDENA\u00c7\u00c3O DO CURSO DE LETRAS FRANC\u00caS<strong> (SUPLENTE)<\/strong><\/p>\n<p><strong>ALEXANDRE SOUZA AMARA<\/strong> \u2013 COORDENA\u00c7\u00c3O DO CURSO DE LICENCIATURA EM HIST\u00d3RIA (<strong>TITULAR<\/strong>)<\/p>\n<p><strong>\u00a0<\/strong><strong>ADRIANO MICHEL HELFENSTEIN<\/strong>\u00a0\u2013 COORDENA\u00c7\u00c3O DO CURSO DE LICENCIATURA EM GEOGRAFIA (<strong>TITULAR<\/strong>)<\/p>\n<p><strong>\u00a0<\/strong><strong>EDUARDO MARGARITI ALFENA DO CARMO<\/strong>\u00a0\u2013 COORDENA\u00c7\u00c3O DO CURSO DE LICENCIATURA EM GEOGRAFIA (<strong>SUPLENTE<\/strong>)<\/p>\n<p><strong>GELSAMA MARA FERREIRA DOS SANTOS<\/strong> \u2013 COORDENA\u00c7\u00c3O DO CURSO DE LICENCIATURA INTERCULTURAL IND\u00cdGENA (<strong>TITULAR<\/strong>)<\/p>\n<p><strong>SOLANGE RODRIGUES DA SILVA<\/strong>\u00a0\u2013 COORDENA\u00c7\u00c3O DO CURSO DE LICENCIATURA INTERCULTURAL IND\u00cdGENA (<strong>SUPLENTE<\/strong>)<\/p>\n<p><strong>NAYARA COSTA MELO \u2013 <\/strong>COORDENA\u00c7\u00c3O DA LICENCIATURA EM CI\u00caNCIA BIOL\u00d3GICAS<strong> (TITULAR<\/strong><strong>)<\/strong><\/p>\n<p><strong>NEYLAN LEAL DIAS<\/strong> \u2013 COORDENA\u00c7\u00c3O DA LICENCIATURA EM CI\u00caNCIA BIOL\u00d3GICAS (<strong>SUPLENTE<\/strong>)<\/p>\n<p><strong>KATIA LIGIA VIEIRA LIRA<\/strong> \u2013 COORDENA\u00c7\u00c3O DO CURSO DE LICENCIATURA EM PEDAGOGIA (<strong>TITULAR<\/strong>)<\/p>\n<p><strong>DORALICE VEIGA ALVES <\/strong>\u2013 COORDENA\u00c7\u00c3O DO CURSO DE LICENCIATURA EM PEDAGOGIA (<strong>SUPLENTE<\/strong>)<\/p>\n<p><strong>ALEXANDRE LUIZ RAUBER<\/strong>\u00a0\u2013 COORDENA\u00c7\u00c3O DO CURSO DE ESPECIALIZA\u00c7\u00c3O EM GEOGRAFIA \u2013 RELA\u00c7\u00d5ES SOCIOESPACIAIS NA FRONTEIRA FRANCO BRASILEIRA \u2013 ENSINO E DESENVOLVIMENTO LOCAL (<strong>TITULAR<\/strong>)<\/p>\n<p><strong>ANA FL\u00c1VIA ALBUQUERQUE<\/strong>\u00a0\u2013 COORDENA\u00c7\u00c3O DO CURSO DE ESPECIALIZA\u00c7\u00c3O EM GEOGRAFIA \u2013 RELA\u00c7\u00d5ES SOCIOESPACIAIS NA FRONTEIRA FRANCO BRASILEIRA \u2013 ENSINO E DESENVOLVIMENTO LOCAL (<strong>SUPLENTE<\/strong>)<\/p>\n<p><strong>SOLANGE RODRIGUES DA SILVA<\/strong>\u00a0\u2013 REPRESENTA\u00c7\u00c3O DOCENTE ELEITA \u2013 (<strong>TITULAR SEM SUPLENTE<\/strong>)<\/p>\n<p><strong>RAIANE ALBUQUERQUE SILVA<\/strong>\u00a0\u2013 REPRESENTA\u00c7\u00c3O DOS SERVIDORES T\u00c9CNICOS ADMINISTRATIVOS\u00a0 ELEITA \u2013 (<strong>TITULAR<\/strong>)<\/p>\n<p><strong>EZIQUIEL DA LUZ SILVA<\/strong>\u00a0\u2013 REPRESENTA\u00c7\u00c3O DOS SERVIDORES T\u00c9CNICOS ADMINISTRATIVOS\u00a0 ELEITO \u2013 (<strong>SUPLENTE<\/strong>)<\/p>\n<p><strong>F\u00c1BIO DA SILVA DO NASCIMENTO<\/strong>\u00a0\u2013 REPRESENTA\u00c7\u00c3O DISCENTE\u00a0 ELEITO (<strong>TITULAR<\/strong>)<\/p>\n<p><strong>LET\u00cdCIA CAROLINA DE SENA NUNES<\/strong>\u00a0\u2013 REPRESENTA\u00c7\u00c3O DISCENTE\u00a0 ELEITA (<strong>SUPLENTE<\/strong>)<\/p>\n<p>&nbsp;<\/p>\n","protected":false},"excerpt":{"rendered":"<p>FRANCISCO OTAVIO LANDIM NETO\u00a0\u2013 DIRE\u00c7\u00c3O DO CAMPUS \u2013 PRESIDENTE DO CONSELHO ANA FL\u00c1VIA ALBUQUERQUE \u2013 DIRE\u00c7\u00c3O DO CAMPUS \u2013 SUPLENTE DO PRESIDENTE DO CONSELHO ALEXANDRE MARCONDYS DA RIBEIRO PORTILHO \u2013 COORDENA\u00c7\u00c3O DO CURSO DE BACHARELADO EM DIREITO (TITULAR) BESALIEL RODRIGUES &#8211; COORDENA\u00c7\u00c3O DO CURSO DE BACHARELADO EM DIREITO (SUPLENTE) PAULO CEZAR GON\u00c7ALVES DA SILVA \u2013&#8230;<\/p>\n","protected":false},"author":715,"featured_media":0,"parent":9628,"menu_order":5,"comment_status":"closed","ping_status":"closed","template":"","meta":{"inline_featured_image":false,"ngg_post_thumbnail":0,"ocean_post_layout":"","ocean_both_sidebars_style":"","ocean_both_sidebars_content_width":0,"ocean_both_sidebars_sidebars_width":0,"ocean_sidebar":"","ocean_second_sidebar":"","ocean_disable_margins":"enable","ocean_add_body_class":"","ocean_shortcode_before_top_bar":"","ocean_shortcode_after_top_bar":"","ocean_shortcode_before_header":"","ocean_shortcode_after_header":"","ocean_has_shortcode":"","ocean_shortcode_after_title":"","ocean_shortcode_before_footer_widgets":"","ocean_shortcode_after_footer_widgets":"","ocean_shortcode_before_footer_bottom":"","ocean_shortcode_after_footer_bottom":"","ocean_display_top_bar":"default","ocean_display_header":"default","ocean_header_style":"","ocean_center_header_left_menu":"","ocean_custom_header_template":"","ocean_custom_logo":0,"ocean_custom_retina_logo":0,"ocean_custom_logo_max_width":0,"ocean_custom_logo_tablet_max_width":0,"ocean_custom_logo_mobile_max_width":0,"ocean_custom_logo_max_height":0,"ocean_custom_logo_tablet_max_height":0,"ocean_custom_logo_mobile_max_height":0,"ocean_header_custom_menu":"","ocean_menu_typo_font_family":"","ocean_menu_typo_font_subset":"","ocean_menu_typo_font_size":0,"ocean_menu_typo_font_size_tablet":0,"ocean_menu_typo_font_size_mobile":0,"ocean_menu_typo_font_size_unit":"px","ocean_menu_typo_font_weight":"","ocean_menu_typo_font_weight_tablet":"","ocean_menu_typo_font_weight_mobile":"","ocean_menu_typo_transform":"","ocean_menu_typo_transform_tablet":"","ocean_menu_typo_transform_mobile":"","ocean_menu_typo_line_height":0,"ocean_menu_typo_line_height_tablet":0,"ocean_menu_typo_line_height_mobile":0,"ocean_menu_typo_line_height_unit":"","ocean_menu_typo_spacing":0,"ocean_menu_typo_spacing_tablet":0,"ocean_menu_typo_spacing_mobile":0,"ocean_menu_typo_spacing_unit":"","ocean_menu_link_color":"","ocean_menu_link_color_hover":"","ocean_menu_link_color_active":"","ocean_menu_link_background":"","ocean_menu_link_hover_background":"","ocean_menu_link_active_background":"","ocean_menu_social_links_bg":"","ocean_menu_social_hover_links_bg":"","ocean_menu_social_links_color":"","ocean_menu_social_hover_links_color":"","ocean_disable_title":"default","ocean_disable_heading":"default","ocean_post_title":"","ocean_post_subheading":"","ocean_post_title_style":"","ocean_post_title_background_color":"","ocean_post_title_background":0,"ocean_post_title_bg_image_position":"","ocean_post_title_bg_image_attachment":"","ocean_post_title_bg_image_repeat":"","ocean_post_title_bg_image_size":"","ocean_post_title_height":0,"ocean_post_title_bg_overlay":0.5,"ocean_post_title_bg_overlay_color":"","ocean_disable_breadcrumbs":"default","ocean_breadcrumbs_color":"","ocean_breadcrumbs_separator_color":"","ocean_breadcrumbs_links_color":"","ocean_breadcrumbs_links_hover_color":"","ocean_display_footer_widgets":"default","ocean_display_footer_bottom":"default","ocean_custom_footer_template":"","footnotes":""},"class_list":["post-9638","page","type-page","status-publish","hentry","entry"],"_links":{"self":[{"href":"https:\/\/www2.unifap.br\/oiapoque\/wp-json\/wp\/v2\/pages\/9638","targetHints":{"allow":["GET"]}}],"collection":[{"href":"https:\/\/www2.unifap.br\/oiapoque\/wp-json\/wp\/v2\/pages"}],"about":[{"href":"https:\/\/www2.unifap.br\/oiapoque\/wp-json\/wp\/v2\/types\/page"}],"author":[{"embeddable":true,"href":"https:\/\/www2.unifap.br\/oiapoque\/wp-json\/wp\/v2\/users\/715"}],"replies":[{"embeddable":true,"href":"https:\/\/www2.unifap.br\/oiapoque\/wp-json\/wp\/v2\/comments?post=9638"}],"version-history":[{"count":11,"href":"https:\/\/www2.unifap.br\/oiapoque\/wp-json\/wp\/v2\/pages\/9638\/revisions"}],"predecessor-version":[{"id":14031,"href":"https:\/\/www2.unifap.br\/oiapoque\/wp-json\/wp\/v2\/pages\/9638\/revisions\/14031"}],"up":[{"embeddable":true,"href":"https:\/\/www2.unifap.br\/oiapoque\/wp-json\/wp\/v2\/pages\/9628"}],"wp:attachment":[{"href":"https:\/\/www2.unifap.br\/oiapoque\/wp-json\/wp\/v2\/media?parent=9638"}],"curies":[{"name":"wp","href":"https:\/\/api.w.org\/{rel}","templated":true}]}}