{"id":9647,"date":"2018-02-27T12:42:53","date_gmt":"2018-02-27T12:42:53","guid":{"rendered":"http:\/\/www2.unifap.br\/oiapoque\/?page_id=9647"},"modified":"2023-01-18T12:59:37","modified_gmt":"2023-01-18T12:59:37","slug":"portarias","status":"publish","type":"page","link":"https:\/\/www2.unifap.br\/oiapoque\/conselho-do-campus-de-oiapoque\/portarias\/","title":{"rendered":"PORTARIAS"},"content":{"rendered":"<p><a href=\"http:\/\/www2.unifap.br\/oiapoque\/files\/2018\/02\/1-Portaria-que-Institui-a-Comiss\u00e3o-de-Elabora\u00e7\u00e3o-do-Calend\u00e1rio-Acad\u00eamico-Diferenciado.pdf\">1 &#8211; Portaria que Institui a Comiss\u00e3o de Elabora\u00e7\u00e3o do Calend\u00e1rio Acad\u00eamico Diferenciado<\/a><\/p>\n<p><a href=\"http:\/\/www2.unifap.br\/oiapoque\/files\/2018\/02\/2-Portaria-Comiss\u00e3o-de-Avalia\u00e7\u00e3o-e-Acompanhamento-do-RDO.pdf\">2 &#8211; Portaria Comiss\u00e3o de Avalia\u00e7\u00e3o e Acompanhamento do RDO<\/a><\/p>\n<p><a href=\"http:\/\/www2.unifap.br\/oiapoque\/files\/2018\/02\/3-Portaria-de-Institui\u00e7\u00e3o-do-Conselho-do-Campus.pdf\">3 &#8211; Portaria de Institui\u00e7\u00e3o do Conselho do Campus<\/a><\/p>\n<p><a href=\"http:\/\/www2.unifap.br\/oiapoque\/files\/2018\/02\/Portaria-Institui-a-Comiss\u00e3o-Eleitoral-para-Suplentes-de-Representantes-Eleitos-do-Conselho-do-Campus.pdf\">4 &#8211; Portaria Institui a Comiss\u00e3o Eleitoral para Suplentes de Representantes Eleitos do Conselho do Campus\u00a0<\/a><\/p>\n<p>5 &#8211; <a href=\"http:\/\/www2.unifap.br\/oiapoque\/files\/2020\/10\/Portaria-_Composi\u00e7\u00e3o-do-Conselho-do-Campus.pdf\">Portaria Composi\u00e7\u00e3o do Conselho do Campus\u00a0<\/a><\/p>\n<p>6 &#8211; <a href=\"http:\/\/www2.unifap.br\/oiapoque\/files\/2020\/12\/Portaria-Nova-Composi\u00e7\u00e3o-do-Conselho-do-Campus-Oiapoque.pdf\">Portaria Nova Composi\u00e7\u00e3o do Conselho do Campus Oiapoque\u00a0<\/a><\/p>\n<p>7 &#8211; <a href=\"http:\/\/www2.unifap.br\/oiapoque\/files\/2021\/08\/Portaria-0961-2021-Comiss\u00e3o-Operacionaliza\u00e7\u00e3o-PSU.pdf\">Portaria 0961-2021- Comiss\u00e3o &#8211; Operacionaliza\u00e7\u00e3o PSU<\/a><\/p>\n<p>8 &#8211; <a href=\"http:\/\/www2.unifap.br\/oiapoque\/files\/2021\/08\/Portaria-1033-2021-Comiss\u00e3o-Proposi\u00e7\u00e3o-de-altera\u00e7\u00f5es-Infraestrutura.pdf\">Portaria 1033-2021- Comiss\u00e3o &#8211; Proposi\u00e7\u00e3o de altera\u00e7\u00f5es Infraestrutura<\/a><\/p>\n<p>9 &#8211; <a href=\"http:\/\/www2.unifap.br\/oiapoque\/files\/2021\/08\/Portaria-1034-2021-Comiss\u00e3o-Atualiza\u00e7\u00e3o-no-Regimento-do-Conselho-do-Campus.pdf\">Portaria 1034-2021 &#8211; Comiss\u00e3o &#8211; Atualiza\u00e7\u00e3o no Regimento do Conselho do Campus<\/a><\/p>\n","protected":false},"excerpt":{"rendered":"<p>1 &#8211; Portaria que Institui a Comiss\u00e3o de Elabora\u00e7\u00e3o do Calend\u00e1rio Acad\u00eamico Diferenciado 2 &#8211; Portaria Comiss\u00e3o de Avalia\u00e7\u00e3o e Acompanhamento do RDO 3 &#8211; Portaria de Institui\u00e7\u00e3o do Conselho do Campus 4 &#8211; Portaria Institui a Comiss\u00e3o Eleitoral para Suplentes de Representantes Eleitos do Conselho do Campus\u00a0 5 &#8211; Portaria Composi\u00e7\u00e3o do Conselho do&#8230;<\/p>\n","protected":false},"author":715,"featured_media":0,"parent":9628,"menu_order":6,"comment_status":"closed","ping_status":"closed","template":"","meta":{"inline_featured_image":false,"ngg_post_thumbnail":0,"ocean_post_layout":"","ocean_both_sidebars_style":"","ocean_both_sidebars_content_width":0,"ocean_both_sidebars_sidebars_width":0,"ocean_sidebar":"","ocean_second_sidebar":"","ocean_disable_margins":"enable","ocean_add_body_class":"","ocean_shortcode_before_top_bar":"","ocean_shortcode_after_top_bar":"","ocean_shortcode_before_header":"","ocean_shortcode_after_header":"","ocean_has_shortcode":"","ocean_shortcode_after_title":"","ocean_shortcode_before_footer_widgets":"","ocean_shortcode_after_footer_widgets":"","ocean_shortcode_before_footer_bottom":"","ocean_shortcode_after_footer_bottom":"","ocean_display_top_bar":"default","ocean_display_header":"default","ocean_header_style":"","ocean_center_header_left_menu":"","ocean_custom_header_template":"","ocean_custom_logo":0,"ocean_custom_retina_logo":0,"ocean_custom_logo_max_width":0,"ocean_custom_logo_tablet_max_width":0,"ocean_custom_logo_mobile_max_width":0,"ocean_custom_logo_max_height":0,"ocean_custom_logo_tablet_max_height":0,"ocean_custom_logo_mobile_max_height":0,"ocean_header_custom_menu":"","ocean_menu_typo_font_family":"","ocean_menu_typo_font_subset":"","ocean_menu_typo_font_size":0,"ocean_menu_typo_font_size_tablet":0,"ocean_menu_typo_font_size_mobile":0,"ocean_menu_typo_font_size_unit":"px","ocean_menu_typo_font_weight":"","ocean_menu_typo_font_weight_tablet":"","ocean_menu_typo_font_weight_mobile":"","ocean_menu_typo_transform":"","ocean_menu_typo_transform_tablet":"","ocean_menu_typo_transform_mobile":"","ocean_menu_typo_line_height":0,"ocean_menu_typo_line_height_tablet":0,"ocean_menu_typo_line_height_mobile":0,"ocean_menu_typo_line_height_unit":"","ocean_menu_typo_spacing":0,"ocean_menu_typo_spacing_tablet":0,"ocean_menu_typo_spacing_mobile":0,"ocean_menu_typo_spacing_unit":"","ocean_menu_link_color":"","ocean_menu_link_color_hover":"","ocean_menu_link_color_active":"","ocean_menu_link_background":"","ocean_menu_link_hover_background":"","ocean_menu_link_active_background":"","ocean_menu_social_links_bg":"","ocean_menu_social_hover_links_bg":"","ocean_menu_social_links_color":"","ocean_menu_social_hover_links_color":"","ocean_disable_title":"default","ocean_disable_heading":"default","ocean_post_title":"","ocean_post_subheading":"","ocean_post_title_style":"","ocean_post_title_background_color":"","ocean_post_title_background":0,"ocean_post_title_bg_image_position":"","ocean_post_title_bg_image_attachment":"","ocean_post_title_bg_image_repeat":"","ocean_post_title_bg_image_size":"","ocean_post_title_height":0,"ocean_post_title_bg_overlay":0.5,"ocean_post_title_bg_overlay_color":"","ocean_disable_breadcrumbs":"default","ocean_breadcrumbs_color":"","ocean_breadcrumbs_separator_color":"","ocean_breadcrumbs_links_color":"","ocean_breadcrumbs_links_hover_color":"","ocean_display_footer_widgets":"default","ocean_display_footer_bottom":"default","ocean_custom_footer_template":"","footnotes":""},"class_list":["post-9647","page","type-page","status-publish","hentry","entry"],"_links":{"self":[{"href":"https:\/\/www2.unifap.br\/oiapoque\/wp-json\/wp\/v2\/pages\/9647","targetHints":{"allow":["GET"]}}],"collection":[{"href":"https:\/\/www2.unifap.br\/oiapoque\/wp-json\/wp\/v2\/pages"}],"about":[{"href":"https:\/\/www2.unifap.br\/oiapoque\/wp-json\/wp\/v2\/types\/page"}],"author":[{"embeddable":true,"href":"https:\/\/www2.unifap.br\/oiapoque\/wp-json\/wp\/v2\/users\/715"}],"replies":[{"embeddable":true,"href":"https:\/\/www2.unifap.br\/oiapoque\/wp-json\/wp\/v2\/comments?post=9647"}],"version-history":[{"count":8,"href":"https:\/\/www2.unifap.br\/oiapoque\/wp-json\/wp\/v2\/pages\/9647\/revisions"}],"predecessor-version":[{"id":14032,"href":"https:\/\/www2.unifap.br\/oiapoque\/wp-json\/wp\/v2\/pages\/9647\/revisions\/14032"}],"up":[{"embeddable":true,"href":"https:\/\/www2.unifap.br\/oiapoque\/wp-json\/wp\/v2\/pages\/9628"}],"wp:attachment":[{"href":"https:\/\/www2.unifap.br\/oiapoque\/wp-json\/wp\/v2\/media?parent=9647"}],"curies":[{"name":"wp","href":"https:\/\/api.w.org\/{rel}","templated":true}]}}