{"id":365,"date":"2020-02-13T19:15:22","date_gmt":"2020-02-13T19:15:22","guid":{"rendered":"http:\/\/www2.unifap.br\/ouvidoria\/?page_id=365"},"modified":"2020-11-07T00:18:05","modified_gmt":"2020-11-07T00:18:05","slug":"legislacao","status":"publish","type":"page","link":"https:\/\/www2.unifap.br\/ouvidoria\/acesso-a-informacao\/legislacao\/","title":{"rendered":"Legisla\u00e7\u00e3o"},"content":{"rendered":"<h3><span style=\"color: #000000\">Leis Federais<\/span><\/h3>\n<p><a href=\"http:\/\/www.planalto.gov.br\/ccivil_03\/_ato2011-2014\/2011\/lei\/l12527.htm\">Lei n\u00ba 12.527, de 18 de novembro de 2011 \u2013 Lei de Acesso \u00e0 Informa\u00e7\u00e3o.&nbsp;&nbsp;&nbsp;<\/a><\/p>\n<h3>&nbsp;<\/h3>\n<h3><span style=\"color: #000000\">Decretos<\/span><\/h3>\n<p><a href=\"http:\/\/www.planalto.gov.br\/ccivil_03\/_ato2011-2014\/2012\/Decreto\/D7724.htm\">Decreto<\/a><a href=\"http:\/\/www.planalto.gov.br\/ccivil_03\/_ato2011-2014\/2012\/Decreto\/D7724.htm\"> n\u00ba 7.724, de 16 de maio de 2012 \u2013 Regulamenta a Lei de Acesso \u00e0 Informa\u00e7\u00e3o.<\/a><\/p>\n<p><a href=\"http:\/\/www.planalto.gov.br\/ccivil_03\/_ato2015-2018\/2016\/decreto\/d8777.htm\">Decreto n\u00ba 8.777, de 11 de maio de 2016 &#8211; Institui a Pol\u00edtica de Dados Abertos do Poder Executivo Federal<\/a><\/p>\n<p>&nbsp;<\/p>\n<h3><span style=\"color: #000000\">Resolu\u00e7\u00f5es<\/span><\/h3>\n<p>&nbsp;<\/p>\n<h3><span style=\"color: #000000\">Instru\u00e7\u00f5es Normativas<\/span><\/h3>\n<p>&nbsp;<\/p>\n<h6>&nbsp;<\/h6>\n<p>&nbsp;<\/p>\n","protected":false},"excerpt":{"rendered":"<p>Leis Federais Lei n\u00ba 12.527, de 18 de novembro de 2011 \u2013 Lei de Acesso \u00e0 Informa\u00e7\u00e3o.&nbsp;&nbsp;&nbsp; &nbsp; Decretos Decreto n\u00ba 7.724, de 16 de maio de 2012 \u2013 Regulamenta a Lei de Acesso \u00e0 Informa\u00e7\u00e3o. Decreto n\u00ba 8.777, de 11 de maio de 2016 &#8211; Institui a Pol\u00edtica de Dados Abertos do Poder Executivo&#8230;<\/p>\n","protected":false},"author":3861,"featured_media":0,"parent":358,"menu_order":0,"comment_status":"closed","ping_status":"closed","template":"","meta":{"inline_featured_image":false,"site-sidebar-layout":"default","site-content-layout":"","ast-site-content-layout":"default","site-content-style":"default","site-sidebar-style":"default","ast-global-header-display":"","ast-banner-title-visibility":"","ast-main-header-display":"","ast-hfb-above-header-display":"","ast-hfb-below-header-display":"","ast-hfb-mobile-header-display":"","site-post-title":"","ast-breadcrumbs-content":"","ast-featured-img":"","footer-sml-layout":"","theme-transparent-header-meta":"","adv-header-id-meta":"","stick-header-meta":"","header-above-stick-meta":"","header-main-stick-meta":"","header-below-stick-meta":"","astra-migrate-meta-layouts":"default","ast-page-background-enabled":"default","ast-page-background-meta":{"desktop":{"background-color":"var(--ast-global-color-4)","background-image":"","background-repeat":"repeat","background-position":"center center","background-size":"auto","background-attachment":"scroll","background-type":"","background-media":"","overlay-type":"","overlay-color":"","overlay-opacity":"","overlay-gradient":""},"tablet":{"background-color":"","background-image":"","background-repeat":"repeat","background-position":"center center","background-size":"auto","background-attachment":"scroll","background-type":"","background-media":"","overlay-type":"","overlay-color":"","overlay-opacity":"","overlay-gradient":""},"mobile":{"background-color":"","background-image":"","background-repeat":"repeat","background-position":"center center","background-size":"auto","background-attachment":"scroll","background-type":"","background-media":"","overlay-type":"","overlay-color":"","overlay-opacity":"","overlay-gradient":""}},"ast-content-background-meta":{"desktop":{"background-color":"var(--ast-global-color-5)","background-image":"","background-repeat":"repeat","background-position":"center center","background-size":"auto","background-attachment":"scroll","background-type":"","background-media":"","overlay-type":"","overlay-color":"","overlay-opacity":"","overlay-gradient":""},"tablet":{"background-color":"var(--ast-global-color-5)","background-image":"","background-repeat":"repeat","background-position":"center center","background-size":"auto","background-attachment":"scroll","background-type":"","background-media":"","overlay-type":"","overlay-color":"","overlay-opacity":"","overlay-gradient":""},"mobile":{"background-color":"var(--ast-global-color-5)","background-image":"","background-repeat":"repeat","background-position":"center center","background-size":"auto","background-attachment":"scroll","background-type":"","background-media":"","overlay-type":"","overlay-color":"","overlay-opacity":"","overlay-gradient":""}},"ngg_post_thumbnail":0,"footnotes":""},"class_list":["post-365","page","type-page","status-publish","hentry"],"_links":{"self":[{"href":"https:\/\/www2.unifap.br\/ouvidoria\/wp-json\/wp\/v2\/pages\/365","targetHints":{"allow":["GET"]}}],"collection":[{"href":"https:\/\/www2.unifap.br\/ouvidoria\/wp-json\/wp\/v2\/pages"}],"about":[{"href":"https:\/\/www2.unifap.br\/ouvidoria\/wp-json\/wp\/v2\/types\/page"}],"author":[{"embeddable":true,"href":"https:\/\/www2.unifap.br\/ouvidoria\/wp-json\/wp\/v2\/users\/3861"}],"replies":[{"embeddable":true,"href":"https:\/\/www2.unifap.br\/ouvidoria\/wp-json\/wp\/v2\/comments?post=365"}],"version-history":[{"count":15,"href":"https:\/\/www2.unifap.br\/ouvidoria\/wp-json\/wp\/v2\/pages\/365\/revisions"}],"predecessor-version":[{"id":585,"href":"https:\/\/www2.unifap.br\/ouvidoria\/wp-json\/wp\/v2\/pages\/365\/revisions\/585"}],"up":[{"embeddable":true,"href":"https:\/\/www2.unifap.br\/ouvidoria\/wp-json\/wp\/v2\/pages\/358"}],"wp:attachment":[{"href":"https:\/\/www2.unifap.br\/ouvidoria\/wp-json\/wp\/v2\/media?parent=365"}],"curies":[{"name":"wp","href":"https:\/\/api.w.org\/{rel}","templated":true}]}}