{"id":739,"date":"2020-11-06T23:01:53","date_gmt":"2020-11-06T23:01:53","guid":{"rendered":"http:\/\/www2.unifap.br\/ouvidoria\/?page_id=739"},"modified":"2020-11-06T23:32:09","modified_gmt":"2020-11-06T23:32:09","slug":"faca-seu-pedido","status":"publish","type":"page","link":"https:\/\/www2.unifap.br\/ouvidoria\/acesso-a-informacao\/faca-seu-pedido\/","title":{"rendered":"Fa\u00e7a seu pedido"},"content":{"rendered":"<div class=\"enigma_blog_full\">\n<div class=\"enigma_blog_post_content\">\n<p><span style=\"color: #000000\"><strong>PEDIDO DE ACESSO \u00c0 INFORMA\u00c7\u00c3O<\/strong><\/span><\/p>\n<p><span style=\"color: #000000\"><strong><a style=\"color: #000000\" href=\"http:\/\/www2.unifap.br\/ouvidoria\/files\/2020\/11\/lei-de-acesso-a-informa%C3%A7%C3%A3o.png\"><img fetchpriority=\"high\" decoding=\"async\" class=\"alignnone wp-image-733 size-full\" src=\"http:\/\/www2.unifap.br\/ouvidoria\/files\/2020\/11\/lei-de-acesso-a-informa%C3%A7%C3%A3o.png\" alt=\"\" width=\"557\" height=\"631\"><\/a><\/strong><\/span><\/p>\n<p>&nbsp;<\/p>\n<p><span style=\"color: #000000\"><strong>FA\u00c7A SEU PEDIDO NO FALA.BR&nbsp; PELA INTERNET<\/strong><\/span><\/p>\n<p><span style=\"color: #000000\">Encaminhe suas solicita\u00e7\u00f5es de acesso \u00e0 informa\u00e7\u00e3o, acompanhe prazos e receba respostas dos pedidos feitos por meio do sistema eletr\u00f4nico de acesso \u00e0 informa\u00e7\u00e3o &#8211; clique na imagem para acesso<\/span><\/p>\n<p>&nbsp;<\/p>\n<p><span style=\"color: #000000\"><a style=\"color: #000000\" href=\"https:\/\/falabr.cgu.gov.br\/Login\/Identificacao.aspx?idFormulario=3&amp;tipo=8&amp;ReturnUrl=%2fpublico%2fManifestacao%2fRegistrarManifestacao.aspx%3fidFormulario%3d3%26tipo%3d8%26origem%3didp%26modo%3d\"><img decoding=\"async\" class=\"alignnone size-medium wp-image-737\" src=\"http:\/\/www2.unifap.br\/ouvidoria\/files\/2020\/11\/BANNNER-LAI-300x154.png\" alt=\"\" width=\"300\" height=\"154\" srcset=\"https:\/\/www2.unifap.br\/ouvidoria\/files\/2020\/11\/BANNNER-LAI-300x154.png 300w, https:\/\/www2.unifap.br\/ouvidoria\/files\/2020\/11\/BANNNER-LAI.png 555w\" sizes=\"(max-width: 300px) 100vw, 300px\" \/><\/a><\/span><\/p>\n<p>&nbsp;<\/p>\n<p>&nbsp;<\/p>\n<p><span style=\"color: #000000\"><strong>FA\u00c7A SEU PEDIDO NO SIC F\u00cdSICO PESSOALMENTE<\/strong><\/span><\/p>\n<p><span style=\"color: #000000\">Por favor dirigir-se ao SIC f\u00edsico da UNIFAP localizado no endere\u00e7o descrito nesta p\u00e1gina.<\/span><\/p>\n<p>&nbsp;<\/p>\n<p><span style=\"color: #000000\"><strong>FORMUL\u00c1RIOS PARA PEDIDOS NO SIC F\u00cdSICO<\/strong><\/span><\/p>\n<p><span style=\"color: #000000\">Formul\u00e1rios para PEDIDO de acesso \u00e0 informa\u00e7\u00e3o<\/span><\/p>\n<p><span style=\"color: #3366ff\"><a style=\"color: #3366ff\" href=\"https:\/\/drive.google.com\/file\/d\/1WUBILx-D_VtmoyZBmlmFh6-m9F9NeP5D\/view?usp=sharing\">Pessoa F\u00edsica<\/a><\/span><\/p>\n<p><span style=\"color: #3366ff\"><a style=\"color: #3366ff\" href=\"https:\/\/drive.google.com\/file\/d\/1gO1DRkH6gOZ2R3RDCOuro2AlHR0Iis5L\/view?usp=sharing\">Pessoa Jur\u00eddica<\/a><\/span><\/p>\n<p><span style=\"color: #000000\">Formul\u00e1rios para RECURSOS a pedidos de acesso \u00e0 informa\u00e7\u00e3o<\/span><\/p>\n<p><span style=\"color: #3366ff\"><a style=\"color: #3366ff\" href=\"https:\/\/drive.google.com\/file\/d\/18wGSQ-Fv4R235AlP21m57Ew3KX4LdOJQ\/view?usp=sharing\">Pessoa F\u00edsica<\/a><\/span><\/p>\n<p><span style=\"color: #3366ff\"><a style=\"color: #3366ff\" href=\"https:\/\/drive.google.com\/file\/d\/1qjAQ8f6njjSiPtcEawR4mdQ6tspk9Bv7\/view?usp=sharing\">Pessoa Jur\u00eddica<\/a><\/span><\/p>\n<p><span style=\"color: #000000\">Formul\u00e1rios para RECLAMA\u00c7\u00c3O acerca do pedido de acesso \u00e0 informa\u00e7\u00e3o<\/span><\/p>\n<p><span style=\"color: #3366ff\"><a style=\"color: #3366ff\" href=\"https:\/\/drive.google.com\/file\/d\/1uekJWnE-axz9mbp14h3YjXa2AGRu3mfO\/view?usp=sharing\">Pessoa F\u00edsica<\/a><\/span><\/p>\n<p><span style=\"color: #3366ff\"><a style=\"color: #3366ff\" href=\"https:\/\/drive.google.com\/file\/d\/1doSjlMLOPDq6I-GyVDmmJk7A5Q6ZdN1U\/view?usp=sharing\">Pessoa Jur\u00eddica<\/a><\/span><\/p>\n<p><span style=\"color: #000000\">Formul\u00e1rios para pedidos de DESCLASSIFICA\u00c7\u00c3O DE INFORMA\u00c7\u00c3O ou REAVALIA\u00c7\u00c3O e RECURSOS<\/span><\/p>\n<p><a href=\"https:\/\/drive.google.com\/file\/d\/1robv8debIrd3EpI6R76P1i6p6cuvkG_V\/view?usp=sharing\"><span style=\"color: #3366ff\">Pessoa F\u00edsica<\/span><\/a><\/p>\n<p><span style=\"color: #3366ff\"><a style=\"color: #3366ff\" href=\"https:\/\/drive.google.com\/file\/d\/1t8YAxBjgu4CgzUdzWed-Zw29246qeZqD\/view?usp=sharing\">Pessoa Jur\u00eddica<\/a><\/span><\/p>\n<p>&nbsp;<\/p>\n<p>&nbsp;<\/p>\n<p>&nbsp;<\/p>\n<p>&nbsp;<\/p>\n<p>&nbsp;<\/p>\n<\/div>\n<\/div>\n<div class=\"push-right\">&nbsp;<\/div>\n","protected":false},"excerpt":{"rendered":"<p>PEDIDO DE ACESSO \u00c0 INFORMA\u00c7\u00c3O &nbsp; FA\u00c7A SEU PEDIDO NO FALA.BR&nbsp; PELA INTERNET Encaminhe suas solicita\u00e7\u00f5es de acesso \u00e0 informa\u00e7\u00e3o, acompanhe prazos e receba respostas dos pedidos feitos por meio do sistema eletr\u00f4nico de acesso \u00e0 informa\u00e7\u00e3o &#8211; clique na imagem para acesso &nbsp; &nbsp; &nbsp; FA\u00c7A SEU PEDIDO NO SIC F\u00cdSICO PESSOALMENTE Por favor&#8230;<\/p>\n","protected":false},"author":3861,"featured_media":0,"parent":358,"menu_order":3,"comment_status":"closed","ping_status":"closed","template":"","meta":{"inline_featured_image":false,"site-sidebar-layout":"default","site-content-layout":"","ast-site-content-layout":"default","site-content-style":"default","site-sidebar-style":"default","ast-global-header-display":"","ast-banner-title-visibility":"","ast-main-header-display":"","ast-hfb-above-header-display":"","ast-hfb-below-header-display":"","ast-hfb-mobile-header-display":"","site-post-title":"","ast-breadcrumbs-content":"","ast-featured-img":"","footer-sml-layout":"","theme-transparent-header-meta":"","adv-header-id-meta":"","stick-header-meta":"","header-above-stick-meta":"","header-main-stick-meta":"","header-below-stick-meta":"","astra-migrate-meta-layouts":"default","ast-page-background-enabled":"default","ast-page-background-meta":{"desktop":{"background-color":"var(--ast-global-color-4)","background-image":"","background-repeat":"repeat","background-position":"center center","background-size":"auto","background-attachment":"scroll","background-type":"","background-media":"","overlay-type":"","overlay-color":"","overlay-opacity":"","overlay-gradient":""},"tablet":{"background-color":"","background-image":"","background-repeat":"repeat","background-position":"center center","background-size":"auto","background-attachment":"scroll","background-type":"","background-media":"","overlay-type":"","overlay-color":"","overlay-opacity":"","overlay-gradient":""},"mobile":{"background-color":"","background-image":"","background-repeat":"repeat","background-position":"center center","background-size":"auto","background-attachment":"scroll","background-type":"","background-media":"","overlay-type":"","overlay-color":"","overlay-opacity":"","overlay-gradient":""}},"ast-content-background-meta":{"desktop":{"background-color":"var(--ast-global-color-5)","background-image":"","background-repeat":"repeat","background-position":"center center","background-size":"auto","background-attachment":"scroll","background-type":"","background-media":"","overlay-type":"","overlay-color":"","overlay-opacity":"","overlay-gradient":""},"tablet":{"background-color":"var(--ast-global-color-5)","background-image":"","background-repeat":"repeat","background-position":"center center","background-size":"auto","background-attachment":"scroll","background-type":"","background-media":"","overlay-type":"","overlay-color":"","overlay-opacity":"","overlay-gradient":""},"mobile":{"background-color":"var(--ast-global-color-5)","background-image":"","background-repeat":"repeat","background-position":"center center","background-size":"auto","background-attachment":"scroll","background-type":"","background-media":"","overlay-type":"","overlay-color":"","overlay-opacity":"","overlay-gradient":""}},"ngg_post_thumbnail":0,"footnotes":""},"class_list":["post-739","page","type-page","status-publish","hentry"],"_links":{"self":[{"href":"https:\/\/www2.unifap.br\/ouvidoria\/wp-json\/wp\/v2\/pages\/739","targetHints":{"allow":["GET"]}}],"collection":[{"href":"https:\/\/www2.unifap.br\/ouvidoria\/wp-json\/wp\/v2\/pages"}],"about":[{"href":"https:\/\/www2.unifap.br\/ouvidoria\/wp-json\/wp\/v2\/types\/page"}],"author":[{"embeddable":true,"href":"https:\/\/www2.unifap.br\/ouvidoria\/wp-json\/wp\/v2\/users\/3861"}],"replies":[{"embeddable":true,"href":"https:\/\/www2.unifap.br\/ouvidoria\/wp-json\/wp\/v2\/comments?post=739"}],"version-history":[{"count":7,"href":"https:\/\/www2.unifap.br\/ouvidoria\/wp-json\/wp\/v2\/pages\/739\/revisions"}],"predecessor-version":[{"id":747,"href":"https:\/\/www2.unifap.br\/ouvidoria\/wp-json\/wp\/v2\/pages\/739\/revisions\/747"}],"up":[{"embeddable":true,"href":"https:\/\/www2.unifap.br\/ouvidoria\/wp-json\/wp\/v2\/pages\/358"}],"wp:attachment":[{"href":"https:\/\/www2.unifap.br\/ouvidoria\/wp-json\/wp\/v2\/media?parent=739"}],"curies":[{"name":"wp","href":"https:\/\/api.w.org\/{rel}","templated":true}]}}