{"id":151,"date":"2010-04-05T12:43:00","date_gmt":"2010-04-05T14:43:00","guid":{"rendered":"http:\/\/pororoca.unifap.br\/parfor\/?page_id=151"},"modified":"2014-02-07T11:48:16","modified_gmt":"2014-02-07T11:48:16","slug":"docentes","status":"publish","type":"page","link":"https:\/\/www2.unifap.br\/parfor\/cursos\/historia\/docentes\/","title":{"rendered":"Docentes"},"content":{"rendered":"<table border=\"0\" cellspacing=\"0\" cellpadding=\"0\" width=\"504\">\n<tbody>\n<tr>\n<td height=\"20\">Simone P. Garcia<\/td>\n<td><a href=\"mailto:simonepgarcia@unifap.br\">simonepgarcia@unifap.br<\/a><\/td>\n<\/tr>\n<tr>\n<td height=\"20\">Cecilia Maria C.B.Bastos<\/td>\n<td><a href=\"mailto:ceciliamaria@unifap.br\">ceciliamaria@unifap.br<\/a><\/td>\n<\/tr>\n<tr>\n<td height=\"20\">Iza Vanesa P.F.Guimar\u00e3es<\/td>\n<td><a href=\"mailto:izavanesa@yahoo.com.br\">izavanesa@yahoo.com.br<\/a><\/td>\n<\/tr>\n<tr>\n<td height=\"20\">Ed Carlos S.Guimar\u00e3es<\/td>\n<td><a href=\"mailto:edufpa3@yahoo.com.br\">edufpa3@yahoo.com.br<\/a><\/td>\n<\/tr>\n<tr>\n<td height=\"20\">Raimundo de L.Brito<\/td>\n<td><a href=\"mailto:brito@unifap.br\">brito@unifap.br<\/a><\/td>\n<\/tr>\n<tr>\n<td height=\"20\">Dilene K\u00e1tia C. da Silva<\/td>\n<td><a href=\"mailto:dilenekatia@gmail.com\">dilenekatia@gmail.com<\/a><\/td>\n<\/tr>\n<tr>\n<td height=\"20\">Carmentilla C. Martins<\/td>\n<td><a href=\"mailto:carmentilla@unifap.br\">carmentilla@unifap.br<\/a><\/td>\n<\/tr>\n<tr>\n<td height=\"20\">Dorival da C. dos Santos<\/td>\n<td><a href=\"mailto:nei.ap@bol.com.br\/nei.ap@unifap.br\">nei.ap@bol.com.br\/nei.ap@unifap.br<\/a><\/td>\n<\/tr>\n<tr>\n<td height=\"20\">Paulo M. C. da Costa<\/td>\n<td>Paulo.cambraia@hotmail.com<\/td>\n<\/tr>\n<tr>\n<td height=\"20\">Maria L\u00facia T. Borges<\/td>\n<td>luciaborges@unifap.br<\/td>\n<\/tr>\n<tr>\n<td height=\"20\">Maria de Lourdes Sanches Vulc\u00e3o<\/td>\n<td><a href=\"mailto:vulcaoap@hotmail.com\">vulcaoap@hotmail.com<\/a><\/td>\n<\/tr>\n<tr>\n<td height=\"20\">Mariana de A. Gon\u00e7alves<\/td>\n<td><a href=\"mailto:spartakus@unifap.br\">spartakus@unifap.br<\/a><\/td>\n<\/tr>\n<tr>\n<td height=\"20\">Rosalva Ivone O. Cust\u00f3dio<\/td>\n<td>rosaldaivone@zipmail.com.br<\/td>\n<\/tr>\n<\/tbody>\n<\/table>\n","protected":false},"excerpt":{"rendered":"<p>Simone P. Garcia simonepgarcia@unifap.br Cecilia Maria C.B.Bastos ceciliamaria@unifap.br Iza Vanesa P.F.Guimar\u00e3es izavanesa@yahoo.com.br Ed Carlos S.Guimar\u00e3es edufpa3@yahoo.com.br Raimundo de L.Brito brito@unifap.br Dilene K\u00e1tia C. da Silva dilenekatia@gmail.com Carmentilla C. Martins carmentilla@unifap.br Dorival da C. dos Santos nei.ap@bol.com.br\/nei.ap@unifap.br Paulo M. C. da Costa Paulo.cambraia@hotmail.com Maria L\u00facia T. Borges luciaborges@unifap.br Maria de Lourdes Sanches Vulc\u00e3o vulcaoap@hotmail.com Mariana de&#8230;<\/p>\n","protected":false},"author":29,"featured_media":0,"parent":57,"menu_order":2,"comment_status":"closed","ping_status":"closed","template":"template-onecolumn.php","meta":{"inline_featured_image":false,"ngg_post_thumbnail":0,"footnotes":""},"class_list":["post-151","page","type-page","status-publish","hentry","entry"],"_links":{"self":[{"href":"https:\/\/www2.unifap.br\/parfor\/wp-json\/wp\/v2\/pages\/151","targetHints":{"allow":["GET"]}}],"collection":[{"href":"https:\/\/www2.unifap.br\/parfor\/wp-json\/wp\/v2\/pages"}],"about":[{"href":"https:\/\/www2.unifap.br\/parfor\/wp-json\/wp\/v2\/types\/page"}],"author":[{"embeddable":true,"href":"https:\/\/www2.unifap.br\/parfor\/wp-json\/wp\/v2\/users\/29"}],"replies":[{"embeddable":true,"href":"https:\/\/www2.unifap.br\/parfor\/wp-json\/wp\/v2\/comments?post=151"}],"version-history":[{"count":6,"href":"https:\/\/www2.unifap.br\/parfor\/wp-json\/wp\/v2\/pages\/151\/revisions"}],"predecessor-version":[{"id":2454,"href":"https:\/\/www2.unifap.br\/parfor\/wp-json\/wp\/v2\/pages\/151\/revisions\/2454"}],"up":[{"embeddable":true,"href":"https:\/\/www2.unifap.br\/parfor\/wp-json\/wp\/v2\/pages\/57"}],"wp:attachment":[{"href":"https:\/\/www2.unifap.br\/parfor\/wp-json\/wp\/v2\/media?parent=151"}],"curies":[{"name":"wp","href":"https:\/\/api.w.org\/{rel}","templated":true}]}}