{"id":50,"date":"2010-03-17T14:02:39","date_gmt":"2010-03-17T16:02:39","guid":{"rendered":"http:\/\/pororoca.unifap.br\/parfor\/?page_id=50"},"modified":"2017-02-20T13:09:22","modified_gmt":"2017-02-20T13:09:22","slug":"biologia","status":"publish","type":"page","link":"https:\/\/www2.unifap.br\/parfor\/cursos\/biologia\/","title":{"rendered":"Ci\u00eancias Biol\u00f3gicas"},"content":{"rendered":"<p style=\"text-align: center\"><a href=\"http:\/\/www2.unifap.br\/parfor\/files\/2010\/03\/ciencia-biologicas-2.jpg\"><img fetchpriority=\"high\" decoding=\"async\" class=\"alignnone size-medium wp-image-6187\" alt=\"ciencia-biologicas-2\" src=\"http:\/\/www2.unifap.br\/parfor\/files\/2010\/03\/ciencia-biologicas-2-300x180.jpg\" width=\"300\" height=\"180\" srcset=\"https:\/\/www2.unifap.br\/parfor\/files\/2010\/03\/ciencia-biologicas-2-300x180.jpg 300w, https:\/\/www2.unifap.br\/parfor\/files\/2010\/03\/ciencia-biologicas-2.jpg 400w\" sizes=\"(max-width: 300px) 100vw, 300px\" \/><\/a><\/p>\n<p style=\"text-align: center\"><strong><em>Curso de Licenciatura Ci\u00eancias Biol\u00f3gicas<\/em><\/strong><\/p>\n<hr \/>\n<p style=\"text-align: center\"><strong><strong>Andrea Soares de Ara\u00fajo<\/strong><\/strong><\/p>\n<p style=\"text-align: center\"><strong><strong> <\/strong><\/strong>Coordenadora do Curso de Ci\u00eancias Biol\u00f3gicas\/PARFOR<\/p>\n<p style=\"text-align: center\"><a href=\"http:\/\/www.unifap.br\/public\/index\/viewarquivo\/id\/108414\"><em>Portaria N\u00ba 917\/2014<\/em><\/a><\/p>\n<blockquote>\n<p style=\"text-align: right\"><strong>CONTATO:<\/strong> biologicas@unifap.br<strong><br \/>\nFONE:<\/strong> (96) 3312-1775<\/p>\n<p style=\"text-align: right\">\n<hr \/>\n<hr \/>\n<div>\n<p style=\"text-align: center\"><strong>Caroline Stone De&#8217; Carli<\/strong><\/p>\n<\/div>\n<p style=\"text-align: center\">Apoio administrativo (Estagi\u00e1ria)<\/p>\n<hr \/>\n<\/blockquote>\n<p>&nbsp;<\/p>\n<p>&nbsp;<\/p>\n<p>&nbsp;<\/p>\n<p>&nbsp;<\/p>\n<p>&nbsp;<\/p>\n","protected":false},"excerpt":{"rendered":"<p>Curso de Licenciatura Ci\u00eancias Biol\u00f3gicas Andrea Soares de Ara\u00fajo Coordenadora do Curso de Ci\u00eancias Biol\u00f3gicas\/PARFOR Portaria N\u00ba 917\/2014 CONTATO: biologicas@unifap.br FONE: (96) 3312-1775 Caroline Stone De&#8217; Carli Apoio administrativo (Estagi\u00e1ria) &nbsp; &nbsp; &nbsp; &nbsp; &nbsp;<\/p>\n","protected":false},"author":29,"featured_media":0,"parent":19,"menu_order":2,"comment_status":"closed","ping_status":"closed","template":"","meta":{"inline_featured_image":false,"ngg_post_thumbnail":0,"footnotes":""},"class_list":["post-50","page","type-page","status-publish","hentry","entry"],"_links":{"self":[{"href":"https:\/\/www2.unifap.br\/parfor\/wp-json\/wp\/v2\/pages\/50","targetHints":{"allow":["GET"]}}],"collection":[{"href":"https:\/\/www2.unifap.br\/parfor\/wp-json\/wp\/v2\/pages"}],"about":[{"href":"https:\/\/www2.unifap.br\/parfor\/wp-json\/wp\/v2\/types\/page"}],"author":[{"embeddable":true,"href":"https:\/\/www2.unifap.br\/parfor\/wp-json\/wp\/v2\/users\/29"}],"replies":[{"embeddable":true,"href":"https:\/\/www2.unifap.br\/parfor\/wp-json\/wp\/v2\/comments?post=50"}],"version-history":[{"count":17,"href":"https:\/\/www2.unifap.br\/parfor\/wp-json\/wp\/v2\/pages\/50\/revisions"}],"predecessor-version":[{"id":7012,"href":"https:\/\/www2.unifap.br\/parfor\/wp-json\/wp\/v2\/pages\/50\/revisions\/7012"}],"up":[{"embeddable":true,"href":"https:\/\/www2.unifap.br\/parfor\/wp-json\/wp\/v2\/pages\/19"}],"wp:attachment":[{"href":"https:\/\/www2.unifap.br\/parfor\/wp-json\/wp\/v2\/media?parent=50"}],"curies":[{"name":"wp","href":"https:\/\/api.w.org\/{rel}","templated":true}]}}