{"id":6543,"date":"2016-02-26T13:32:56","date_gmt":"2016-02-26T13:32:56","guid":{"rendered":"http:\/\/www2.unifap.br\/parfor\/?page_id=6543"},"modified":"2016-02-26T13:37:31","modified_gmt":"2016-02-26T13:37:31","slug":"regulamentos","status":"publish","type":"page","link":"https:\/\/www2.unifap.br\/parfor\/cursos\/matematica\/regulamentos\/","title":{"rendered":"Regulamentos"},"content":{"rendered":"<p>Segue os regulamentos aprovados pelo Conselho Universit\u00e1rio (CONSU) e adotados pelo colegiado de Matem\u00e1tica\/PARFOR:<\/p>\n<p><a href=\"http:\/\/www2.unifap.br\/parfor\/cursos\/matematica\/regulamentos\/regulamento-das-diretrizes-para-o-tcc\/\"><strong>Regulamento das diretrizes para o TCC<\/strong><\/a><\/p>\n<p><a href=\"http:\/\/www2.unifap.br\/parfor\/cursos\/matematica\/regulamentos\/regulamento-de-aacc\/\"><strong>Regulamento de AACC<\/strong><\/a><\/p>\n<p><a href=\"http:\/\/www2.unifap.br\/parfor\/cursos\/matematica\/regulamentos\/regulamento-de-estagio-supervisionado\/\"><strong>Regulamento de Est\u00e1gio Supervisionado<\/strong><\/a><\/p>\n<p><a href=\"http:\/\/www2.unifap.br\/parfor\/cursos\/matematica\/regulamentos\/resolucao-de-iniciacao-cientifica-voluntaria\/\"><strong>Regulamento de Inicia\u00e7\u00e3o Cient\u00edfica Volunt\u00e1ria<\/strong><\/a><\/p>\n<p>&nbsp;<\/p>\n","protected":false},"excerpt":{"rendered":"<p>Segue os regulamentos aprovados pelo Conselho Universit\u00e1rio (CONSU) e adotados pelo colegiado de Matem\u00e1tica\/PARFOR: Regulamento das diretrizes para o TCC Regulamento de AACC Regulamento de Est\u00e1gio Supervisionado Regulamento de Inicia\u00e7\u00e3o Cient\u00edfica Volunt\u00e1ria &nbsp;<\/p>\n","protected":false},"author":859,"featured_media":0,"parent":1102,"menu_order":0,"comment_status":"open","ping_status":"open","template":"","meta":{"inline_featured_image":false,"ngg_post_thumbnail":0,"footnotes":""},"class_list":["post-6543","page","type-page","status-publish","hentry","entry"],"_links":{"self":[{"href":"https:\/\/www2.unifap.br\/parfor\/wp-json\/wp\/v2\/pages\/6543","targetHints":{"allow":["GET"]}}],"collection":[{"href":"https:\/\/www2.unifap.br\/parfor\/wp-json\/wp\/v2\/pages"}],"about":[{"href":"https:\/\/www2.unifap.br\/parfor\/wp-json\/wp\/v2\/types\/page"}],"author":[{"embeddable":true,"href":"https:\/\/www2.unifap.br\/parfor\/wp-json\/wp\/v2\/users\/859"}],"replies":[{"embeddable":true,"href":"https:\/\/www2.unifap.br\/parfor\/wp-json\/wp\/v2\/comments?post=6543"}],"version-history":[{"count":3,"href":"https:\/\/www2.unifap.br\/parfor\/wp-json\/wp\/v2\/pages\/6543\/revisions"}],"predecessor-version":[{"id":6549,"href":"https:\/\/www2.unifap.br\/parfor\/wp-json\/wp\/v2\/pages\/6543\/revisions\/6549"}],"up":[{"embeddable":true,"href":"https:\/\/www2.unifap.br\/parfor\/wp-json\/wp\/v2\/pages\/1102"}],"wp:attachment":[{"href":"https:\/\/www2.unifap.br\/parfor\/wp-json\/wp\/v2\/media?parent=6543"}],"curies":[{"name":"wp","href":"https:\/\/api.w.org\/{rel}","templated":true}]}}