{"id":6696,"date":"2016-05-30T12:35:22","date_gmt":"2016-05-30T12:35:22","guid":{"rendered":"http:\/\/www2.unifap.br\/parfor\/?page_id=6696"},"modified":"2016-05-30T12:35:22","modified_gmt":"2016-05-30T12:35:22","slug":"ppc-segunda-licenciatura","status":"publish","type":"page","link":"https:\/\/www2.unifap.br\/parfor\/cursos\/matematica\/segunda-licenciatura\/ppc-segunda-licenciatura\/","title":{"rendered":"PPC \u2013 Segunda Licenciatura"},"content":{"rendered":"<p><a href=\"http:\/\/www2.unifap.br\/parfor\/files\/2016\/05\/\u00b4PPC-DE-SEGUNDA-LICENCIATURA-EM-MATEM\u00c1TICA-DO-PARFOR-26.pdf\">Projeto Pol\u00edtico Pedag\u00f3gico do Curso de Matem\u00e1tica\/PARFOR &#8211; Segunda Licenciatura<\/a><\/p>\n<p>&nbsp;<\/p>\n","protected":false},"excerpt":{"rendered":"<p>Projeto Pol\u00edtico Pedag\u00f3gico do Curso de Matem\u00e1tica\/PARFOR &#8211; Segunda Licenciatura &nbsp;<\/p>\n","protected":false},"author":859,"featured_media":0,"parent":6693,"menu_order":0,"comment_status":"open","ping_status":"open","template":"","meta":{"inline_featured_image":false,"ngg_post_thumbnail":0,"footnotes":""},"class_list":["post-6696","page","type-page","status-publish","hentry","entry"],"_links":{"self":[{"href":"https:\/\/www2.unifap.br\/parfor\/wp-json\/wp\/v2\/pages\/6696","targetHints":{"allow":["GET"]}}],"collection":[{"href":"https:\/\/www2.unifap.br\/parfor\/wp-json\/wp\/v2\/pages"}],"about":[{"href":"https:\/\/www2.unifap.br\/parfor\/wp-json\/wp\/v2\/types\/page"}],"author":[{"embeddable":true,"href":"https:\/\/www2.unifap.br\/parfor\/wp-json\/wp\/v2\/users\/859"}],"replies":[{"embeddable":true,"href":"https:\/\/www2.unifap.br\/parfor\/wp-json\/wp\/v2\/comments?post=6696"}],"version-history":[{"count":1,"href":"https:\/\/www2.unifap.br\/parfor\/wp-json\/wp\/v2\/pages\/6696\/revisions"}],"predecessor-version":[{"id":6698,"href":"https:\/\/www2.unifap.br\/parfor\/wp-json\/wp\/v2\/pages\/6696\/revisions\/6698"}],"up":[{"embeddable":true,"href":"https:\/\/www2.unifap.br\/parfor\/wp-json\/wp\/v2\/pages\/6693"}],"wp:attachment":[{"href":"https:\/\/www2.unifap.br\/parfor\/wp-json\/wp\/v2\/media?parent=6696"}],"curies":[{"name":"wp","href":"https:\/\/api.w.org\/{rel}","templated":true}]}}