{"id":7919,"date":"2024-01-29T13:35:49","date_gmt":"2024-01-29T13:35:49","guid":{"rendered":"https:\/\/www2.unifap.br\/parfor\/?page_id=7919"},"modified":"2024-01-29T13:35:49","modified_gmt":"2024-01-29T13:35:49","slug":"reoferta-para-cursistas-com-pendencias-parfor-turmas-2013-2014-2015-e-2016","status":"publish","type":"page","link":"https:\/\/www2.unifap.br\/parfor\/reoferta-para-cursistas-com-pendencias-parfor-turmas-2013-2014-2015-e-2016\/","title":{"rendered":"REOFERTA PARA CURSISTAS COM PEND\u00caNCIAS PARFOR TURMAS 2013-2014-2015 E 2016"},"content":{"rendered":"<p><strong>A Coordena\u00e7\u00e3o Geral do Parfor re-oferta componentes curriculares para cursistas de turmas j\u00e1 formadas dos anos de 2013;2014;2015 e 2016, a fim de que os mesmos concluam seus cursos. Caso voc\u00ea seja um destes cursistas, envie e-mail com solicita\u00e7\u00e3o para (parforunifap2022@hotmail.com).&nbsp;&nbsp;<\/strong><\/p>\n<p><strong>&nbsp;<\/strong><a href=\"http:\/\/www2.unifap.br\/parfor\/files\/2024\/01\/REOFERTA-TURMAS-FORMADAS-1.pdf\">REOFERTA TURMAS FORMADAS<\/a><\/p>\n","protected":false},"excerpt":{"rendered":"<p>A Coordena\u00e7\u00e3o Geral do Parfor re-oferta componentes curriculares para cursistas de turmas j\u00e1 formadas dos anos de 2013;2014;2015 e 2016, a fim de que os mesmos concluam seus cursos. Caso voc\u00ea seja um destes cursistas, envie e-mail com solicita\u00e7\u00e3o para (parforunifap2022@hotmail.com).&nbsp;&nbsp; &nbsp;REOFERTA TURMAS FORMADAS<\/p>\n","protected":false},"author":3807,"featured_media":0,"parent":0,"menu_order":0,"comment_status":"closed","ping_status":"closed","template":"","meta":{"inline_featured_image":false,"ngg_post_thumbnail":0,"footnotes":""},"class_list":["post-7919","page","type-page","status-publish","hentry","entry"],"_links":{"self":[{"href":"https:\/\/www2.unifap.br\/parfor\/wp-json\/wp\/v2\/pages\/7919","targetHints":{"allow":["GET"]}}],"collection":[{"href":"https:\/\/www2.unifap.br\/parfor\/wp-json\/wp\/v2\/pages"}],"about":[{"href":"https:\/\/www2.unifap.br\/parfor\/wp-json\/wp\/v2\/types\/page"}],"author":[{"embeddable":true,"href":"https:\/\/www2.unifap.br\/parfor\/wp-json\/wp\/v2\/users\/3807"}],"replies":[{"embeddable":true,"href":"https:\/\/www2.unifap.br\/parfor\/wp-json\/wp\/v2\/comments?post=7919"}],"version-history":[{"count":2,"href":"https:\/\/www2.unifap.br\/parfor\/wp-json\/wp\/v2\/pages\/7919\/revisions"}],"predecessor-version":[{"id":7922,"href":"https:\/\/www2.unifap.br\/parfor\/wp-json\/wp\/v2\/pages\/7919\/revisions\/7922"}],"wp:attachment":[{"href":"https:\/\/www2.unifap.br\/parfor\/wp-json\/wp\/v2\/media?parent=7919"}],"curies":[{"name":"wp","href":"https:\/\/api.w.org\/{rel}","templated":true}]}}