{"id":901,"date":"2025-05-26T16:15:13","date_gmt":"2025-05-26T19:15:13","guid":{"rendered":"https:\/\/www2.unifap.br\/pdiffamapa\/?page_id=901"},"modified":"2026-03-26T21:41:22","modified_gmt":"2026-03-27T00:41:22","slug":"projetos-para-infraestrutura","status":"publish","type":"page","link":"https:\/\/www2.unifap.br\/pdiffamapa\/projetos-para-infraestrutura\/","title":{"rendered":"Projetos para Infraestrutura"},"content":{"rendered":"\t\t<div data-elementor-type=\"wp-page\" data-elementor-id=\"901\" class=\"elementor elementor-901\">\n\t\t\t\t<div class=\"elementor-element elementor-element-ecb9a2c e-flex e-con-boxed e-con e-parent\" data-id=\"ecb9a2c\" data-element_type=\"container\" data-e-type=\"container\">\n\t\t\t\t\t<div class=\"e-con-inner\">\n\t\t\t\t<div class=\"elementor-element elementor-element-cfc5129 elementor-widget elementor-widget-heading\" data-id=\"cfc5129\" data-element_type=\"widget\" data-e-type=\"widget\" data-widget_type=\"heading.default\">\n\t\t\t\t<div class=\"elementor-widget-container\">\n\t\t\t\t\t<h2 class=\"elementor-heading-title elementor-size-default\">CARTEIRA DE PROJETOS PARA INFRAESTRUTURA<\/h2>\t\t\t\t<\/div>\n\t\t\t\t<\/div>\n\t\t\t\t<div class=\"elementor-element elementor-element-e815b0f elementor-widget elementor-widget-text-editor\" data-id=\"e815b0f\" data-element_type=\"widget\" data-e-type=\"widget\" data-widget_type=\"text-editor.default\">\n\t\t\t\t<div class=\"elementor-widget-container\">\n\t\t\t\t\t\t\t\t\t<table><tbody><tr><td width=\"4,2800%\"><p><strong><b>\u00a0<\/b><\/strong><\/p><\/td><td width=\"17,0400%\"><p><strong><b>O que fazer?<\/b><\/strong><\/p><\/td><td width=\"13,8800%\"><p><strong><b>Por que fazer?<\/b><\/strong><\/p><\/td><td width=\"15,7000%\"><p><strong><b>Onde?<\/b><\/strong><\/p><\/td><td width=\"18,4600%\"><p><strong><b>Quem?<\/b><\/strong><\/p><\/td><td width=\"15,2000%\"><p><strong><b>Como?<\/b><\/strong><\/p><\/td><td width=\"15,4200%\"><p><strong><b>Fator detalhado<\/b><\/strong><\/p><\/td><\/tr><tr><td width=\"4,2800%\"><p><strong><b>1<\/b><\/strong><\/p><\/td><td width=\"17,0400%\"><p><strong><b>Implementa\u00e7\u00e3o de tecnologias sociais para acesso \u00e0 \u00e1gua pot\u00e1vel (cisternas, telhados inteligentes, filtros, esta\u00e7\u00f5es m\u00f3veis e fixas)<\/b><\/strong><\/p><\/td><td width=\"13,8800%\"><p>A falta de saneamento e de \u00e1gua tratada em \u00e1reas remotas da Faixa de Fronteira do Amap\u00e1 eleva a vulnerabilidade h\u00eddrica e o risco de doen\u00e7as.<\/p><\/td><td width=\"15,7000%\"><p>Ferreira Gomes (parte alta), Aldeia do Manga, Cunani (Oiapoque)<\/p><\/td><td width=\"18,4600%\"><p>Fundo Amaz\u00f4nia; CSA Equatorial; SEINF\/AP; Secretarias Municipais; CCPIO; SESA\/AP; SEMA\/AP; IFES; Sistema S; Associa\u00e7\u00f5es e cooperativas<\/p><\/td><td width=\"15,2000%\"><p>Instala\u00e7\u00e3o de tecnologias sociais de capta\u00e7\u00e3o e tratamento adaptadas ao contexto local<\/p><\/td><td width=\"15,4200%\"><p>Log\u00edstica para \u00e1reas remotas e manuten\u00e7\u00e3o comunit\u00e1ria<\/p><\/td><\/tr><tr><td width=\"4,2800%\"><p><strong><b>2<\/b><\/strong><\/p><\/td><td width=\"17,0400%\"><p><strong><b>Implementa\u00e7\u00e3o de solu\u00e7\u00f5es de coleta e tratamento de esgoto dom\u00e9stico (fossas biodigestoras, bacias de evapotranspira\u00e7\u00e3o)<\/b><\/strong><\/p><\/td><td width=\"13,8800%\"><p>A aus\u00eancia de saneamento b\u00e1sico nas comunidades da Faixa de Fronteira compromete a sa\u00fade p\u00fablica e o equil\u00edbrio ambiental.<\/p><\/td><td width=\"15,7000%\"><p>Comunidades tradicionais da Faixa de Fronteira<\/p><p>EIXO DE POVOS E COMUNIDADES TRADICIONAIS?<\/p><\/td><td width=\"18,4600%\"><p>SEMA\/AP; Secretarias Municipais; SEINF\/AP; Associa\u00e7\u00f5es; CSA Equatorial; EMBRAPA; FUNASA<\/p><\/td><td width=\"15,2000%\"><p>Instala\u00e7\u00e3o comunit\u00e1ria de sistemas de saneamento ecol\u00f3gico<\/p><\/td><td width=\"15,4200%\"><p>Capacita\u00e7\u00e3o t\u00e9cnica e engajamento local para opera\u00e7\u00e3o<\/p><\/td><\/tr><tr><td width=\"4,2800%\"><p><strong><b>3<\/b><\/strong><\/p><\/td><td width=\"17,0400%\"><p><strong><b>Flexibiliza\u00e7\u00e3o e Desburocratiza\u00e7\u00e3o para Acesso as linhas de cr\u00e9dito para energia fotovoltaica (Hoje operacionalizado pelo BASA por meio do FNO)<\/b><\/strong><\/p><\/td><td width=\"13,8800%\"><p>A inseguran\u00e7a energ\u00e9tica e a limita\u00e7\u00e3o t\u00e9cnica e or\u00e7ament\u00e1ria dos munic\u00edpios dificultam o acesso a fontes renov\u00e1veis de energia.<\/p><\/td><td width=\"15,7000%\"><p>Toda a Faixa de Fronteira do Amap\u00e1<\/p><\/td><td width=\"18,4600%\"><p>Ag\u00eancia Amap\u00e1; Secretarias Municipais; Sistema S; FECOM\u00c9RCIO; SETE\/AP; cooperativas<\/p><\/td><td width=\"15,2000%\"><p>Programas de cr\u00e9dito subsidiado para empreendedores e fam\u00edlias<\/p><\/td><td width=\"15,4200%\"><p>Capacidade de financiamento, juros acess\u00edveis e suporte t\u00e9cnico<\/p><\/td><\/tr><tr><td width=\"4,2800%\"><p><strong><b>4<\/b><\/strong><\/p><\/td><td width=\"17,0400%\"><p><strong><b>Aquisi\u00e7\u00e3o e Instala\u00e7\u00e3o de Kits de Conectividade (placas fotovoltaicas, baterias e internet em localidades sem rede el\u00e9trica)<\/b><\/strong><\/p><p><strong><b>\u00a0<\/b><\/strong><\/p><\/td><td width=\"13,8800%\"><p>\u00a0A instabilidade na conectividade e o d\u00e9ficit energ\u00e9tico restringem o acesso \u00e0 informa\u00e7\u00e3o e a servi\u00e7os essenciais em \u00e1reas isoladas.<\/p><\/td><td width=\"15,7000%\"><p>Comunidades da Faixa de Fronteira sem rede el\u00e9trica<\/p><\/td><td width=\"18,4600%\"><p>Secretarias Municipais; CEA Equatorial; MME; MIDR; MC; BNDES; ONGs; Sistema S<\/p><\/td><td width=\"15,2000%\"><p>Aquisi\u00e7\u00e3o e Implanta\u00e7\u00e3o de kits de conectividade por meio do fortalecimento dos Programas a exemplo do Luz para Todos \/ Mais Luz para a Amaz\u00f4nia e Wi-Fi Brasil<\/p><\/td><td width=\"15,4200%\"><p>Manuten\u00e7\u00e3o cont\u00ednua e treinamento local<\/p><\/td><\/tr><tr><td width=\"4,2800%\"><p><strong><b>5<\/b><\/strong><\/p><\/td><td width=\"17,0400%\"><p><strong><b>Implanta\u00e7\u00e3o e operacionaliza\u00e7\u00e3o de terminal portu\u00e1rio para transporte fluviais e log\u00edsticas transfronteiri\u00e7as<\/b><\/strong><\/p><\/td><td width=\"13,8800%\"><p>A baixa infraestrutura log\u00edstica reduz o aproveitamento do potencial hidrovi\u00e1rio e enfraquece a integra\u00e7\u00e3o com a Guiana Francesa.<\/p><\/td><td width=\"15,7000%\"><p>Oiapoque<\/p><\/td><td width=\"18,4600%\"><p>SEPLAN; GEA; DNIT; Prefeitura de Oiapoque; MIDR; MCid; MI<\/p><\/td><td width=\"15,2000%\"><p>Constru\u00e7\u00e3o e gest\u00e3o portu\u00e1ria integrada, com regula\u00e7\u00e3o e incentivos log\u00edsticos<\/p><\/td><td width=\"15,4200%\"><p>Articula\u00e7\u00e3o interinstitucional, viabilidade regulat\u00f3ria e modelo de gest\u00e3o sustent\u00e1vel.<\/p><\/td><\/tr><tr><td width=\"4,2800%\"><p><strong><b>6<\/b><\/strong><\/p><\/td><td width=\"17,0400%\"><p><strong><b>Implanta\u00e7\u00e3o de sistema integrado de transporte p\u00fablico intermunicipal com acesso priorit\u00e1rio a estudantes universit\u00e1rios<\/b><\/strong><\/p><\/td><td width=\"13,8800%\"><p>A insufici\u00eancia de transporte intermunicipal regular limita o acesso ao ensino superior, aos servi\u00e7os p\u00fablicos e \u00e0 din\u00e2mica econ\u00f4mica regional.<\/p><\/td><td width=\"15,7000%\"><p>Regi\u00e3o dos Lagos; Laranjal do Jari; Ferreira Gomes; Serra do Navio; Pedra Branca do Amapari<\/p><\/td><td width=\"18,4600%\"><p>MCid; SDC\/AP; SETRAP\/AP; SEMOB; MEC; SEED\/AP; Secretarias Municipais; IFES<\/p><\/td><td width=\"15,2000%\"><p>Cria\u00e7\u00e3o de rotas regulares por meio de concess\u00f5es p\u00fablicas, com subs\u00eddio governamental e cotas de prioridade para estudantes<\/p><\/td><td width=\"15,4200%\"><p>Equil\u00edbrio econ\u00f4mico-financeiro dos contratos, fiscaliza\u00e7\u00e3o cont\u00ednua e integra\u00e7\u00e3o com demandas educacionais e produtivas<\/p><\/td><\/tr><tr><td width=\"4,2800%\"><p><strong><b>7<\/b><\/strong><\/p><\/td><td width=\"17,0400%\"><p><strong><b>Constru\u00e7\u00e3o de terminais pesqueiros com centros de beneficiamento<\/b><\/strong><\/p><\/td><td width=\"13,8800%\"><p>A aus\u00eancia de infraestrutura limita o potencial pesqueiro, o valor agregado e a economia regional.<\/p><\/td><td width=\"15,7000%\"><p>Amap\u00e1; Oiapoque; Cal\u00e7oene; Pracu\u00faba; Ferreira Gomes<\/p><\/td><td width=\"18,4600%\"><p>SENAR\/AP; EMBRAPA; RURAP; IEPA; SEPAq\/AP; MPA; MAPA; Cooperativas<\/p><\/td><td width=\"15,2000%\"><p>Implanta\u00e7\u00e3o de unidades de beneficiamento com manejo sustent\u00e1vel e certifica\u00e7\u00e3o<\/p><\/td><td width=\"15,4200%\"><p>Gest\u00e3o compartilhada, certifica\u00e7\u00e3o sanit\u00e1ria e integra\u00e7\u00e3o com a cadeia produtiva<\/p><\/td><\/tr><tr><td width=\"4,2800%\"><p><strong><b>8<\/b><\/strong><\/p><\/td><td width=\"17,0400%\"><p><strong><b>Implanta\u00e7\u00e3o de redes comunit\u00e1rias de banda larga com gest\u00e3o local<\/b><\/strong><\/p><\/td><td width=\"13,8800%\"><p>A conectividade inst\u00e1vel limita acesso \u00e0 informa\u00e7\u00e3o, educa\u00e7\u00e3o e servi\u00e7os p\u00fablicos digitais.<\/p><\/td><td width=\"15,7000%\"><p>Toda a Faixa de Fronteira do Amap\u00e1<\/p><\/td><td width=\"18,4600%\"><p>SETEC\/AP; MCom; SEINF\/AP; CCPIO; MIDR<\/p><\/td><td width=\"15,2000%\"><p>Infraestrutura compartilhada com suporte t\u00e9cnico e autonomia comunit\u00e1ria<\/p><\/td><td width=\"15,4200%\"><p>Modelo de governan\u00e7a comunit\u00e1ria, suporte t\u00e9cnico local e sustentabilidade financeira<\/p><\/td><\/tr><tr><td width=\"4,2800%\"><p><strong><b>9<\/b><\/strong><\/p><\/td><td width=\"17,0400%\"><p><strong><b>Desenvolvimento habitacional com saneamento e energia sustent\u00e1vel<\/b><\/strong><\/p><\/td><td width=\"13,8800%\"><p>D\u00e9ficit habitacional e infraestrutura inadequada aumentam a vulnerabilidade urbana e social.<\/p><\/td><td width=\"15,7000%\"><p>Toda a Faixa de Fronteira do Amap\u00e1<\/p><\/td><td width=\"18,4600%\"><p>MCid; MIDR; MDS; SEINF\/AP; SDC\/AP; SEHAB\/AP; SEMMA\/AP; IFES<\/p><\/td><td width=\"15,2000%\"><p>Constru\u00e7\u00e3o habitacional integrada a tecnologias sociais e efici\u00eancia energ\u00e9tica<\/p><\/td><td width=\"15,4200%\"><p>Prioriza\u00e7\u00e3o territorial, articula\u00e7\u00e3o entre pol\u00edticas habitacionais e infraestrutura b\u00e1sica e capacidade de manuten\u00e7\u00e3o p\u00f3s-obra<\/p><\/td><\/tr><tr><td width=\"4,2800%\"><p><strong><b>10<\/b><\/strong><\/p><\/td><td width=\"17,0400%\"><p><strong><b>Cria\u00e7\u00e3o de Centros de Criatividade com forma\u00e7\u00e3o art\u00edstica e economia criativa<\/b><\/strong><\/p><\/td><td width=\"13,8800%\"><p>A aus\u00eancia de espa\u00e7os culturais limita desenvolvimento local, turismo e gera\u00e7\u00e3o de renda criativa.<\/p><\/td><td width=\"15,7000%\"><p>Oiapoque, Cal\u00e7oene, Ferreira Gomes, Amap\u00e1, Pracu\u00faba, Laranjal do Jari, Serra do Navio<\/p><\/td><td width=\"18,4600%\"><p>SECULT\/AP; Secretarias Municipais; Sistema S; MINC; MPI; SEED\/AP<\/p><\/td><td width=\"15,2000%\"><p>Espa\u00e7os multifuncionais com oficinas, est\u00fadios e salas maker<\/p><\/td><td width=\"15,4200%\"><p>Programa\u00e7\u00e3o cont\u00ednua, gest\u00e3o compartilhada e integra\u00e7\u00e3o com pol\u00edticas de cultura, turismo e economia criativa<\/p><\/td><\/tr><\/tbody><\/table>\t\t\t\t\t\t\t\t<\/div>\n\t\t\t\t<\/div>\n\t\t\t\t\t<\/div>\n\t\t\t\t<\/div>\n\t\t\t\t<\/div>\n\t\t","protected":false},"excerpt":{"rendered":"<p>CARTEIRA DE PROJETOS PARA INFRAESTRUTURA \u00a0 O que fazer? Por que fazer? Onde? Quem? Como? Fator detalhado 1 Implementa\u00e7\u00e3o de&#8230;<\/p>\n","protected":false},"author":4048,"featured_media":0,"parent":0,"menu_order":0,"comment_status":"closed","ping_status":"closed","template":"","meta":{"inline_featured_image":false,"site-sidebar-layout":"no-sidebar","site-content-layout":"","ast-site-content-layout":"full-width-container","site-content-style":"default","site-sidebar-style":"default","ast-global-header-display":"","ast-banner-title-visibility":"","ast-main-header-display":"","ast-hfb-above-header-display":"","ast-hfb-below-header-display":"","ast-hfb-mobile-header-display":"","site-post-title":"disabled","ast-breadcrumbs-content":"","ast-featured-img":"disabled","footer-sml-layout":"","theme-transparent-header-meta":"","adv-header-id-meta":"","stick-header-meta":"","header-above-stick-meta":"","header-main-stick-meta":"","header-below-stick-meta":"","astra-migrate-meta-layouts":"default","ast-page-background-enabled":"default","ast-page-background-meta":{"desktop":{"background-color":"var(--ast-global-color-4)","background-image":"","background-repeat":"repeat","background-position":"center center","background-size":"auto","background-attachment":"scroll","background-type":"","background-media":"","overlay-type":"","overlay-color":"","overlay-opacity":"","overlay-gradient":""},"tablet":{"background-color":"","background-image":"","background-repeat":"repeat","background-position":"center center","background-size":"auto","background-attachment":"scroll","background-type":"","background-media":"","overlay-type":"","overlay-color":"","overlay-opacity":"","overlay-gradient":""},"mobile":{"background-color":"","background-image":"","background-repeat":"repeat","background-position":"center center","background-size":"auto","background-attachment":"scroll","background-type":"","background-media":"","overlay-type":"","overlay-color":"","overlay-opacity":"","overlay-gradient":""}},"ast-content-background-meta":{"desktop":{"background-color":"var(--ast-global-color-5)","background-image":"","background-repeat":"repeat","background-position":"center center","background-size":"auto","background-attachment":"scroll","background-type":"","background-media":"","overlay-type":"","overlay-color":"","overlay-opacity":"","overlay-gradient":""},"tablet":{"background-color":"var(--ast-global-color-5)","background-image":"","background-repeat":"repeat","background-position":"center center","background-size":"auto","background-attachment":"scroll","background-type":"","background-media":"","overlay-type":"","overlay-color":"","overlay-opacity":"","overlay-gradient":""},"mobile":{"background-color":"var(--ast-global-color-5)","background-image":"","background-repeat":"repeat","background-position":"center center","background-size":"auto","background-attachment":"scroll","background-type":"","background-media":"","overlay-type":"","overlay-color":"","overlay-opacity":"","overlay-gradient":""}},"footnotes":""},"class_list":["post-901","page","type-page","status-publish","hentry"],"_links":{"self":[{"href":"https:\/\/www2.unifap.br\/pdiffamapa\/wp-json\/wp\/v2\/pages\/901","targetHints":{"allow":["GET"]}}],"collection":[{"href":"https:\/\/www2.unifap.br\/pdiffamapa\/wp-json\/wp\/v2\/pages"}],"about":[{"href":"https:\/\/www2.unifap.br\/pdiffamapa\/wp-json\/wp\/v2\/types\/page"}],"author":[{"embeddable":true,"href":"https:\/\/www2.unifap.br\/pdiffamapa\/wp-json\/wp\/v2\/users\/4048"}],"replies":[{"embeddable":true,"href":"https:\/\/www2.unifap.br\/pdiffamapa\/wp-json\/wp\/v2\/comments?post=901"}],"version-history":[{"count":19,"href":"https:\/\/www2.unifap.br\/pdiffamapa\/wp-json\/wp\/v2\/pages\/901\/revisions"}],"predecessor-version":[{"id":1592,"href":"https:\/\/www2.unifap.br\/pdiffamapa\/wp-json\/wp\/v2\/pages\/901\/revisions\/1592"}],"wp:attachment":[{"href":"https:\/\/www2.unifap.br\/pdiffamapa\/wp-json\/wp\/v2\/media?parent=901"}],"curies":[{"name":"wp","href":"https:\/\/api.w.org\/{rel}","templated":true}]}}