{"id":251,"date":"2015-11-14T14:14:52","date_gmt":"2015-11-14T14:14:52","guid":{"rendered":"http:\/\/www2.unifap.br\/pedagogia-oiapoque\/?page_id=251"},"modified":"2019-11-01T18:09:19","modified_gmt":"2019-11-01T18:09:19","slug":"nucleo-docente-estruturante-nde","status":"publish","type":"page","link":"https:\/\/www2.unifap.br\/pedagogia-oiapoque\/sobre-o-curso\/nucleo-docente-estruturante-nde\/","title":{"rendered":"N\u00facleo Docente Estruturante (NDE)"},"content":{"rendered":"<p><strong>Membros do N\u00facleo Docente Estruturante:<\/strong><\/p>\n<p>Prof. Zaqueu Maia &#8211; Presidente<\/p>\n<p>Profa. <a href=\"http:\/\/lattes.cnpq.br\/3703227948427350\">Doralice Veiga Alves<\/a><\/p>\n<p>Profa. <a href=\"http:\/\/lattes.cnpq.br\/9972896293347028\">Katia Ligia Vieira Lira<\/a><\/p>\n<p><strong>Atividade atual exercida pelo NDE:<\/strong><\/p>\n<p>Atualiza\u00e7\u00e3o do Projeto Pedag\u00f3gico do Curso (PPC);<\/p>\n<p style=\"text-align: right\">Atualizado em: 22\/10\/2019<\/p>\n","protected":false},"excerpt":{"rendered":"<p>Membros do N\u00facleo Docente Estruturante: Prof. Zaqueu Maia &#8211; Presidente Profa. Doralice Veiga Alves Profa. Katia Ligia Vieira Lira Atividade atual exercida pelo NDE: Atualiza\u00e7\u00e3o do Projeto Pedag\u00f3gico do Curso (PPC); Atualizado em: 22\/10\/2019<\/p>\n","protected":false},"author":829,"featured_media":0,"parent":101,"menu_order":3,"comment_status":"open","ping_status":"open","template":"","meta":{"inline_featured_image":false,"ngg_post_thumbnail":0,"footnotes":""},"class_list":["post-251","page","type-page","status-publish","hentry"],"_links":{"self":[{"href":"https:\/\/www2.unifap.br\/pedagogia-oiapoque\/wp-json\/wp\/v2\/pages\/251","targetHints":{"allow":["GET"]}}],"collection":[{"href":"https:\/\/www2.unifap.br\/pedagogia-oiapoque\/wp-json\/wp\/v2\/pages"}],"about":[{"href":"https:\/\/www2.unifap.br\/pedagogia-oiapoque\/wp-json\/wp\/v2\/types\/page"}],"author":[{"embeddable":true,"href":"https:\/\/www2.unifap.br\/pedagogia-oiapoque\/wp-json\/wp\/v2\/users\/829"}],"replies":[{"embeddable":true,"href":"https:\/\/www2.unifap.br\/pedagogia-oiapoque\/wp-json\/wp\/v2\/comments?post=251"}],"version-history":[{"count":11,"href":"https:\/\/www2.unifap.br\/pedagogia-oiapoque\/wp-json\/wp\/v2\/pages\/251\/revisions"}],"predecessor-version":[{"id":1753,"href":"https:\/\/www2.unifap.br\/pedagogia-oiapoque\/wp-json\/wp\/v2\/pages\/251\/revisions\/1753"}],"up":[{"embeddable":true,"href":"https:\/\/www2.unifap.br\/pedagogia-oiapoque\/wp-json\/wp\/v2\/pages\/101"}],"wp:attachment":[{"href":"https:\/\/www2.unifap.br\/pedagogia-oiapoque\/wp-json\/wp\/v2\/media?parent=251"}],"curies":[{"name":"wp","href":"https:\/\/api.w.org\/{rel}","templated":true}]}}