{"id":345,"date":"2015-11-14T18:06:38","date_gmt":"2015-11-14T18:06:38","guid":{"rendered":"http:\/\/www2.unifap.br\/pedagogia-oiapoque\/?page_id=345"},"modified":"2015-11-14T18:06:38","modified_gmt":"2015-11-14T18:06:38","slug":"grupos-anteriores","status":"publish","type":"page","link":"https:\/\/www2.unifap.br\/pedagogia-oiapoque\/extensao\/grupos-de-extensao\/grupos-anteriores\/","title":{"rendered":"Grupos anteriores"},"content":{"rendered":"<p>Site ainda em constru\u00e7\u00e3o.<br \/>\nEstas informa\u00e7\u00f5es ser\u00e3o disponibilizadas posteriormente.<\/p>\n","protected":false},"excerpt":{"rendered":"<p>Site ainda em constru\u00e7\u00e3o. Estas informa\u00e7\u00f5es ser\u00e3o disponibilizadas posteriormente.<\/p>\n","protected":false},"author":829,"featured_media":0,"parent":341,"menu_order":2,"comment_status":"open","ping_status":"open","template":"","meta":{"inline_featured_image":false,"ngg_post_thumbnail":0,"footnotes":""},"class_list":["post-345","page","type-page","status-publish","hentry"],"_links":{"self":[{"href":"https:\/\/www2.unifap.br\/pedagogia-oiapoque\/wp-json\/wp\/v2\/pages\/345","targetHints":{"allow":["GET"]}}],"collection":[{"href":"https:\/\/www2.unifap.br\/pedagogia-oiapoque\/wp-json\/wp\/v2\/pages"}],"about":[{"href":"https:\/\/www2.unifap.br\/pedagogia-oiapoque\/wp-json\/wp\/v2\/types\/page"}],"author":[{"embeddable":true,"href":"https:\/\/www2.unifap.br\/pedagogia-oiapoque\/wp-json\/wp\/v2\/users\/829"}],"replies":[{"embeddable":true,"href":"https:\/\/www2.unifap.br\/pedagogia-oiapoque\/wp-json\/wp\/v2\/comments?post=345"}],"version-history":[{"count":1,"href":"https:\/\/www2.unifap.br\/pedagogia-oiapoque\/wp-json\/wp\/v2\/pages\/345\/revisions"}],"predecessor-version":[{"id":346,"href":"https:\/\/www2.unifap.br\/pedagogia-oiapoque\/wp-json\/wp\/v2\/pages\/345\/revisions\/346"}],"up":[{"embeddable":true,"href":"https:\/\/www2.unifap.br\/pedagogia-oiapoque\/wp-json\/wp\/v2\/pages\/341"}],"wp:attachment":[{"href":"https:\/\/www2.unifap.br\/pedagogia-oiapoque\/wp-json\/wp\/v2\/media?parent=345"}],"curies":[{"name":"wp","href":"https:\/\/api.w.org\/{rel}","templated":true}]}}