{"id":320,"date":"2018-05-10T16:37:24","date_gmt":"2018-05-10T16:37:24","guid":{"rendered":"http:\/\/www2.unifap.br\/pedagogia\/?page_id=320"},"modified":"2023-05-10T22:50:36","modified_gmt":"2023-05-10T22:50:36","slug":"apresentacao","status":"publish","type":"page","link":"https:\/\/www2.unifap.br\/pedagogia\/apresentacao\/","title":{"rendered":"Apresenta\u00e7\u00e3o"},"content":{"rendered":"<p>O Curso de Pedagogia da UNIFAP gradua o pedagogo para atuar na doc\u00eancia em educa\u00e7\u00e3o infantil e nos anos iniciais do ensino fundamental, bem como nas \u00e1reas previstas nos termos do Art. 64 da Lei N. 9.394\/1996 e do Art. 14 da Resolu\u00e7\u00e3o CNE\/CP N. 1\/2006.<\/p>\n<p>Conforme estabelecido pela Resolu\u00e7\u00e3o CNE\/CP N. 1, de 15\/05\/2006, o Curso ter\u00e1 carga hor\u00e1ria total de 4.040 horas de efetivo trabalho acad\u00eamico, assim distribu\u00eddas:<\/p>\n<p>&nbsp;<\/p>\n<table>\n<tbody>\n<tr>\n<td width=\"371\"><strong>N\u00daCLEO<\/strong><\/td>\n<td width=\"207\"><strong>CARGA HOR\u00c1RIA<\/strong><\/td>\n<\/tr>\n<tr>\n<td width=\"371\">Estudos B\u00e1sicos<\/td>\n<td width=\"207\">2.535<\/td>\n<\/tr>\n<tr>\n<td width=\"371\">Aprofundamento e Diversifica\u00e7\u00e3o de Estudos<\/td>\n<td width=\"207\">845<\/td>\n<\/tr>\n<tr>\n<td width=\"371\">Estudos Integradores<\/td>\n<td width=\"207\">660<\/td>\n<\/tr>\n<tr>\n<td width=\"371\"><strong>CARGA HOR\u00c1RIA TOTAL<\/strong><\/td>\n<td width=\"207\"><strong>4.040<\/strong><\/td>\n<\/tr>\n<\/tbody>\n<\/table>\n<p><strong>\u00a0 \u00a0 \u00a0<\/strong><\/p>\n","protected":false},"excerpt":{"rendered":"<p>O Curso de Pedagogia da UNIFAP gradua o pedagogo para atuar na doc\u00eancia em educa\u00e7\u00e3o infantil e nos anos iniciais do ensino fundamental, bem como nas \u00e1reas previstas nos termos do Art. 64 da Lei N. 9.394\/1996 e do Art.&hellip; <\/p>\n<p><a href=\"https:\/\/www2.unifap.br\/pedagogia\/apresentacao\/\" class=\"readmore-button\">Continue Reading<\/a><\/p>\n","protected":false},"author":1320,"featured_media":0,"parent":0,"menu_order":0,"comment_status":"open","ping_status":"open","template":"","meta":{"inline_featured_image":false,"ngg_post_thumbnail":0,"footnotes":""},"class_list":["post-320","page","type-page","status-publish","hentry"],"_links":{"self":[{"href":"https:\/\/www2.unifap.br\/pedagogia\/wp-json\/wp\/v2\/pages\/320","targetHints":{"allow":["GET"]}}],"collection":[{"href":"https:\/\/www2.unifap.br\/pedagogia\/wp-json\/wp\/v2\/pages"}],"about":[{"href":"https:\/\/www2.unifap.br\/pedagogia\/wp-json\/wp\/v2\/types\/page"}],"author":[{"embeddable":true,"href":"https:\/\/www2.unifap.br\/pedagogia\/wp-json\/wp\/v2\/users\/1320"}],"replies":[{"embeddable":true,"href":"https:\/\/www2.unifap.br\/pedagogia\/wp-json\/wp\/v2\/comments?post=320"}],"version-history":[{"count":3,"href":"https:\/\/www2.unifap.br\/pedagogia\/wp-json\/wp\/v2\/pages\/320\/revisions"}],"predecessor-version":[{"id":810,"href":"https:\/\/www2.unifap.br\/pedagogia\/wp-json\/wp\/v2\/pages\/320\/revisions\/810"}],"wp:attachment":[{"href":"https:\/\/www2.unifap.br\/pedagogia\/wp-json\/wp\/v2\/media?parent=320"}],"curies":[{"name":"wp","href":"https:\/\/api.w.org\/{rel}","templated":true}]}}