{"id":833,"date":"2023-07-09T16:43:46","date_gmt":"2023-07-09T16:43:46","guid":{"rendered":"https:\/\/www2.unifap.br\/pedagogia\/?page_id=833"},"modified":"2023-07-09T16:43:46","modified_gmt":"2023-07-09T16:43:46","slug":"edital-de-monitoria","status":"publish","type":"page","link":"https:\/\/www2.unifap.br\/pedagogia\/edital-de-monitoria\/","title":{"rendered":"Edital de Monitoria"},"content":{"rendered":"<p>O Departamento de Educa\u00e7\u00e3o (DEd), da Universidade Federal do Amap\u00e1 (UNIFAP), torna p\u00fablico, e convoca os discentes dos cursos de gradua\u00e7\u00e3o do Campus Marco Zero, para participar do Processo de Sele\u00e7\u00e3o para o Programa de Bolsa Monitoria, com base no disposto no Regimento da UNIFAP, artigos 211 a 214, na Resolu\u00e7\u00e3o CONSU n. 028, de 13\/10\/1994, e demais regras institucionais aplic\u00e1veis, que se rege pelas normas contidas neste Edital.<\/p>\n<p>O programa visa incentivar a participa\u00e7\u00e3o do(a) aluno(a) nas atividades da Universidade e despert\u00e1-lo(a) para a doc\u00eancia, a pesquisa e a extens\u00e3o, oportunizando sua capacita\u00e7\u00e3o did\u00e1tica e cient\u00edfica, bem como possibilitando a integra\u00e7\u00e3o dos segmentos na Universidade.<\/p>\n<p>Acesse o edital:<\/p>\n<p><a href=\"http:\/\/www2.unifap.br\/pedagogia\/files\/2023\/07\/01.-EDITAL_2-DE-MONITORIA-DEd_2023.1.pdf\">01. EDITAL_2 DE MONITORIA (DEd_2023.1)<\/a><\/p>\n","protected":false},"excerpt":{"rendered":"<p>O Departamento de Educa\u00e7\u00e3o (DEd), da Universidade Federal do Amap\u00e1 (UNIFAP), torna p\u00fablico, e convoca os discentes dos cursos de gradua\u00e7\u00e3o do Campus Marco Zero, para participar do Processo de Sele\u00e7\u00e3o para o Programa de Bolsa Monitoria, com base no&hellip; <\/p>\n<p><a href=\"https:\/\/www2.unifap.br\/pedagogia\/edital-de-monitoria\/\" class=\"readmore-button\">Continue Reading<\/a><\/p>\n","protected":false},"author":3984,"featured_media":0,"parent":0,"menu_order":0,"comment_status":"closed","ping_status":"closed","template":"","meta":{"inline_featured_image":false,"ngg_post_thumbnail":0,"footnotes":""},"class_list":["post-833","page","type-page","status-publish","hentry"],"_links":{"self":[{"href":"https:\/\/www2.unifap.br\/pedagogia\/wp-json\/wp\/v2\/pages\/833","targetHints":{"allow":["GET"]}}],"collection":[{"href":"https:\/\/www2.unifap.br\/pedagogia\/wp-json\/wp\/v2\/pages"}],"about":[{"href":"https:\/\/www2.unifap.br\/pedagogia\/wp-json\/wp\/v2\/types\/page"}],"author":[{"embeddable":true,"href":"https:\/\/www2.unifap.br\/pedagogia\/wp-json\/wp\/v2\/users\/3984"}],"replies":[{"embeddable":true,"href":"https:\/\/www2.unifap.br\/pedagogia\/wp-json\/wp\/v2\/comments?post=833"}],"version-history":[{"count":1,"href":"https:\/\/www2.unifap.br\/pedagogia\/wp-json\/wp\/v2\/pages\/833\/revisions"}],"predecessor-version":[{"id":834,"href":"https:\/\/www2.unifap.br\/pedagogia\/wp-json\/wp\/v2\/pages\/833\/revisions\/834"}],"wp:attachment":[{"href":"https:\/\/www2.unifap.br\/pedagogia\/wp-json\/wp\/v2\/media?parent=833"}],"curies":[{"name":"wp","href":"https:\/\/api.w.org\/{rel}","templated":true}]}}

<p>O Departamento de Educação (DEd), da Universidade Federal do Amapá (UNIFAP), torna público, e convoca os discentes dos cursos de graduação do Campus Marco Zero, para participar do Processo de Seleção para o Programa de Bolsa Monitoria, com base no disposto no Regimento da UNIFAP, artigos 211 a 214, na Resolução CONSU n. 028, de 13/10/1994, e demais regras institucionais aplicáveis, que se rege pelas normas contidas neste Edital.</p>
<p>O programa visa incentivar a participação do(a) aluno(a) nas atividades da Universidade e despertá-lo(a) para a docência, a pesquisa e a extensão, oportunizando sua capacitação didática e científica, bem como possibilitando a integração dos segmentos na Universidade.</p>
<p>Acesse o edital:</p>
<p><a href="http://www2.unifap.br/pedagogia/files/2023/07/01.-EDITAL_2-DE-MONITORIA-DEd_2023.1.pdf">01. EDITAL_2 DE MONITORIA (DEd_2023.1)</a></p>

<p>O Departamento de Educação (DEd), da Universidade Federal do Amapá (UNIFAP), torna público, e convoca os discentes dos cursos de graduação do Campus Marco Zero, para participar do Processo de Seleção para o Programa de Bolsa Monitoria, com base no&hellip; </p>
<p><a href="https://www2.unifap.br/pedagogia/edital-de-monitoria/" class="readmore-button">Continue Reading</a></p>
