{"id":1725,"date":"2012-06-12T15:01:19","date_gmt":"2012-06-12T15:01:19","guid":{"rendered":"http:\/\/www2.unifap.br\/pet-fisica\/?page_id=1725"},"modified":"2023-01-28T22:03:46","modified_gmt":"2023-01-28T22:03:46","slug":"curiosidades","status":"publish","type":"page","link":"https:\/\/www2.unifap.br\/pet-fisica\/mais\/curiosidades\/","title":{"rendered":"CURIOSIDADES"},"content":{"rendered":"\t\t<div data-elementor-type=\"wp-page\" data-elementor-id=\"1725\" class=\"elementor elementor-1725\">\n\t\t\t\t\t\t<section class=\"elementor-section elementor-top-section elementor-element elementor-element-30ae386 elementor-section-boxed elementor-section-height-default elementor-section-height-default\" data-id=\"30ae386\" data-element_type=\"section\" data-e-type=\"section\">\n\t\t\t\t\t\t<div class=\"elementor-container elementor-column-gap-default\">\n\t\t\t\t\t<div class=\"elementor-column elementor-col-100 elementor-top-column elementor-element elementor-element-675fa6f\" data-id=\"675fa6f\" data-element_type=\"column\" data-e-type=\"column\">\n\t\t\t<div class=\"elementor-widget-wrap elementor-element-populated\">\n\t\t\t\t\t\t<div class=\"elementor-element elementor-element-4c5d973 elementor-widget elementor-widget-spacer\" data-id=\"4c5d973\" data-element_type=\"widget\" data-e-type=\"widget\" data-widget_type=\"spacer.default\">\n\t\t\t\t<div class=\"elementor-widget-container\">\n\t\t\t\t\t\t\t<div class=\"elementor-spacer\">\n\t\t\t<div class=\"elementor-spacer-inner\"><\/div>\n\t\t<\/div>\n\t\t\t\t\t\t<\/div>\n\t\t\t\t<\/div>\n\t\t\t\t<div class=\"elementor-element elementor-element-7fdfc1b elementor-widget elementor-widget-heading\" data-id=\"7fdfc1b\" data-element_type=\"widget\" data-e-type=\"widget\" data-widget_type=\"heading.default\">\n\t\t\t\t<div class=\"elementor-widget-container\">\n\t\t\t\t\t<h2 class=\"elementor-heading-title elementor-size-default\">Curiosidades<\/h2>\t\t\t\t<\/div>\n\t\t\t\t<\/div>\n\t\t\t\t<div class=\"elementor-element elementor-element-6f66932 elementor-widget-divider--view-line elementor-widget elementor-widget-divider\" data-id=\"6f66932\" data-element_type=\"widget\" data-e-type=\"widget\" data-widget_type=\"divider.default\">\n\t\t\t\t<div class=\"elementor-widget-container\">\n\t\t\t\t\t\t\t<div class=\"elementor-divider\">\n\t\t\t<span class=\"elementor-divider-separator\">\n\t\t\t\t\t\t<\/span>\n\t\t<\/div>\n\t\t\t\t\t\t<\/div>\n\t\t\t\t<\/div>\n\t\t\t\t\t<\/div>\n\t\t<\/div>\n\t\t\t\t\t<\/div>\n\t\t<\/section>\n\t\t\t\t<section class=\"elementor-section elementor-top-section elementor-element elementor-element-495dc494 elementor-section-boxed elementor-section-height-default elementor-section-height-default\" data-id=\"495dc494\" data-element_type=\"section\" data-e-type=\"section\">\n\t\t\t\t\t\t<div class=\"elementor-container elementor-column-gap-default\">\n\t\t\t\t\t<div class=\"elementor-column elementor-col-100 elementor-top-column elementor-element elementor-element-79846fcd\" data-id=\"79846fcd\" data-element_type=\"column\" data-e-type=\"column\">\n\t\t\t<div class=\"elementor-widget-wrap elementor-element-populated\">\n\t\t\t\t\t\t<div class=\"elementor-element elementor-element-5fecec5 elementor-widget elementor-widget-text-editor\" data-id=\"5fecec5\" data-element_type=\"widget\" data-e-type=\"widget\" data-widget_type=\"text-editor.default\">\n\t\t\t\t<div class=\"elementor-widget-container\">\n\t\t\t\t\t\t\t\t\tA curiosidade aqui postada, foi&nbsp; retirada do site Programa Educ@r (Realiza\u00e7\u00e3o: CDCC &#8211; USP-SC;Apoio: CNPq), o link se encontra abaixo:\r\n\r\nhttp:\/\/educar.sc.usp.br\/otica\/\r\n\r\n&#8212;&#8212;&#8212;&#8212;&#8212;&#8212;&#8212;&#8212;&#8212;&#8212;&#8212;&#8212;&#8212;&#8212;&#8212;&#8212;&#8212;&#8212;&#8212;&#8212;&#8212;&#8212;&#8212;&#8212;&#8212;&#8212;&#8212;&#8212;&#8212;&#8212;&#8212;&#8212;&#8212;&#8212;&#8212;&#8212;&#8212;&#8212;&#8212;&#8212;&#8212;&#8212;&#8212;&#8212;&#8212;&#8212;&#8212;&#8212;&#8212;&#8212;&#8212;&#8212;&#8212;&#8212;&#8212;&#8212;&#8212;&#8212;&#8212;&#8212;&#8212;&#8212;&#8212;&#8212;&#8212;&#8212;&#8211;\r\n<p style=\"text-align: justify\"><strong>A pupila do olho \u00e9 preta, mas fica avermelhada em fotos tiradas com &#8220;flash&#8221;.<\/strong><\/p>\r\n<p style=\"text-align: justify\">O olho humano \u00e9 como uma c\u00e2mara escura com um orif\u00edcio, a pupila . Como, normalmente, a luminosidade \u00e9 maior fora do que dentro do olho, n\u00f3s enxergamos a pupila preta. Entretanto, o fundo do olho, a retina, \u00e9 intensamente irrigado por vasos sangu\u00edneos, o que lhe d\u00e1 uma cor vermelho-alaranjada. Por isso quando uma luz intensa, como o &#8220;flash&#8221; de fotografia, entra no olho, a cor vermelha \u00e9 preferencialmente refletida. Isso deixa a pupila avermelhada nas fotografias.<\/p>\r\n==============================================================================================================\r\n\r\nAs curiosidades aqui postadas, s\u00e3o originalmente retiradas do livro F\u00edsica do Dia a Dia, a refer\u00eancia bibliogr\u00e1fica completa se encontra abaixo:\r\n<em>Regina Pinto de Carvalho [org.] \u2013 F\u00edsica do Dia a Dia, Ed.Aut\u00eantica\/Gutenberg, BeloHorizonte (2003), ISBN 85-89239-04-7<\/em>\r\n\r\n&#8212;&#8212;&#8212;&#8212;&#8212;&#8212;&#8212;&#8212;&#8212;&#8212;&#8212;&#8212;&#8212;&#8212;&#8212;&#8212;&#8212;&#8212;&#8212;&#8212;&#8212;&#8212;&#8212;&#8212;&#8212;&#8212;&#8212;&#8212;&#8212;&#8212;&#8212;&#8212;&#8212;&#8212;&#8212;&#8212;&#8212;&#8212;&#8212;&#8212;&#8212;&#8212;&#8212;&#8212;&#8212;&#8212;&#8212;&#8212;&#8212;&#8212;&#8212;&#8212;&#8212;&#8212;&#8212;&#8212;&#8212;&#8212;&#8212;&#8212;&#8212;&#8212;&#8212;&#8212;&#8212;&#8212;&#8211;\r\n<p style=\"text-align: justify\"><strong>Um carro pode ser retirado do atoleiro simplesmente murchando um pouco os seus pneus. <\/strong><strong>Por que isso ocorre? <\/strong><\/p>\r\n<p style=\"text-align: justify\">Murchando-se um pouco os pneus do carro, fazemos com que a \u00e1rea de contato deles com o solo aumente. Como n\u00e3o h\u00e1 varia\u00e7\u00e3o do peso do ve\u00edculo, esse aumento de \u00e1rea faz com que a press\u00e3o entre os pneus e o ch\u00e3o diminua. O carro, ent\u00e3o, afundar\u00e1 menos, podendo ser retirado.<\/p>\r\n<p style=\"text-align: justify\"><strong>\u00c9 verdade que, num dia de sol, uma pessoa com roupa escura sentir\u00e1 mais calor do que uma pessoa &nbsp; com roupa clara?<\/strong><\/p>\r\n<p style=\"text-align: justify\">Sim. As cores que vemos s\u00e3o as cores refletidas pelos objetos quando iluminados.Quando vemos em um objeto a cor amarela, por exemplo, o material de que ele \u00e9 feito reflete essa cor e absorve as demais. Quando vemos um objeto branco, ele est\u00e1 refletindo todas as cores, e, quando vemos um objeto preto, ele est\u00e1 absorvendo todas as cores. Assim como a luz, o calor \u00e9 constitu\u00eddo de radia\u00e7\u00e3o eletromagn\u00e9tica, com uma diferen\u00e7a: enquanto a luz \u00e9 uma radia\u00e7\u00e3o localizada na regi\u00e3o vis\u00edvel do espectro, o calor \u00e9 uma radia\u00e7\u00e3o infravermelha que \u00e9 invis\u00edvel para n\u00f3s. Os corpos escuros absorvem a maior parte dessas radia\u00e7\u00f5es e \u00e9 por isso que um objeto escuro (a roupa escura, o fusc\u00e3o preto estacionado ao sol) tem a sua temperatura sensivelmente elevada.<\/p>\r\n<p style=\"text-align: justify\"><strong>\u00c9 verdade que, se a porta do congelador for aberta v\u00e1rias vezes, a produ\u00e7\u00e3o de gelo, nas paredes do congelador aumenta? E por que isso acontece? <\/strong><\/p>\r\nIsso acontece porque, ao abrirmos a porta do congelador estamos permitindo que entre um novo ar na geladeira.Esse ar novo cont\u00e9m uma grande quantidade de vapor de \u00e1gua, que, com o abaixamento da temperatura no congelador, se transforma em cristais de gelo muito pequenos, semelhantes \u00e1 neve. Essa neve se deposita sobre a parede do congelador e adere fortemente a ela, provocando o \u201ctrabalho a mais\u201d O grande problema dessa neve \u00e9 que ela \u00e9 um bom isolante t\u00e9rmico e n\u00e3o conduz o calor liberado pelos alimentos, dificultando seu resfriamento e aumentando assim o trabalho do motor.\r\n<p style=\"text-align: justify\"><strong>Por que aparecem &#8220;chuviscos&#8221; na televis\u00e3o quando um canal est\u00e1 fora do ar? <\/strong><\/p>\r\n<p style=\"text-align: justify\">O \u201cchuviscos\u201d e o chiado s\u00e3o uma amostra da confus\u00e3o eletromagn\u00e9tica que reina no nosso meio. Quando sintonizamos um canal em determinada emissora, o aparelho receptor capta sinais enviados por ela os traduz em som e imagem. Se tentarmos sintonizar um canal que est\u00e1 fora do ar, n\u00e3o h\u00e1 nada sendo enviado pela emissora, mas a nossa atmosfera est\u00e1 cheia de ondas desordenadas, criadas pelo campo magn\u00e9tico da Terra, pelas turbinas de avi\u00f5es, por outras torres de transmiss\u00e3o, etc. \u00c9 essa mistura que a televis\u00e3o capta e traduz como chuvisco e chiado.<\/p>\t\t\t\t\t\t\t\t<\/div>\n\t\t\t\t<\/div>\n\t\t\t\t\t<\/div>\n\t\t<\/div>\n\t\t\t\t\t<\/div>\n\t\t<\/section>\n\t\t\t\t<\/div>\n\t\t","protected":false},"excerpt":{"rendered":"<p>Curiosidades A curiosidade aqui postada, foi&nbsp; retirada do site Programa Educ@r (Realiza\u00e7\u00e3o: CDCC &#8211; USP-SC;Apoio: CNPq), o link se encontra abaixo: http:\/\/educar.sc.usp.br\/otica\/ &#8212;&#8212;&#8212;&#8212;&#8212;&#8212;&#8212;&#8212;&#8212;&#8212;&#8212;&#8212;&#8212;&#8212;&#8212;&#8212;&#8212;&#8212;&#8212;&#8212;&#8212;&#8212;&#8212;&#8212;&#8212;&#8212;&#8212;&#8212;&#8212;&#8212;&#8212;&#8212;&#8212;&#8212;&#8212;&#8212;&#8212;&#8212;&#8212;&#8212;&#8212;&#8212;&#8212;&#8212;&#8212;&#8212;&#8212;&#8212;&#8212;&#8212;&#8212;&#8212;&#8212;&#8212;&#8212;&#8212;&#8212;&#8212;&#8212;&#8212;&#8212;&#8212;&#8212;&#8212;&#8212;&#8212;&#8211; A pupila do olho \u00e9 preta, mas fica avermelhada em fotos tiradas com &#8220;flash&#8221;. O olho humano \u00e9 como uma c\u00e2mara escura com um orif\u00edcio, a pupila . Como, normalmente, a luminosidade&#8230;<\/p>\n","protected":false},"author":8,"featured_media":0,"parent":2028,"menu_order":8,"comment_status":"open","ping_status":"open","template":"","meta":{"inline_featured_image":false,"site-sidebar-layout":"default","site-content-layout":"default","ast-site-content-layout":"default","site-content-style":"default","site-sidebar-style":"default","ast-global-header-display":"","ast-banner-title-visibility":"","ast-main-header-display":"","ast-hfb-above-header-display":"","ast-hfb-below-header-display":"","ast-hfb-mobile-header-display":"","site-post-title":"disabled","ast-breadcrumbs-content":"","ast-featured-img":"","footer-sml-layout":"","theme-transparent-header-meta":"default","adv-header-id-meta":"","stick-header-meta":"","header-above-stick-meta":"","header-main-stick-meta":"","header-below-stick-meta":"","astra-migrate-meta-layouts":"default","ast-page-background-enabled":"default","ast-page-background-meta":{"desktop":{"background-color":"var(--ast-global-color-4)","background-image":"","background-repeat":"repeat","background-position":"center center","background-size":"auto","background-attachment":"scroll","background-type":"","background-media":"","overlay-type":"","overlay-color":"","overlay-opacity":"","overlay-gradient":""},"tablet":{"background-color":"","background-image":"","background-repeat":"repeat","background-position":"center center","background-size":"auto","background-attachment":"scroll","background-type":"","background-media":"","overlay-type":"","overlay-color":"","overlay-opacity":"","overlay-gradient":""},"mobile":{"background-color":"","background-image":"","background-repeat":"repeat","background-position":"center center","background-size":"auto","background-attachment":"scroll","background-type":"","background-media":"","overlay-type":"","overlay-color":"","overlay-opacity":"","overlay-gradient":""}},"ast-content-background-meta":{"desktop":{"background-color":"var(--ast-global-color-5)","background-image":"","background-repeat":"repeat","background-position":"center center","background-size":"auto","background-attachment":"scroll","background-type":"","background-media":"","overlay-type":"","overlay-color":"","overlay-opacity":"","overlay-gradient":""},"tablet":{"background-color":"var(--ast-global-color-5)","background-image":"","background-repeat":"repeat","background-position":"center center","background-size":"auto","background-attachment":"scroll","background-type":"","background-media":"","overlay-type":"","overlay-color":"","overlay-opacity":"","overlay-gradient":""},"mobile":{"background-color":"var(--ast-global-color-5)","background-image":"","background-repeat":"repeat","background-position":"center center","background-size":"auto","background-attachment":"scroll","background-type":"","background-media":"","overlay-type":"","overlay-color":"","overlay-opacity":"","overlay-gradient":""}},"ngg_post_thumbnail":0,"footnotes":""},"class_list":["post-1725","page","type-page","status-publish","hentry"],"_links":{"self":[{"href":"https:\/\/www2.unifap.br\/pet-fisica\/wp-json\/wp\/v2\/pages\/1725","targetHints":{"allow":["GET"]}}],"collection":[{"href":"https:\/\/www2.unifap.br\/pet-fisica\/wp-json\/wp\/v2\/pages"}],"about":[{"href":"https:\/\/www2.unifap.br\/pet-fisica\/wp-json\/wp\/v2\/types\/page"}],"author":[{"embeddable":true,"href":"https:\/\/www2.unifap.br\/pet-fisica\/wp-json\/wp\/v2\/users\/8"}],"replies":[{"embeddable":true,"href":"https:\/\/www2.unifap.br\/pet-fisica\/wp-json\/wp\/v2\/comments?post=1725"}],"version-history":[{"count":17,"href":"https:\/\/www2.unifap.br\/pet-fisica\/wp-json\/wp\/v2\/pages\/1725\/revisions"}],"predecessor-version":[{"id":5796,"href":"https:\/\/www2.unifap.br\/pet-fisica\/wp-json\/wp\/v2\/pages\/1725\/revisions\/5796"}],"up":[{"embeddable":true,"href":"https:\/\/www2.unifap.br\/pet-fisica\/wp-json\/wp\/v2\/pages\/2028"}],"wp:attachment":[{"href":"https:\/\/www2.unifap.br\/pet-fisica\/wp-json\/wp\/v2\/media?parent=1725"}],"curies":[{"name":"wp","href":"https:\/\/api.w.org\/{rel}","templated":true}]}}