{"id":1844,"date":"2012-06-21T11:52:56","date_gmt":"2012-06-21T11:52:56","guid":{"rendered":"http:\/\/www2.unifap.br\/pet-fisica\/?page_id=1844"},"modified":"2023-01-31T18:35:27","modified_gmt":"2023-01-31T18:35:27","slug":"fisica-do-equinocio","status":"publish","type":"page","link":"https:\/\/www2.unifap.br\/pet-fisica\/trabalhos\/extensao\/fisica-do-equinocio\/","title":{"rendered":"F\u00edsica do Equin\u00f3cio"},"content":{"rendered":"\t\t<div data-elementor-type=\"wp-page\" data-elementor-id=\"1844\" class=\"elementor elementor-1844\">\n\t\t\t\t\t\t<section class=\"elementor-section elementor-top-section elementor-element elementor-element-0719848 elementor-section-boxed elementor-section-height-default elementor-section-height-default\" data-id=\"0719848\" data-element_type=\"section\" data-e-type=\"section\">\n\t\t\t\t\t\t<div class=\"elementor-container elementor-column-gap-default\">\n\t\t\t\t\t<div class=\"elementor-column elementor-col-100 elementor-top-column elementor-element elementor-element-684d957\" data-id=\"684d957\" data-element_type=\"column\" data-e-type=\"column\">\n\t\t\t<div class=\"elementor-widget-wrap elementor-element-populated\">\n\t\t\t\t\t\t<div class=\"elementor-element elementor-element-655ceea elementor-widget elementor-widget-spacer\" data-id=\"655ceea\" data-element_type=\"widget\" data-e-type=\"widget\" data-widget_type=\"spacer.default\">\n\t\t\t\t<div class=\"elementor-widget-container\">\n\t\t\t\t\t\t\t<div class=\"elementor-spacer\">\n\t\t\t<div class=\"elementor-spacer-inner\"><\/div>\n\t\t<\/div>\n\t\t\t\t\t\t<\/div>\n\t\t\t\t<\/div>\n\t\t\t\t<div class=\"elementor-element elementor-element-ee4424a elementor-widget elementor-widget-heading\" data-id=\"ee4424a\" data-element_type=\"widget\" data-e-type=\"widget\" data-widget_type=\"heading.default\">\n\t\t\t\t<div class=\"elementor-widget-container\">\n\t\t\t\t\t<h2 class=\"elementor-heading-title elementor-size-default\">F\u00edsica do Equin\u00f3cio<\/h2>\t\t\t\t<\/div>\n\t\t\t\t<\/div>\n\t\t\t\t<div class=\"elementor-element elementor-element-0a13e67 elementor-widget-divider--view-line elementor-widget elementor-widget-divider\" data-id=\"0a13e67\" data-element_type=\"widget\" data-e-type=\"widget\" data-widget_type=\"divider.default\">\n\t\t\t\t<div class=\"elementor-widget-container\">\n\t\t\t\t\t\t\t<div class=\"elementor-divider\">\n\t\t\t<span class=\"elementor-divider-separator\">\n\t\t\t\t\t\t<\/span>\n\t\t<\/div>\n\t\t\t\t\t\t<\/div>\n\t\t\t\t<\/div>\n\t\t\t\t\t<\/div>\n\t\t<\/div>\n\t\t\t\t\t<\/div>\n\t\t<\/section>\n\t\t\t\t<section class=\"elementor-section elementor-top-section elementor-element elementor-element-6f584fb elementor-section-boxed elementor-section-height-default elementor-section-height-default\" data-id=\"6f584fb\" data-element_type=\"section\" data-e-type=\"section\">\n\t\t\t\t\t\t<div class=\"elementor-container elementor-column-gap-default\">\n\t\t\t\t\t<div class=\"elementor-column elementor-col-100 elementor-top-column elementor-element elementor-element-bd2ace1\" data-id=\"bd2ace1\" data-element_type=\"column\" data-e-type=\"column\">\n\t\t\t<div class=\"elementor-widget-wrap elementor-element-populated\">\n\t\t\t\t\t\t<div class=\"elementor-element elementor-element-3a86eeb elementor-widget elementor-widget-heading\" data-id=\"3a86eeb\" data-element_type=\"widget\" data-e-type=\"widget\" data-widget_type=\"heading.default\">\n\t\t\t\t<div class=\"elementor-widget-container\">\n\t\t\t\t\t<h2 class=\"elementor-heading-title elementor-size-default\">Equin\u00f3cio 2011<\/h2>\t\t\t\t<\/div>\n\t\t\t\t<\/div>\n\t\t\t\t\t<\/div>\n\t\t<\/div>\n\t\t\t\t\t<\/div>\n\t\t<\/section>\n\t\t\t\t<section class=\"elementor-section elementor-top-section elementor-element elementor-element-76b2b503 elementor-section-boxed elementor-section-height-default elementor-section-height-default\" data-id=\"76b2b503\" data-element_type=\"section\" data-e-type=\"section\">\n\t\t\t\t\t\t<div class=\"elementor-container elementor-column-gap-default\">\n\t\t\t\t\t<div class=\"elementor-column elementor-col-100 elementor-top-column elementor-element elementor-element-7a819d59\" data-id=\"7a819d59\" data-element_type=\"column\" data-e-type=\"column\">\n\t\t\t<div class=\"elementor-widget-wrap elementor-element-populated\">\n\t\t\t\t\t\t<div class=\"elementor-element elementor-element-24beae63 elementor-widget elementor-widget-text-editor\" data-id=\"24beae63\" data-element_type=\"widget\" data-e-type=\"widget\" data-widget_type=\"text-editor.default\">\n\t\t\t\t<div class=\"elementor-widget-container\">\n\t\t\t\t\t\t\t\t\t<p><strong>EQUIN\u00d3CIO\u00a0 m\u00eas de setembro de\u00a0 2011<\/strong> No per\u00edodo de 19 \u00e0 24 de setembro de 2011, o grupo PET- F\u00edsica UNIFAP particicipou da monitoria do espa\u00e7o de ci\u00eancias do monumento marco zero, realizando apresenta\u00e7\u00f5es de experimentos relacionados ao equin\u00f3cio e \u00e0s caracter\u00edticas f\u00edsicas do sistema solar. <strong>veja as fotos do evento:<\/strong> <a href=\"http:\/\/www2.unifap.br\/pet-fisica\/files\/2011\/04\/P1010329.jpg\"><img decoding=\"async\" src=\"http:\/\/www2.unifap.br\/pet-fisica\/files\/2011\/04\/P1010329.jpg\" alt=\"\" width=\"224\" height=\"153\" \/><\/a><a href=\"http:\/\/www2.unifap.br\/pet-fisica\/files\/2011\/04\/P1010417.jpg\"><img decoding=\"async\" src=\"http:\/\/www2.unifap.br\/pet-fisica\/files\/2011\/04\/P1010417.jpg\" alt=\"\" width=\"224\" height=\"153\" \/><\/a><a href=\"http:\/\/www2.unifap.br\/pet-fisica\/files\/2011\/04\/P1010249.jpg\"><img decoding=\"async\" src=\"http:\/\/www2.unifap.br\/pet-fisica\/files\/2011\/04\/P1010249.jpg\" alt=\"\" width=\"224\" height=\"153\" \/><\/a><a href=\"http:\/\/www2.unifap.br\/pet-fisica\/files\/2011\/04\/P1000977.jpg\"><img loading=\"lazy\" decoding=\"async\" src=\"http:\/\/www2.unifap.br\/pet-fisica\/files\/2011\/04\/P1000977.jpg\" alt=\"\" width=\"223\" height=\"153\" \/><\/a><a href=\"http:\/\/www2.unifap.br\/pet-fisica\/files\/2011\/04\/P1010464.jpg\"><img loading=\"lazy\" decoding=\"async\" src=\"http:\/\/www2.unifap.br\/pet-fisica\/files\/2011\/04\/P1010464.jpg\" alt=\"\" width=\"224\" height=\"153\" \/><\/a><a href=\"http:\/\/www2.unifap.br\/pet-fisica\/files\/2012\/03\/P10102282.jpg\"><img loading=\"lazy\" decoding=\"async\" src=\"http:\/\/www2.unifap.br\/pet-fisica\/files\/2012\/03\/P10102282.jpg\" alt=\"\" width=\"224\" height=\"153\" \/><\/a> <strong><a href=\"http:\/\/www2.unifap.br\/pet-fisica\/files\/2011\/04\/P1010194.jpg\"><img loading=\"lazy\" decoding=\"async\" src=\"http:\/\/www2.unifap.br\/pet-fisica\/files\/2011\/04\/P1010194.jpg\" alt=\"\" width=\"224\" height=\"154\" \/><\/a><\/strong> \u00a0 \u00a0 \u00a0 <strong><strong>EQUIN\u00d3CIO de mar\u00e7o de 2011<\/strong><\/strong> Mais uma vez o PET-F\u00cdSICA participou do equin\u00f3cio em parceria com a secretaria de turismo do Amap\u00e1, com v\u00e1rias experi\u00eancias cientificas relacionadas com o equin\u00f3cio como: Achatamento da Terra, Movimento de rota\u00e7\u00e3o, precess\u00e3o e transla\u00e7\u00e3o e Rel\u00f3gio solar. <strong>veja as fotos do evento:<\/strong> <a href=\"http:\/\/www2.unifap.br\/pet-fisica\/files\/2011\/04\/DSC00013.jpg\"><img loading=\"lazy\" decoding=\"async\" src=\"http:\/\/www2.unifap.br\/pet-fisica\/files\/2011\/04\/DSC00013-300x225.jpg\" alt=\"\" width=\"224\" height=\"153\" \/><\/a><a href=\"http:\/\/www2.unifap.br\/pet-fisica\/files\/2011\/04\/DSC01973.jpg\"><img loading=\"lazy\" decoding=\"async\" src=\"http:\/\/www2.unifap.br\/pet-fisica\/files\/2011\/04\/DSC01973-300x225.jpg\" alt=\"\" width=\"224\" height=\"154\" \/><\/a> <a href=\"http:\/\/www2.unifap.br\/pet-fisica\/files\/2011\/04\/DSC01975.jpg\"><img loading=\"lazy\" decoding=\"async\" src=\"http:\/\/www2.unifap.br\/pet-fisica\/files\/2011\/04\/DSC01975-300x225.jpg\" alt=\"\" width=\"224\" height=\"153\" \/><\/a><a href=\"http:\/\/www2.unifap.br\/pet-fisica\/files\/2011\/04\/DSC01980.jpg\"><img loading=\"lazy\" decoding=\"async\" src=\"http:\/\/www2.unifap.br\/pet-fisica\/files\/2011\/04\/DSC01980-300x225.jpg\" alt=\"\" width=\"224\" height=\"153\" \/><\/a><\/p>\t\t\t\t\t\t\t\t<\/div>\n\t\t\t\t<\/div>\n\t\t\t\t\t<\/div>\n\t\t<\/div>\n\t\t\t\t\t<\/div>\n\t\t<\/section>\n\t\t\t\t<section class=\"elementor-section elementor-top-section elementor-element elementor-element-c0d1ee5 elementor-section-boxed elementor-section-height-default elementor-section-height-default\" data-id=\"c0d1ee5\" data-element_type=\"section\" data-e-type=\"section\">\n\t\t\t\t\t\t<div class=\"elementor-container elementor-column-gap-default\">\n\t\t\t\t\t<div class=\"elementor-column elementor-col-100 elementor-top-column elementor-element elementor-element-fbb1364\" data-id=\"fbb1364\" data-element_type=\"column\" data-e-type=\"column\">\n\t\t\t<div class=\"elementor-widget-wrap elementor-element-populated\">\n\t\t\t\t\t\t<div class=\"elementor-element elementor-element-52e1add elementor-widget elementor-widget-heading\" data-id=\"52e1add\" data-element_type=\"widget\" data-e-type=\"widget\" data-widget_type=\"heading.default\">\n\t\t\t\t<div class=\"elementor-widget-container\">\n\t\t\t\t\t<h2 class=\"elementor-heading-title elementor-size-default\">Equin\u00f3cio 2010<\/h2>\t\t\t\t<\/div>\n\t\t\t\t<\/div>\n\t\t\t\t\t<\/div>\n\t\t<\/div>\n\t\t\t\t\t<\/div>\n\t\t<\/section>\n\t\t\t\t<section class=\"elementor-section elementor-top-section elementor-element elementor-element-48b2535 elementor-section-boxed elementor-section-height-default elementor-section-height-default\" data-id=\"48b2535\" data-element_type=\"section\" data-e-type=\"section\">\n\t\t\t\t\t\t<div class=\"elementor-container elementor-column-gap-default\">\n\t\t\t\t\t<div class=\"elementor-column elementor-col-100 elementor-top-column elementor-element elementor-element-0dc228f\" data-id=\"0dc228f\" data-element_type=\"column\" data-e-type=\"column\">\n\t\t\t<div class=\"elementor-widget-wrap elementor-element-populated\">\n\t\t\t\t\t\t<div class=\"elementor-element elementor-element-1ad3742 elementor-widget elementor-widget-text-editor\" data-id=\"1ad3742\" data-element_type=\"widget\" data-e-type=\"widget\" data-widget_type=\"text-editor.default\">\n\t\t\t\t<div class=\"elementor-widget-container\">\n\t\t\t\t\t\t\t\t\t<p style=\"text-align: justify\">O grupo PET- F\u00cdSICA foi convidado pelo SETUR \u2013 GEA (secretaria de Turismo do Governo do Estado do Amap\u00e1), a expor trabalhos que conscientizassem os visitantes do evento- Equin\u00f3cio das \u00c1guas \u2013 sobre o aspecto cient\u00edfico do fen\u00f4meno dos equin\u00f3cios e sua rela\u00e7\u00e3o com o monumento do Marco Zero do Equador no Amap\u00e1. Neste evento, o grupo PET-F\u00edsica exp\u00f4s os seguintes temas acompanhados com seus respectivos experimentos: Movimentos que a Terra realiza; Por que a Terra \u00e9 achatada nos p\u00f3los?; Rel\u00f3gio equatorial solar; Calend\u00e1rio equatorial solar (analema) e o Fen\u00f4meno dos equin\u00f3cios.<\/p><p><a href=\"http:\/\/www2.unifap.br\/pet-fisica\/files\/2011\/04\/DSC00676.jpg\"><img loading=\"lazy\" decoding=\"async\" src=\"http:\/\/www2.unifap.br\/pet-fisica\/files\/2011\/04\/DSC00676-300x225.jpg\" alt=\"\" width=\"224\" height=\"153\" \/><\/a><\/p>\t\t\t\t\t\t\t\t<\/div>\n\t\t\t\t<\/div>\n\t\t\t\t\t<\/div>\n\t\t<\/div>\n\t\t\t\t\t<\/div>\n\t\t<\/section>\n\t\t\t\t<\/div>\n\t\t","protected":false},"excerpt":{"rendered":"<p>F\u00edsica do Equin\u00f3cio Equin\u00f3cio 2011 EQUIN\u00d3CIO\u00a0 m\u00eas de setembro de\u00a0 2011 No per\u00edodo de 19 \u00e0 24 de setembro de 2011, o grupo PET- F\u00edsica UNIFAP particicipou da monitoria do espa\u00e7o de ci\u00eancias do monumento marco zero, realizando apresenta\u00e7\u00f5es de experimentos relacionados ao equin\u00f3cio e \u00e0s caracter\u00edticas f\u00edsicas do sistema solar. veja as fotos do&#8230;<\/p>\n","protected":false},"author":8,"featured_media":0,"parent":3335,"menu_order":10,"comment_status":"open","ping_status":"open","template":"","meta":{"inline_featured_image":false,"site-sidebar-layout":"default","site-content-layout":"default","ast-site-content-layout":"default","site-content-style":"default","site-sidebar-style":"default","ast-global-header-display":"","ast-banner-title-visibility":"","ast-main-header-display":"","ast-hfb-above-header-display":"","ast-hfb-below-header-display":"","ast-hfb-mobile-header-display":"","site-post-title":"disabled","ast-breadcrumbs-content":"","ast-featured-img":"","footer-sml-layout":"","theme-transparent-header-meta":"default","adv-header-id-meta":"","stick-header-meta":"","header-above-stick-meta":"","header-main-stick-meta":"","header-below-stick-meta":"","astra-migrate-meta-layouts":"default","ast-page-background-enabled":"default","ast-page-background-meta":{"desktop":{"background-color":"var(--ast-global-color-4)","background-image":"","background-repeat":"repeat","background-position":"center center","background-size":"auto","background-attachment":"scroll","background-type":"","background-media":"","overlay-type":"","overlay-color":"","overlay-opacity":"","overlay-gradient":""},"tablet":{"background-color":"","background-image":"","background-repeat":"repeat","background-position":"center center","background-size":"auto","background-attachment":"scroll","background-type":"","background-media":"","overlay-type":"","overlay-color":"","overlay-opacity":"","overlay-gradient":""},"mobile":{"background-color":"","background-image":"","background-repeat":"repeat","background-position":"center center","background-size":"auto","background-attachment":"scroll","background-type":"","background-media":"","overlay-type":"","overlay-color":"","overlay-opacity":"","overlay-gradient":""}},"ast-content-background-meta":{"desktop":{"background-color":"var(--ast-global-color-5)","background-image":"","background-repeat":"repeat","background-position":"center center","background-size":"auto","background-attachment":"scroll","background-type":"","background-media":"","overlay-type":"","overlay-color":"","overlay-opacity":"","overlay-gradient":""},"tablet":{"background-color":"var(--ast-global-color-5)","background-image":"","background-repeat":"repeat","background-position":"center center","background-size":"auto","background-attachment":"scroll","background-type":"","background-media":"","overlay-type":"","overlay-color":"","overlay-opacity":"","overlay-gradient":""},"mobile":{"background-color":"var(--ast-global-color-5)","background-image":"","background-repeat":"repeat","background-position":"center center","background-size":"auto","background-attachment":"scroll","background-type":"","background-media":"","overlay-type":"","overlay-color":"","overlay-opacity":"","overlay-gradient":""}},"ngg_post_thumbnail":0,"footnotes":""},"class_list":["post-1844","page","type-page","status-publish","hentry"],"_links":{"self":[{"href":"https:\/\/www2.unifap.br\/pet-fisica\/wp-json\/wp\/v2\/pages\/1844","targetHints":{"allow":["GET"]}}],"collection":[{"href":"https:\/\/www2.unifap.br\/pet-fisica\/wp-json\/wp\/v2\/pages"}],"about":[{"href":"https:\/\/www2.unifap.br\/pet-fisica\/wp-json\/wp\/v2\/types\/page"}],"author":[{"embeddable":true,"href":"https:\/\/www2.unifap.br\/pet-fisica\/wp-json\/wp\/v2\/users\/8"}],"replies":[{"embeddable":true,"href":"https:\/\/www2.unifap.br\/pet-fisica\/wp-json\/wp\/v2\/comments?post=1844"}],"version-history":[{"count":20,"href":"https:\/\/www2.unifap.br\/pet-fisica\/wp-json\/wp\/v2\/pages\/1844\/revisions"}],"predecessor-version":[{"id":5897,"href":"https:\/\/www2.unifap.br\/pet-fisica\/wp-json\/wp\/v2\/pages\/1844\/revisions\/5897"}],"up":[{"embeddable":true,"href":"https:\/\/www2.unifap.br\/pet-fisica\/wp-json\/wp\/v2\/pages\/3335"}],"wp:attachment":[{"href":"https:\/\/www2.unifap.br\/pet-fisica\/wp-json\/wp\/v2\/media?parent=1844"}],"curies":[{"name":"wp","href":"https:\/\/api.w.org\/{rel}","templated":true}]}}