{"id":5435,"date":"2023-01-14T22:09:21","date_gmt":"2023-01-14T22:09:21","guid":{"rendered":"https:\/\/www2.unifap.br\/pet-fisica\/?page_id=5435"},"modified":"2025-02-15T23:07:59","modified_gmt":"2025-02-15T23:07:59","slug":"forma-de-ingrsso","status":"publish","type":"page","link":"https:\/\/www2.unifap.br\/pet-fisica\/sobre-o-pet\/forma-de-ingrsso\/","title":{"rendered":"FORMA DE INGRESSO"},"content":{"rendered":"\t\t<div data-elementor-type=\"wp-page\" data-elementor-id=\"5435\" class=\"elementor elementor-5435\">\n\t\t\t\t\t\t<section class=\"elementor-section elementor-top-section elementor-element elementor-element-980c55 elementor-section-boxed elementor-section-height-default elementor-section-height-default\" data-id=\"980c55\" data-element_type=\"section\" data-e-type=\"section\">\n\t\t\t\t\t\t<div class=\"elementor-container elementor-column-gap-default\">\n\t\t\t\t\t<div class=\"elementor-column elementor-col-100 elementor-top-column elementor-element elementor-element-64631c5a\" data-id=\"64631c5a\" data-element_type=\"column\" data-e-type=\"column\">\n\t\t\t<div class=\"elementor-widget-wrap elementor-element-populated\">\n\t\t\t\t\t\t<div class=\"elementor-element elementor-element-5f486836 elementor-widget elementor-widget-spacer\" data-id=\"5f486836\" data-element_type=\"widget\" data-e-type=\"widget\" data-widget_type=\"spacer.default\">\n\t\t\t\t<div class=\"elementor-widget-container\">\n\t\t\t\t\t\t\t<div class=\"elementor-spacer\">\n\t\t\t<div class=\"elementor-spacer-inner\"><\/div>\n\t\t<\/div>\n\t\t\t\t\t\t<\/div>\n\t\t\t\t<\/div>\n\t\t\t\t\t<\/div>\n\t\t<\/div>\n\t\t\t\t\t<\/div>\n\t\t<\/section>\n\t\t\t\t<section class=\"elementor-section elementor-top-section elementor-element elementor-element-623ed9b elementor-section-boxed elementor-section-height-default elementor-section-height-default\" data-id=\"623ed9b\" data-element_type=\"section\" data-e-type=\"section\">\n\t\t\t\t\t\t<div class=\"elementor-container elementor-column-gap-default\">\n\t\t\t\t\t<div class=\"elementor-column elementor-col-100 elementor-top-column elementor-element elementor-element-62b3fea7\" data-id=\"62b3fea7\" data-element_type=\"column\" data-e-type=\"column\">\n\t\t\t<div class=\"elementor-widget-wrap elementor-element-populated\">\n\t\t\t\t\t\t<div class=\"elementor-element elementor-element-702d07c6 elementor-widget elementor-widget-heading\" data-id=\"702d07c6\" data-element_type=\"widget\" data-e-type=\"widget\" data-widget_type=\"heading.default\">\n\t\t\t\t<div class=\"elementor-widget-container\">\n\t\t\t\t\t<h4 class=\"elementor-heading-title elementor-size-default\">Forma de Ingresso<\/h4>\t\t\t\t<\/div>\n\t\t\t\t<\/div>\n\t\t\t\t<div class=\"elementor-element elementor-element-698b8f39 elementor-widget-divider--view-line elementor-widget elementor-widget-divider\" data-id=\"698b8f39\" data-element_type=\"widget\" data-e-type=\"widget\" data-widget_type=\"divider.default\">\n\t\t\t\t<div class=\"elementor-widget-container\">\n\t\t\t\t\t\t\t<div class=\"elementor-divider\">\n\t\t\t<span class=\"elementor-divider-separator\">\n\t\t\t\t\t\t<\/span>\n\t\t<\/div>\n\t\t\t\t\t\t<\/div>\n\t\t\t\t<\/div>\n\t\t\t\t<div class=\"elementor-element elementor-element-3f8e1129 elementor-widget elementor-widget-heading\" data-id=\"3f8e1129\" data-element_type=\"widget\" data-e-type=\"widget\" data-widget_type=\"heading.default\">\n\t\t\t\t<div class=\"elementor-widget-container\">\n\t\t\t\t\t<h2 class=\"elementor-heading-title elementor-size-default\">Segundo o Manual de Orienta\u00e7\u00f5es B\u00e1sicas<\/h2>\t\t\t\t<\/div>\n\t\t\t\t<\/div>\n\t\t\t\t<div class=\"elementor-element elementor-element-2fed3037 elementor-widget elementor-widget-text-editor\" data-id=\"2fed3037\" data-element_type=\"widget\" data-e-type=\"widget\" data-widget_type=\"text-editor.default\">\n\t\t\t\t<div class=\"elementor-widget-container\">\n\t\t\t\t\t\t\t\t\t<p>1- REQUISITOS E PROCEDIMENTOS PARA INGRESSO NO PROGRAMA<br \/>1.1. Requisitos<br \/>Para ingressar no Programa de Educa\u00e7\u00e3o Tutorial &#8211; PET, s\u00e3o imprescind\u00edveis os seguintes requisitos:<\/p><p>1.1.4. do aluno candidato<br \/>\u2022 estar regularmente matriculado em curso de gradua\u00e7\u00e3o;<br \/>\u2022 n\u00e3o ser bolsista de qualquer outro programa;<br \/>\u2022 apresentar Coeficiente de Rendimento Escolar maior ou igual a 6,0 (seis);<br \/>\u2022 ter disponibilidade para dedicar vinte horas semanais \u00e0s atividades do programa;<br \/>\u2022 assinar o Termo de Compromisso.<\/p><p>Notas:<br \/>1. A participa\u00e7\u00e3o de um aluno em um grupo PET, dar-se-\u00e1 a partir da aprova\u00e7\u00e3o em processo de sele\u00e7\u00e3o, conduzidos sob a responsabilidade de cada institui\u00e7\u00e3o de ensino superior.<br \/>2. O edital do processo de sele\u00e7\u00e3o de bolsista para a composi\u00e7\u00e3o de grupo PET dever\u00e1 ser divulgado, no \u00e2mbito do respectivo curso de gradua\u00e7\u00e3o, com anteced\u00eancia m\u00ednima de 8 dias de sua realiza\u00e7\u00e3o, incluindo informa\u00e7\u00e3o sobre data, local, hor\u00e1rio, crit\u00e9rios e procedimentos de sele\u00e7\u00e3o.<\/p>\t\t\t\t\t\t\t\t<\/div>\n\t\t\t\t<\/div>\n\t\t\t\t\t<\/div>\n\t\t<\/div>\n\t\t\t\t\t<\/div>\n\t\t<\/section>\n\t\t\t\t<section class=\"elementor-section elementor-top-section elementor-element elementor-element-2f3d860f elementor-section-content-middle elementor-section-boxed elementor-section-height-default elementor-section-height-default\" data-id=\"2f3d860f\" data-element_type=\"section\" data-e-type=\"section\">\n\t\t\t\t\t\t<div class=\"elementor-container elementor-column-gap-no\">\n\t\t\t\t\t<div class=\"elementor-column elementor-col-50 elementor-top-column elementor-element elementor-element-19447be6\" data-id=\"19447be6\" data-element_type=\"column\" data-e-type=\"column\">\n\t\t\t<div class=\"elementor-widget-wrap elementor-element-populated\">\n\t\t\t\t\t\t<div class=\"elementor-element elementor-element-1fd3d0c elementor-widget-divider--view-line elementor-widget elementor-widget-divider\" data-id=\"1fd3d0c\" data-element_type=\"widget\" data-e-type=\"widget\" data-widget_type=\"divider.default\">\n\t\t\t\t<div class=\"elementor-widget-container\">\n\t\t\t\t\t\t\t<div class=\"elementor-divider\">\n\t\t\t<span class=\"elementor-divider-separator\">\n\t\t\t\t\t\t<\/span>\n\t\t<\/div>\n\t\t\t\t\t\t<\/div>\n\t\t\t\t<\/div>\n\t\t\t\t<div class=\"elementor-element elementor-element-318be84b elementor-widget elementor-widget-heading\" data-id=\"318be84b\" data-element_type=\"widget\" data-e-type=\"widget\" data-widget_type=\"heading.default\">\n\t\t\t\t<div class=\"elementor-widget-container\">\n\t\t\t\t\t<h3 class=\"elementor-heading-title elementor-size-default\">PS do PET-F\u00edsica<\/h3>\t\t\t\t<\/div>\n\t\t\t\t<\/div>\n\t\t\t\t\t<\/div>\n\t\t<\/div>\n\t\t\t\t<div class=\"elementor-column elementor-col-50 elementor-top-column elementor-element elementor-element-13215161\" data-id=\"13215161\" data-element_type=\"column\" data-e-type=\"column\">\n\t\t\t<div class=\"elementor-widget-wrap elementor-element-populated\">\n\t\t\t\t\t\t<div class=\"elementor-element elementor-element-6f4f84c3 elementor-widget elementor-widget-text-editor\" data-id=\"6f4f84c3\" data-element_type=\"widget\" data-e-type=\"widget\" data-widget_type=\"text-editor.default\">\n\t\t\t\t<div class=\"elementor-widget-container\">\n\t\t\t\t\t\t\t\t\t<div>\n<p>O processo seletivo do PET F\u00edsica consiste na divulga\u00e7\u00e3o de um edital nas redes sociais e no site oficial, ofertando um n\u00famero de vaga a ser preenchida para bolsista e n\u00e3o-bolsista, o valor da bolsa \u00e9 de 700 reais mensais. O processo composto de duas etapas, a primeira etapa (E1) \u00e9 de car\u00e1ter eliminat\u00f3rio, o candidato participa de uma prova escrita, \u00e9 classificado o candidato que obtiver nota E1 igual ou superior a 5. A segunda etapa (E2) \u00e9 de car\u00e1ter classificat\u00f3rio, consiste na an\u00e1lise dos documentos do candidato e uma entrevista.<\/p>\n<\/div>\t\t\t\t\t\t\t\t<\/div>\n\t\t\t\t<\/div>\n\t\t\t\t\t<\/div>\n\t\t<\/div>\n\t\t\t\t\t<\/div>\n\t\t<\/section>\n\t\t\t\t<section class=\"elementor-section elementor-top-section elementor-element elementor-element-364ac71 elementor-section-boxed elementor-section-height-default elementor-section-height-default\" data-id=\"364ac71\" data-element_type=\"section\" data-e-type=\"section\">\n\t\t\t\t\t\t<div class=\"elementor-container elementor-column-gap-default\">\n\t\t\t\t\t<div class=\"elementor-column elementor-col-100 elementor-top-column elementor-element elementor-element-44f8a3e\" data-id=\"44f8a3e\" data-element_type=\"column\" data-e-type=\"column\">\n\t\t\t<div class=\"elementor-widget-wrap elementor-element-populated\">\n\t\t\t\t\t\t<div class=\"elementor-element elementor-element-fa8758d elementor-widget elementor-widget-spacer\" data-id=\"fa8758d\" data-element_type=\"widget\" data-e-type=\"widget\" data-widget_type=\"spacer.default\">\n\t\t\t\t<div class=\"elementor-widget-container\">\n\t\t\t\t\t\t\t<div class=\"elementor-spacer\">\n\t\t\t<div class=\"elementor-spacer-inner\"><\/div>\n\t\t<\/div>\n\t\t\t\t\t\t<\/div>\n\t\t\t\t<\/div>\n\t\t\t\t\t<\/div>\n\t\t<\/div>\n\t\t\t\t\t<\/div>\n\t\t<\/section>\n\t\t\t\t<\/div>\n\t\t","protected":false},"excerpt":{"rendered":"<p>Forma de Ingresso Segundo o Manual de Orienta\u00e7\u00f5es B\u00e1sicas 1- REQUISITOS E PROCEDIMENTOS PARA INGRESSO NO PROGRAMA1.1. RequisitosPara ingressar no Programa de Educa\u00e7\u00e3o Tutorial &#8211; PET, s\u00e3o imprescind\u00edveis os seguintes requisitos: 1.1.4. do aluno candidato\u2022 estar regularmente matriculado em curso de gradua\u00e7\u00e3o;\u2022 n\u00e3o ser bolsista de qualquer outro programa;\u2022 apresentar Coeficiente de Rendimento Escolar maior&#8230;<\/p>\n","protected":false},"author":3938,"featured_media":0,"parent":11,"menu_order":3,"comment_status":"closed","ping_status":"closed","template":"","meta":{"inline_featured_image":false,"site-sidebar-layout":"no-sidebar","site-content-layout":"page-builder","ast-site-content-layout":"default","site-content-style":"default","site-sidebar-style":"default","ast-global-header-display":"","ast-banner-title-visibility":"","ast-main-header-display":"","ast-hfb-above-header-display":"","ast-hfb-below-header-display":"","ast-hfb-mobile-header-display":"","site-post-title":"disabled","ast-breadcrumbs-content":"","ast-featured-img":"disabled","footer-sml-layout":"","theme-transparent-header-meta":"default","adv-header-id-meta":"","stick-header-meta":"","header-above-stick-meta":"","header-main-stick-meta":"","header-below-stick-meta":"","astra-migrate-meta-layouts":"default","ast-page-background-enabled":"default","ast-page-background-meta":{"desktop":{"background-color":"var(--ast-global-color-4)","background-image":"","background-repeat":"repeat","background-position":"center center","background-size":"auto","background-attachment":"scroll","background-type":"","background-media":"","overlay-type":"","overlay-color":"","overlay-opacity":"","overlay-gradient":""},"tablet":{"background-color":"","background-image":"","background-repeat":"repeat","background-position":"center center","background-size":"auto","background-attachment":"scroll","background-type":"","background-media":"","overlay-type":"","overlay-color":"","overlay-opacity":"","overlay-gradient":""},"mobile":{"background-color":"","background-image":"","background-repeat":"repeat","background-position":"center center","background-size":"auto","background-attachment":"scroll","background-type":"","background-media":"","overlay-type":"","overlay-color":"","overlay-opacity":"","overlay-gradient":""}},"ast-content-background-meta":{"desktop":{"background-color":"var(--ast-global-color-5)","background-image":"","background-repeat":"repeat","background-position":"center center","background-size":"auto","background-attachment":"scroll","background-type":"","background-media":"","overlay-type":"","overlay-color":"","overlay-opacity":"","overlay-gradient":""},"tablet":{"background-color":"var(--ast-global-color-5)","background-image":"","background-repeat":"repeat","background-position":"center center","background-size":"auto","background-attachment":"scroll","background-type":"","background-media":"","overlay-type":"","overlay-color":"","overlay-opacity":"","overlay-gradient":""},"mobile":{"background-color":"var(--ast-global-color-5)","background-image":"","background-repeat":"repeat","background-position":"center center","background-size":"auto","background-attachment":"scroll","background-type":"","background-media":"","overlay-type":"","overlay-color":"","overlay-opacity":"","overlay-gradient":""}},"ngg_post_thumbnail":0,"footnotes":""},"class_list":["post-5435","page","type-page","status-publish","hentry"],"_links":{"self":[{"href":"https:\/\/www2.unifap.br\/pet-fisica\/wp-json\/wp\/v2\/pages\/5435","targetHints":{"allow":["GET"]}}],"collection":[{"href":"https:\/\/www2.unifap.br\/pet-fisica\/wp-json\/wp\/v2\/pages"}],"about":[{"href":"https:\/\/www2.unifap.br\/pet-fisica\/wp-json\/wp\/v2\/types\/page"}],"author":[{"embeddable":true,"href":"https:\/\/www2.unifap.br\/pet-fisica\/wp-json\/wp\/v2\/users\/3938"}],"replies":[{"embeddable":true,"href":"https:\/\/www2.unifap.br\/pet-fisica\/wp-json\/wp\/v2\/comments?post=5435"}],"version-history":[{"count":11,"href":"https:\/\/www2.unifap.br\/pet-fisica\/wp-json\/wp\/v2\/pages\/5435\/revisions"}],"predecessor-version":[{"id":28232,"href":"https:\/\/www2.unifap.br\/pet-fisica\/wp-json\/wp\/v2\/pages\/5435\/revisions\/28232"}],"up":[{"embeddable":true,"href":"https:\/\/www2.unifap.br\/pet-fisica\/wp-json\/wp\/v2\/pages\/11"}],"wp:attachment":[{"href":"https:\/\/www2.unifap.br\/pet-fisica\/wp-json\/wp\/v2\/media?parent=5435"}],"curies":[{"name":"wp","href":"https:\/\/api.w.org\/{rel}","templated":true}]}}