{"id":200,"date":"2023-08-11T13:51:41","date_gmt":"2023-08-11T16:51:41","guid":{"rendered":"https:\/\/www2.unifap.br\/pibidledocmzg\/?page_id=200"},"modified":"2023-08-11T13:56:03","modified_gmt":"2023-08-11T16:56:03","slug":"ciencia-tecnologia-e-inovacao-para-a-amazonia","status":"publish","type":"page","link":"https:\/\/www2.unifap.br\/pibidledocmzg\/ciencia-tecnologia-e-inovacao-para-a-amazonia\/","title":{"rendered":"Ci\u00eancia, tecnologia e inova\u00e7\u00e3o para a Amaz\u00f4nia"},"content":{"rendered":"<h6 lang=\"en-US\" style=\"text-align: right\"><strong>Escrito por Adria Loureiro<\/strong><br \/>\nAcad\u00eamica da LEdoC e PIBIDiana<\/h6>\n<p lang=\"en-US\">\n<p lang=\"en-US\">\n<p class=\"western\" lang=\"en-US\">O livro &#8220;Ci\u00eancia, tecnologia e inova\u00e7\u00e3o para a Amaz\u00f4nia&#8221; aborda o bioma, a biodiversidade, a ocupa\u00e7\u00e3o dos ind\u00edgenas e os demais povos tradicionais. Entre esses fatores, est\u00e1 relacionado todo o espa\u00e7o geogr\u00e1fico da regi\u00e3o amaz\u00f4nica. A pesquisa pretende buscar uma utiliza\u00e7\u00e3o mais qualificada dos atributos naturais da natureza.<\/p>\n<p class=\"western\" lang=\"en-US\">Nele est\u00e3o inseridos v\u00e1rios programas e projetos desenvolvidos tanto para reparar danos, quanto para impulsionar um desenvolvimento sustent\u00e1vel em toda Amaz\u00f4nia legal, entre eles est\u00e3o inclusos a ci\u00eancia e a tecnologia, com intuito de inovar o espa\u00e7o amaz\u00f4nico.<\/p>\n<p lang=\"en-US\"><img fetchpriority=\"high\" decoding=\"async\" class=\"aligncenter size-medium wp-image-201\" src=\"http:\/\/www2.unifap.br\/pibidledocmzg\/files\/2023\/08\/f-257x300.jpg\" alt=\"\" width=\"257\" height=\"300\" srcset=\"https:\/\/www2.unifap.br\/pibidledocmzg\/files\/2023\/08\/f-257x300.jpg 257w, https:\/\/www2.unifap.br\/pibidledocmzg\/files\/2023\/08\/f.jpg 641w\" sizes=\"(max-width: 257px) 100vw, 257px\" \/><\/p>\n","protected":false},"excerpt":{"rendered":"<p>Escrito por Adria Loureiro Acad\u00eamica da LEdoC e PIBIDiana O livro &#8220;Ci\u00eancia, tecnologia e inova\u00e7\u00e3o para a Amaz\u00f4nia&#8221; aborda o bioma, a biodiversidade, a ocupa\u00e7\u00e3o dos ind\u00edgenas e os demais povos tradicionais. Entre esses fatores, est\u00e1 relacionado todo o espa\u00e7o&hellip; <\/p>\n<p><a href=\"https:\/\/www2.unifap.br\/pibidledocmzg\/ciencia-tecnologia-e-inovacao-para-a-amazonia\/\" class=\"readmore-button\">Continue Reading<\/a><\/p>\n","protected":false},"author":2426,"featured_media":0,"parent":0,"menu_order":0,"comment_status":"closed","ping_status":"closed","template":"","meta":{"inline_featured_image":false,"footnotes":""},"class_list":["post-200","page","type-page","status-publish","hentry"],"_links":{"self":[{"href":"https:\/\/www2.unifap.br\/pibidledocmzg\/wp-json\/wp\/v2\/pages\/200","targetHints":{"allow":["GET"]}}],"collection":[{"href":"https:\/\/www2.unifap.br\/pibidledocmzg\/wp-json\/wp\/v2\/pages"}],"about":[{"href":"https:\/\/www2.unifap.br\/pibidledocmzg\/wp-json\/wp\/v2\/types\/page"}],"author":[{"embeddable":true,"href":"https:\/\/www2.unifap.br\/pibidledocmzg\/wp-json\/wp\/v2\/users\/2426"}],"replies":[{"embeddable":true,"href":"https:\/\/www2.unifap.br\/pibidledocmzg\/wp-json\/wp\/v2\/comments?post=200"}],"version-history":[{"count":4,"href":"https:\/\/www2.unifap.br\/pibidledocmzg\/wp-json\/wp\/v2\/pages\/200\/revisions"}],"predecessor-version":[{"id":206,"href":"https:\/\/www2.unifap.br\/pibidledocmzg\/wp-json\/wp\/v2\/pages\/200\/revisions\/206"}],"wp:attachment":[{"href":"https:\/\/www2.unifap.br\/pibidledocmzg\/wp-json\/wp\/v2\/media?parent=200"}],"curies":[{"name":"wp","href":"https:\/\/api.w.org\/{rel}","templated":true}]}}