{"id":87,"date":"2023-05-07T17:07:48","date_gmt":"2023-05-07T20:07:48","guid":{"rendered":"https:\/\/www2.unifap.br\/pibidledocmzg\/?page_id=87"},"modified":"2023-05-17T21:31:38","modified_gmt":"2023-05-18T00:31:38","slug":"ensino-pesquisa-e-extensao-na-reserva-extrativista-do-rio-cajari","status":"publish","type":"page","link":"https:\/\/www2.unifap.br\/pibidledocmzg\/ensino-pesquisa-e-extensao-na-reserva-extrativista-do-rio-cajari\/","title":{"rendered":"Ensino, pesquisa e extens\u00e3o na Reserva Extrativista do Rio Cajari"},"content":{"rendered":"<h5 style=\"text-align: right\"><img decoding=\"async\" class=\" wp-image-121 alignright\" style=\"font-size: 16px;font-weight: 400;text-align: start\" src=\"http:\/\/www2.unifap.br\/pibidledocmzg\/files\/2023\/05\/WhatsApp-Image-2023-05-17-at-08.41.41-169x300.jpeg\" alt=\"\" width=\"53\" height=\"94\" srcset=\"https:\/\/www2.unifap.br\/pibidledocmzg\/files\/2023\/05\/WhatsApp-Image-2023-05-17-at-08.41.41-169x300.jpeg 169w, https:\/\/www2.unifap.br\/pibidledocmzg\/files\/2023\/05\/WhatsApp-Image-2023-05-17-at-08.41.41-576x1024.jpeg 576w, https:\/\/www2.unifap.br\/pibidledocmzg\/files\/2023\/05\/WhatsApp-Image-2023-05-17-at-08.41.41.jpeg 720w\" sizes=\"(max-width: 53px) 100vw, 53px\" \/><\/h5>\n<h6 style=\"text-align: right\"><strong>Escrito por Nat\u00e1lia Amoras<\/strong><br \/>\nAcad\u00eamica da LEdoC e PIBIDiana<\/h6>\n<p>&nbsp;<\/p>\n<p>Desenvolvida pelo N\u00facleo de Estudo em Agroecologia e Produ\u00e7\u00e3o Org\u00e2nica da Universidade Federal do Amap\u00e1\/<em>Campus<\/em> Mazag\u00e3o (NEA-UNIFAP\/MZG), a publica\u00e7\u00e3o &#8220;Ensino, pesquisa e extens\u00e3o na Reserva Extrativista do Rio Cajari&#8221; \u00e9 uma obra destinada, principalmente, \u00e0s institui\u00e7\u00f5es escolares e \u00e0 comunidade campesina. O livro explana a\u00e7\u00f5es do NEA-UNIFAP\/MZG na Reserva Extrativista do Rio Cajari, localizada no sul do estado do Amap\u00e1, e est\u00e1 dividido em quatro cap\u00edtulos dissemelhantes.<\/p>\n<p>Desenvolvendo conhecimentos b\u00e1sicos sobre polinizadores, flores, reprodu\u00e7\u00e3o de angiospermas (plantas que produzem flores e frutos) e servi\u00e7os ecossist\u00eamicos, o cap\u00edtulo &#8220;Falando de flores e polinizadores na Reserva Extrativista do Rio Cajari &#8211; Amap\u00e1&#8221; explana as a\u00e7\u00f5es desenvolvidas no projeto de extens\u00e3o &#8220;Para n\u00e3o dizer que n\u00e3o falei das flores&#8230;E dos polinizadores tamb\u00e9m&#8221;.<\/p>\n<p>&#8220;Sementes tradicionais: \u00e9 preciso guardar, proteger e semear&#8221; retrata no\u00e7\u00f5es de diferencia\u00e7\u00e3o entre sementes e gr\u00e3os, meios de prolifera\u00e7\u00e3o de esp\u00e9cies, seguran\u00e7a e soberania alimentar e manuten\u00e7\u00e3o de qualidade das sementes do plantio ao estoque das mesmas.<\/p>\n<p>&#8220;Plantas aliment\u00edcias n\u00e3o convencionais (PANC) e plantas medicinais da Reserva Extrativista do Rio Cajari, Amap\u00e1&#8221; evidencia a diversidade de esp\u00e9cies vegetais voltadas ao uso culin\u00e1rio e medicinal existentes na \u00e1rea de conserva\u00e7\u00e3o, explanando ainda a nomenclatura bot\u00e2nica, bem como os modos de utiliza\u00e7\u00e3o aliment\u00edcia e as recomenda\u00e7\u00f5es medicinais das esp\u00e9cies evidenciadas.<\/p>\n<p>&#8220;Juventude em foco: n\u00f3s por n\u00f3s mesmos!&#8221; \u00e9 um projeto de extens\u00e3o parceiro do NEA-UNIFAP\/MZG, que aborda tem\u00e1ticas de fotografia, cartografia, exsicatas, e que \u00e9 evidenciado no cap\u00edtulo &#8220;Na sala se aula: Juventude, Territ\u00f3rio e Agroecologia&#8221;, onde suas a\u00e7\u00f5es s\u00e3o abordadas, bem como metodologias de participa\u00e7\u00e3o das viv\u00eancias protagonistas.<\/p>\n<p>Este livro \u00e9 de seu interesse? Ent\u00e3o clica no link, fa\u00e7a o download da vers\u00e3o em <em>ebook<\/em> e boa leitura!<\/p>\n<p><a href=\"https:\/\/www.researchgate.net\/publication\/354424429_Ensino_pesquisa_e_extensao_na_Reserva_Extrativista_do_Rio_Cajari_-_Acoes_do_NEA-UNIFAPMZG\">Acesso para download<\/a><\/p>\n<p><img fetchpriority=\"high\" decoding=\"async\" class=\"aligncenter\" src=\"https:\/\/www2.unifap.br\/neamzg\/files\/2022\/05\/capa-nea.png\" width=\"461\" height=\"260\" \/><\/p>\n<pre><\/pre>\n","protected":false},"excerpt":{"rendered":"<p>Escrito por Nat\u00e1lia Amoras Acad\u00eamica da LEdoC e PIBIDiana &nbsp; Desenvolvida pelo N\u00facleo de Estudo em Agroecologia e Produ\u00e7\u00e3o Org\u00e2nica da Universidade Federal do Amap\u00e1\/Campus Mazag\u00e3o (NEA-UNIFAP\/MZG), a publica\u00e7\u00e3o &#8220;Ensino, pesquisa e extens\u00e3o na Reserva Extrativista do Rio Cajari&#8221; \u00e9&hellip; <\/p>\n<p><a href=\"https:\/\/www2.unifap.br\/pibidledocmzg\/ensino-pesquisa-e-extensao-na-reserva-extrativista-do-rio-cajari\/\" class=\"readmore-button\">Continue Reading<\/a><\/p>\n","protected":false},"author":2426,"featured_media":0,"parent":0,"menu_order":0,"comment_status":"closed","ping_status":"closed","template":"","meta":{"inline_featured_image":false,"footnotes":""},"class_list":["post-87","page","type-page","status-publish","hentry"],"_links":{"self":[{"href":"https:\/\/www2.unifap.br\/pibidledocmzg\/wp-json\/wp\/v2\/pages\/87","targetHints":{"allow":["GET"]}}],"collection":[{"href":"https:\/\/www2.unifap.br\/pibidledocmzg\/wp-json\/wp\/v2\/pages"}],"about":[{"href":"https:\/\/www2.unifap.br\/pibidledocmzg\/wp-json\/wp\/v2\/types\/page"}],"author":[{"embeddable":true,"href":"https:\/\/www2.unifap.br\/pibidledocmzg\/wp-json\/wp\/v2\/users\/2426"}],"replies":[{"embeddable":true,"href":"https:\/\/www2.unifap.br\/pibidledocmzg\/wp-json\/wp\/v2\/comments?post=87"}],"version-history":[{"count":9,"href":"https:\/\/www2.unifap.br\/pibidledocmzg\/wp-json\/wp\/v2\/pages\/87\/revisions"}],"predecessor-version":[{"id":122,"href":"https:\/\/www2.unifap.br\/pibidledocmzg\/wp-json\/wp\/v2\/pages\/87\/revisions\/122"}],"wp:attachment":[{"href":"https:\/\/www2.unifap.br\/pibidledocmzg\/wp-json\/wp\/v2\/media?parent=87"}],"curies":[{"name":"wp","href":"https:\/\/api.w.org\/{rel}","templated":true}]}}