{"id":1597,"date":"2020-06-17T02:37:27","date_gmt":"2020-06-17T02:37:27","guid":{"rendered":"http:\/\/www2.unifap.br\/ppcs\/?page_id=1597"},"modified":"2024-05-04T01:27:19","modified_gmt":"2024-05-04T04:27:19","slug":"turma-2019","status":"publish","type":"page","link":"https:\/\/www2.unifap.br\/ppcs\/corpo-academico\/corpo-discente\/turma-2019\/","title":{"rendered":"TURMA 2019"},"content":{"rendered":"<p>Aderaldo Viegas da Silva<\/p>\n<p>Alan Mesquita Santos<\/p>\n<p>Ana Caroline Moura Rodrigues Costa<\/p>\n<p>Bruna Lorena de Jesus Martins<\/p>\n<p>Caroline de F\u00e1tima Ribeiro Rilva<\/p>\n<p>C\u00e1ssio Diogo Almeida Monteiro<\/p>\n<p>Darleine Esther Joseph<\/p>\n<p>Darlene Pandilha de Lima<\/p>\n<p>D\u00e9bora Juliana Souza do Ros\u00e1rio<\/p>\n<p>Derlane Gaia Barroso Nascimento<\/p>\n<p>Diovana de Sena Alberto<\/p>\n<p>Emanuelle Tavares Rodrigues<\/p>\n<p>Fabr\u00edcio da Silva Corr\u00eaa<\/p>\n<p>Flavia Priscila Almeida dos Santos<\/p>\n<p>Gabriel Neto Oliveira<\/p>\n<p>Gabriel Clemente de Brito Pereira<\/p>\n<p>Gabriela de Souza Amanaj\u00e1s<\/p>\n<p>H\u00eaule Nilton Santos de Oliveira<\/p>\n<p>Ildilane Suelem Rodrigues Carvalho<\/p>\n<p>Iuri Silva Sena<\/p>\n<p>Karoline Sampaio da Silva<\/p>\n<p>Ketlen de Sena Silva<\/p>\n<p>Larissa Duarte Ferreira<\/p>\n<p>Leilson da Silva Lima<\/p>\n<p>Lorenna Leal de Morais Sim\u00f5es<\/p>\n<p>Luiza Frota Moreira<\/p>\n<p>Luiz Eduardo D&#8217;Elia Oliveira<\/p>\n<p>Maira Beatrine da Rocha Uchoa<\/p>\n<p>Mateus Goes Quintela<\/p>\n<p>Rosa Maria Guimar\u00e3es Brito<\/p>\n<p>Rosa Nat\u00e1lia Muniz Carneiro Mota<\/p>\n<p>Thamilly Joaquina Pican\u00e7o da silva<\/p>\n<p>Weslley Lieverson Nogueira do Carmo<\/p>\n<p>Wingred Lobato Gon\u00e7alves<\/p>\n","protected":false},"excerpt":{"rendered":"<p>Aderaldo Viegas da Silva Alan Mesquita Santos Ana Caroline Moura Rodrigues Costa Bruna Lorena de Jesus Martins Caroline de F\u00e1tima Ribeiro Rilva C\u00e1ssio Diogo Almeida Monteiro Darleine Esther Joseph Darlene Pandilha de Lima D\u00e9bora Juliana Souza do Ros\u00e1rio Derlane Gaia Barroso Nascimento Diovana de Sena Alberto Emanuelle Tavares Rodrigues Fabr\u00edcio \u2026 <a class=\"continue-reading-link\" href=\"https:\/\/www2.unifap.br\/ppcs\/corpo-academico\/corpo-discente\/turma-2019\/\"> Continue Lendo <span class=\"meta-nav\">&rarr; <\/span><\/a><\/p>\n","protected":false},"author":3848,"featured_media":0,"parent":676,"menu_order":10,"comment_status":"closed","ping_status":"closed","template":"","meta":{"inline_featured_image":false,"ngg_post_thumbnail":0,"footnotes":""},"class_list":["post-1597","page","type-page","status-publish","hentry"],"_links":{"self":[{"href":"https:\/\/www2.unifap.br\/ppcs\/wp-json\/wp\/v2\/pages\/1597","targetHints":{"allow":["GET"]}}],"collection":[{"href":"https:\/\/www2.unifap.br\/ppcs\/wp-json\/wp\/v2\/pages"}],"about":[{"href":"https:\/\/www2.unifap.br\/ppcs\/wp-json\/wp\/v2\/types\/page"}],"author":[{"embeddable":true,"href":"https:\/\/www2.unifap.br\/ppcs\/wp-json\/wp\/v2\/users\/3848"}],"replies":[{"embeddable":true,"href":"https:\/\/www2.unifap.br\/ppcs\/wp-json\/wp\/v2\/comments?post=1597"}],"version-history":[{"count":1,"href":"https:\/\/www2.unifap.br\/ppcs\/wp-json\/wp\/v2\/pages\/1597\/revisions"}],"predecessor-version":[{"id":1598,"href":"https:\/\/www2.unifap.br\/ppcs\/wp-json\/wp\/v2\/pages\/1597\/revisions\/1598"}],"up":[{"embeddable":true,"href":"https:\/\/www2.unifap.br\/ppcs\/wp-json\/wp\/v2\/pages\/676"}],"wp:attachment":[{"href":"https:\/\/www2.unifap.br\/ppcs\/wp-json\/wp\/v2\/media?parent=1597"}],"curies":[{"name":"wp","href":"https:\/\/api.w.org\/{rel}","templated":true}]}}