{"id":2686,"date":"2023-01-04T11:16:40","date_gmt":"2023-01-04T14:16:40","guid":{"rendered":"https:\/\/www2.unifap.br\/ppcs\/?page_id=2686"},"modified":"2024-05-05T14:50:07","modified_gmt":"2024-05-05T17:50:07","slug":"ata-de-reuniao-de-colegiago","status":"publish","type":"page","link":"https:\/\/www2.unifap.br\/ppcs\/parceiros\/ata-de-reuniao-de-colegiago\/","title":{"rendered":"Ata de Reuni\u00e3o de Colegiado"},"content":{"rendered":"<p>&nbsp;<\/p>\n<p><strong>ANO 2024<\/strong><\/p>\n<p><a href=\"http:\/\/www2.unifap.br\/ppcs\/files\/2024\/05\/ATA-REUNIAO-ORDINARIA-DE-COLEGIADO_30-01-2024.pdf\">ATA REUNI\u00c3O ORDIN\u00c1RIA DE COLEGIADO_30-01-2024<\/a><\/p>\n<p><a href=\"http:\/\/www2.unifap.br\/ppcs\/files\/2024\/05\/ATA-REUNIAO-EXTRAORDINARIA-DE-COLEGIADO_09-02-2024.pdf\">ATA REUNI\u00c3O EXTRAORDIN\u00c1RIA DE COLEGIADO_09-02-2024<\/a><\/p>\n<p>&nbsp;<\/p>\n<p><strong>ANO 2023<\/strong><\/p>\n<p><a href=\"http:\/\/www2.unifap.br\/ppcs\/files\/2024\/05\/ATA-REUNIAO-ORDINARIA-DE-COLEGIADO_30-03-2023-1.pdf\">ATA REUNI\u00c3O ORDIN\u00c1RIA DE COLEGIADO_30-03-2023<\/a><\/p>\n<p><a href=\"http:\/\/www2.unifap.br\/ppcs\/files\/2024\/05\/ATA-REUNIAO-ORDINARIA-DE-COLEGIADO_31-07-2023.pdf\">ATA REUNI\u00c3O ORDIN\u00c1RIA DE COLEGIADO_31-07-2023<\/a><\/p>\n<p><a href=\"http:\/\/www2.unifap.br\/ppcs\/files\/2024\/05\/ATA-REUNIAO-ORDINARIA-DE-COLEGIADO_13-08-2023.pdf\">ATA REUNI\u00c3O ORDIN\u00c1RIA DE COLEGIADO_13-08-2023<\/a><\/p>\n<p><a href=\"http:\/\/www2.unifap.br\/ppcs\/files\/2024\/05\/ATA-REUNIAO-ORDINARIA-DE-COLEGIADO_18-09-2023_.pdf\">ATA REUNI\u00c3O ORDIN\u00c1RIA DE COLEGIADO_18-09-2023_<\/a><\/p>\n<p>&nbsp;<\/p>\n<p><strong>ANO 2022<\/strong><\/p>\n<p>ATA DE REUNI\u00c3O DE COLEGIADO DO DIA 21\/01\/2022<\/p>\n<p><a href=\"http:\/\/www2.unifap.br\/ppcs\/files\/2023\/01\/1-ATA-REUNIAO-DE-COLEGIADO-21-01-2022.pdf\">1 ATA-REUNI\u00c3O DE COLEGIADO-21-01-2022<\/a><\/p>\n<p>ATA DE REUNI\u00c3O DE COLEGIADO DO DIA 18\/02\/2022<\/p>\n<p><a href=\"http:\/\/www2.unifap.br\/ppcs\/files\/2023\/01\/2-ATA-REUNIAO-DE-COLEGIADO-18-02-2022.pdf\">2 ATA-REUNI\u00c3O DE COLEGIADO-18-02-2022<\/a><\/p>\n<p>ATA DE REUNI\u00c3O DE COLEGIADO DO DIA 28\/03\/2022<\/p>\n<p><a href=\"http:\/\/www2.unifap.br\/ppcs\/files\/2023\/01\/3-ATA-REUNIAO-DE-COLEGIADO-28_03-2022.pdf\">3 ATA-REUNI\u00c3O DE COLEGIADO-28_03-2022<\/a><\/p>\n<p>ATA DE REUNI\u00c3O DE COLEGIADO DO DIA 28\/04\/2022<\/p>\n<p><a href=\"http:\/\/www2.unifap.br\/ppcs\/files\/2023\/01\/4-ATA-REUNIAO-DE-COLEGIADO-28_04-2022.pdf\">4 ATA-REUNI\u00c3O DE COLEGIADO-28_04-2022<\/a><\/p>\n<p>ATA DE REUNI\u00c3O DE COLEGIADO DO DIA 12\/05\/2022<\/p>\n<p><a href=\"http:\/\/www2.unifap.br\/ppcs\/files\/2023\/01\/5-ATA-REUNIAO-DE-COLEGIADO-12_05-2022.pdf\">5 ATA-REUNI\u00c3O DE COLEGIADO-12_05-2022<\/a><\/p>\n<p>ATA DE REUNI\u00c3O DE COLEGIADO DO DIA 31\/05\/2022<\/p>\n<p><a href=\"http:\/\/www2.unifap.br\/ppcs\/files\/2023\/01\/6-ATA-REUNIAO-DE-COLEGIADO-31_05-2022.pdf\">6 ATA-REUNI\u00c3O DE COLEGIADO-31_05-2022<\/a><\/p>\n<p>ATA DE REUNI\u00c3O DE COLEGIADO DO DIA 21\/09\/2022<\/p>\n<p><a href=\"http:\/\/www2.unifap.br\/ppcs\/files\/2023\/01\/8-ATA-_-REUNIAO-DE-COLEGIADO_-21_09_2022_R.pdf\">8 ATA _ REUNI\u00c3O DE COLEGIADO_ 21_09_2022_R<\/a><\/p>\n<p>ATA DE REUNI\u00c3O DE COLEGIADO DO DIA 21\/10\/2022<\/p>\n<p><a href=\"http:\/\/www2.unifap.br\/ppcs\/files\/2023\/01\/9-ATA-_-REUNIAO-DE-COLEGIADO-_21-_10_2022.pdf\">9 ATA _ REUNI\u00c3O DE COLEGIADO _21 _10_2022<\/a><\/p>\n<p>&nbsp;<\/p>\n<p>&nbsp;<\/p>\n<p><strong>ANO 2021<\/strong><\/p>\n<p>ATA DE REUNI\u00c3O DE COLEGIADO DO&nbsp; DIA 30\/07\/2021<\/p>\n<p><a href=\"http:\/\/www2.unifap.br\/ppcs\/files\/2023\/01\/1-ATA-DA-REUNIAO-DE-COLEGIADO-30-07-2021_.pdf\">1 ATA DA REUNI\u00c3O DE COLEGIADO 30 07 2021_<\/a><\/p>\n<p>ATA DE REUNI\u00c3O DE COLEGIADO DO DIA&nbsp; 31\/08\/2021<\/p>\n<p><a href=\"http:\/\/www2.unifap.br\/ppcs\/files\/2023\/01\/2-ATA-DA-REUNIAO-DE-COLEGIADO-31-08-2021.pdf\">2 ATA DA REUNI\u00c3O DE COLEGIADO 31 08 2021<\/a><\/p>\n<p>ATA DE REUNI\u00c3O DE COLEGIADO DO DIA 23\/09\/2021<\/p>\n<p><a href=\"http:\/\/www2.unifap.br\/ppcs\/files\/2023\/01\/3-ATA-DA-REUNIAO-DE-COLEGIADO-23-09-2021-Final.pdf\">3 ATA DA REUNI\u00c3O DE COLEGIADO 23 09 2021 &#8211; Final<\/a><\/p>\n<p>ATA DE REUNI\u00c3O DE COLEGIADO DO DIA 01\/10\/2021<\/p>\n<p><a href=\"http:\/\/www2.unifap.br\/ppcs\/files\/2023\/01\/4-ATA-DA-REUNIAO-DE-COLEGIADO-01-10-2020-1.pdf\">4 ATA DA REUNI\u00c3O DE COLEGIADO 01 10 2020 (1)<\/a><\/p>\n<p>ATA DE REUNI\u00c3O DE COLEGIADO DO DIA 10\/11\/2021<\/p>\n<p><a href=\"http:\/\/www2.unifap.br\/ppcs\/files\/2023\/01\/5-ATA-DA-REUNIAO-DE-COLEGIADO_-10_11_2021ok.pdf\">5 ATA DA REUNI\u00c3O DE COLEGIADO_ 10_11_2021ok<\/a><\/p>\n<p>ATA DE REUNI\u00c3O DE COLEGIADO DO DIA 01\/12\/2021<\/p>\n<p><a href=\"http:\/\/www2.unifap.br\/ppcs\/files\/2023\/01\/6-ATA-DA-REUNIAO-DE-COLEGIADO_-01_12_2021-1.pdf\">6 ATA DA REUNI\u00c3O DE COLEGIADO_ 01_12_2021 (1)<\/a><\/p>\n<p>&nbsp;<\/p>\n","protected":false},"excerpt":{"rendered":"<p>&nbsp; ANO 2024 ATA REUNI\u00c3O ORDIN\u00c1RIA DE COLEGIADO_30-01-2024 ATA REUNI\u00c3O EXTRAORDIN\u00c1RIA DE COLEGIADO_09-02-2024 &nbsp; ANO 2023 ATA REUNI\u00c3O ORDIN\u00c1RIA DE COLEGIADO_30-03-2023 ATA REUNI\u00c3O ORDIN\u00c1RIA DE COLEGIADO_31-07-2023 ATA REUNI\u00c3O ORDIN\u00c1RIA DE COLEGIADO_13-08-2023 ATA REUNI\u00c3O ORDIN\u00c1RIA DE COLEGIADO_18-09-2023_ &nbsp; ANO 2022 ATA DE REUNI\u00c3O DE COLEGIADO DO DIA 21\/01\/2022 1 ATA-REUNI\u00c3O DE \u2026 <a class=\"continue-reading-link\" href=\"https:\/\/www2.unifap.br\/ppcs\/parceiros\/ata-de-reuniao-de-colegiago\/\"> Continue Lendo <span class=\"meta-nav\">&rarr; <\/span><\/a><\/p>\n","protected":false},"author":3922,"featured_media":0,"parent":59,"menu_order":3,"comment_status":"closed","ping_status":"closed","template":"","meta":{"inline_featured_image":false,"ngg_post_thumbnail":0,"footnotes":""},"class_list":["post-2686","page","type-page","status-publish","hentry"],"_links":{"self":[{"href":"https:\/\/www2.unifap.br\/ppcs\/wp-json\/wp\/v2\/pages\/2686","targetHints":{"allow":["GET"]}}],"collection":[{"href":"https:\/\/www2.unifap.br\/ppcs\/wp-json\/wp\/v2\/pages"}],"about":[{"href":"https:\/\/www2.unifap.br\/ppcs\/wp-json\/wp\/v2\/types\/page"}],"author":[{"embeddable":true,"href":"https:\/\/www2.unifap.br\/ppcs\/wp-json\/wp\/v2\/users\/3922"}],"replies":[{"embeddable":true,"href":"https:\/\/www2.unifap.br\/ppcs\/wp-json\/wp\/v2\/comments?post=2686"}],"version-history":[{"count":7,"href":"https:\/\/www2.unifap.br\/ppcs\/wp-json\/wp\/v2\/pages\/2686\/revisions"}],"predecessor-version":[{"id":3517,"href":"https:\/\/www2.unifap.br\/ppcs\/wp-json\/wp\/v2\/pages\/2686\/revisions\/3517"}],"up":[{"embeddable":true,"href":"https:\/\/www2.unifap.br\/ppcs\/wp-json\/wp\/v2\/pages\/59"}],"wp:attachment":[{"href":"https:\/\/www2.unifap.br\/ppcs\/wp-json\/wp\/v2\/media?parent=2686"}],"curies":[{"name":"wp","href":"https:\/\/api.w.org\/{rel}","templated":true}]}}