{"id":7,"date":"2009-11-11T06:14:11","date_gmt":"2009-11-11T06:14:11","guid":{"rendered":"http:\/\/pororoca.unifap.br\/ppcs\/caracterizacao-do-curso\/"},"modified":"2023-03-08T17:10:55","modified_gmt":"2023-03-08T20:10:55","slug":"objetivos-do-curso","status":"publish","type":"page","link":"https:\/\/www2.unifap.br\/ppcs\/apresentacao\/objetivos-do-curso\/","title":{"rendered":"Objetivos do Curso"},"content":{"rendered":"<p><a href=\"http:\/\/www2.unifap.br\/ppcs\/files\/2012\/02\/ppcs-banner.jpg\"><img fetchpriority=\"high\" decoding=\"async\" class=\"aligncenter size-full wp-image-77\" alt=\"\" src=\"http:\/\/www2.unifap.br\/ppcs\/files\/2012\/02\/ppcs-banner.jpg\" width=\"800\" height=\"120\" \/><\/a><\/p>\n<table width=\"480\">\n<tbody>\n<tr>\n<td bgcolor=\"#009966\" width=\"592\">\n<div><strong>OBJETIVOS DO CURSO<\/strong><\/div>\n<\/td>\n<\/tr>\n<\/tbody>\n<\/table>\n<p style=\"text-align: justify\"><strong>Objetivo geral:<\/strong><\/p>\n<p style=\"text-align: justify\">Desenvolver curso stricto sensu, n\u00edvel mestrado, nesta \u00e1rea do conhecimento, para forma\u00e7\u00e3o e capacita\u00e7\u00e3o de candidatos que apresentem diploma de gradua\u00e7\u00e3o, nos termos do art. 44, inciso III da Lei 9394\/96 &#8211; LDB, e que atendam \u00e0s demais exig\u00eancias da Universidade, em n\u00edvel de Mestrado, com o objetivo de contribuir para o desenvolvimento da ci\u00eancia, o progresso tecnol\u00f3gico e a melhoria dos servi\u00e7os e da qualidade da sa\u00fade da popula\u00e7\u00e3o brasileira, principalmente da regi\u00e3o norte.<\/p>\n<p style=\"text-align: justify\"><strong>Objetivo espec\u00edfico:<\/strong><\/p>\n<p style=\"text-align: justify\">Aprofundar os conhecimentos acad\u00eamicos na \u00e1rea da sa\u00fade, possibilitando a forma\u00e7\u00e3o e capacita\u00e7\u00e3o de pesquisadores e docentes, qualificando-os para a gera\u00e7\u00e3o de novos e relevantes conhecimentos de maneira integrada, visando ao desenvolvimento cient\u00edfico-tecnol\u00f3gico da regi\u00e3o amaz\u00f4nica e do pa\u00eds, e a melhoria das condi\u00e7\u00f5es de vida da popula\u00e7\u00e3o amaz\u00f4nica.<\/p>\n","protected":false},"excerpt":{"rendered":"<p>OBJETIVOS DO CURSO Objetivo geral: Desenvolver curso stricto sensu, n\u00edvel mestrado, nesta \u00e1rea do conhecimento, para forma\u00e7\u00e3o e capacita\u00e7\u00e3o de candidatos que apresentem diploma de gradua\u00e7\u00e3o, nos termos do art. 44, inciso III da Lei 9394\/96 &#8211; LDB, e que atendam \u00e0s demais exig\u00eancias da Universidade, em n\u00edvel de Mestrado, \u2026 <a class=\"continue-reading-link\" href=\"https:\/\/www2.unifap.br\/ppcs\/apresentacao\/objetivos-do-curso\/\"> Continue Lendo <span class=\"meta-nav\">&rarr; <\/span><\/a><\/p>\n","protected":false},"author":25,"featured_media":0,"parent":39,"menu_order":4,"comment_status":"closed","ping_status":"closed","template":"","meta":{"inline_featured_image":false,"ngg_post_thumbnail":0,"footnotes":""},"class_list":["post-7","page","type-page","status-publish","hentry"],"_links":{"self":[{"href":"https:\/\/www2.unifap.br\/ppcs\/wp-json\/wp\/v2\/pages\/7","targetHints":{"allow":["GET"]}}],"collection":[{"href":"https:\/\/www2.unifap.br\/ppcs\/wp-json\/wp\/v2\/pages"}],"about":[{"href":"https:\/\/www2.unifap.br\/ppcs\/wp-json\/wp\/v2\/types\/page"}],"author":[{"embeddable":true,"href":"https:\/\/www2.unifap.br\/ppcs\/wp-json\/wp\/v2\/users\/25"}],"replies":[{"embeddable":true,"href":"https:\/\/www2.unifap.br\/ppcs\/wp-json\/wp\/v2\/comments?post=7"}],"version-history":[{"count":7,"href":"https:\/\/www2.unifap.br\/ppcs\/wp-json\/wp\/v2\/pages\/7\/revisions"}],"predecessor-version":[{"id":1231,"href":"https:\/\/www2.unifap.br\/ppcs\/wp-json\/wp\/v2\/pages\/7\/revisions\/1231"}],"up":[{"embeddable":true,"href":"https:\/\/www2.unifap.br\/ppcs\/wp-json\/wp\/v2\/pages\/39"}],"wp:attachment":[{"href":"https:\/\/www2.unifap.br\/ppcs\/wp-json\/wp\/v2\/media?parent=7"}],"curies":[{"name":"wp","href":"https:\/\/api.w.org\/{rel}","templated":true}]}}