{"id":19,"date":"2023-10-11T11:19:13","date_gmt":"2023-10-11T14:19:13","guid":{"rendered":"https:\/\/www2.unifap.br\/ppcult\/?page_id=19"},"modified":"2026-02-18T15:49:20","modified_gmt":"2026-02-18T18:49:20","slug":"area-de-concentracao-e-linhas-de-pesquisa","status":"publish","type":"page","link":"https:\/\/www2.unifap.br\/ppcult\/area-de-concentracao-e-linhas-de-pesquisa\/","title":{"rendered":"\u00c1rea de Concentra\u00e7\u00e3o e Linhas de Pesquisa"},"content":{"rendered":"\t\t<div data-elementor-type=\"wp-page\" data-elementor-id=\"19\" class=\"elementor elementor-19\">\n\t\t\t\t\t\t<section class=\"elementor-section elementor-top-section elementor-element elementor-element-23fe92020 elementor-section-boxed elementor-section-height-default elementor-section-height-default wpr-particle-no wpr-jarallax-no wpr-parallax-no wpr-sticky-section-no\" data-id=\"23fe92020\" data-element_type=\"section\" data-e-type=\"section\" data-settings=\"{&quot;background_background&quot;:&quot;classic&quot;}\">\n\t\t\t\t\t\t\t<div class=\"elementor-background-overlay\"><\/div>\n\t\t\t\t\t\t\t<div class=\"elementor-container elementor-column-gap-default\">\n\t\t\t\t\t<div class=\"elementor-column elementor-col-100 elementor-top-column elementor-element elementor-element-247a9be7\" data-id=\"247a9be7\" data-element_type=\"column\" data-e-type=\"column\">\n\t\t\t<div class=\"elementor-widget-wrap elementor-element-populated\">\n\t\t\t\t\t\t<div class=\"elementor-element elementor-element-331a9ed5 elementor-widget elementor-widget-heading\" data-id=\"331a9ed5\" data-element_type=\"widget\" data-e-type=\"widget\" data-widget_type=\"heading.default\">\n\t\t\t\t<div class=\"elementor-widget-container\">\n\t\t\t\t\t<h2 class=\"elementor-heading-title elementor-size-default\">\u00c1rea de Concentra\u00e7\u00e3o e Linhas de Pesquisa<\/h2>\t\t\t\t<\/div>\n\t\t\t\t<\/div>\n\t\t\t\t\t<\/div>\n\t\t<\/div>\n\t\t\t\t\t<\/div>\n\t\t<\/section>\n\t\t\t\t<section class=\"elementor-section elementor-top-section elementor-element elementor-element-13d2f8bc elementor-section-boxed elementor-section-height-default elementor-section-height-default wpr-particle-no wpr-jarallax-no wpr-parallax-no wpr-sticky-section-no\" data-id=\"13d2f8bc\" data-element_type=\"section\" data-e-type=\"section\">\n\t\t\t\t\t\t<div class=\"elementor-container elementor-column-gap-default\">\n\t\t\t\t\t<div class=\"elementor-column elementor-col-50 elementor-top-column elementor-element elementor-element-494b7621\" data-id=\"494b7621\" data-element_type=\"column\" data-e-type=\"column\">\n\t\t\t<div class=\"elementor-widget-wrap elementor-element-populated\">\n\t\t\t\t\t\t<div class=\"elementor-element elementor-element-6d0e4f80 elementor-widget elementor-widget-heading\" data-id=\"6d0e4f80\" data-element_type=\"widget\" data-e-type=\"widget\" data-widget_type=\"heading.default\">\n\t\t\t\t<div class=\"elementor-widget-container\">\n\t\t\t\t\t<h2 class=\"elementor-heading-title elementor-size-default\">\u00c1rea de Concentra\u00e7\u00e3o:<\/h2>\t\t\t\t<\/div>\n\t\t\t\t<\/div>\n\t\t\t\t<div class=\"elementor-element elementor-element-5c9385bd elementor-widget-divider--view-line elementor-widget elementor-widget-divider\" data-id=\"5c9385bd\" data-element_type=\"widget\" data-e-type=\"widget\" data-widget_type=\"divider.default\">\n\t\t\t\t<div class=\"elementor-widget-container\">\n\t\t\t\t\t\t\t<div class=\"elementor-divider\">\n\t\t\t<span class=\"elementor-divider-separator\">\n\t\t\t\t\t\t<\/span>\n\t\t<\/div>\n\t\t\t\t\t\t<\/div>\n\t\t\t\t<\/div>\n\t\t\t\t<div class=\"elementor-element elementor-element-b14d23f elementor-widget elementor-widget-text-editor\" data-id=\"b14d23f\" data-element_type=\"widget\" data-e-type=\"widget\" data-widget_type=\"text-editor.default\">\n\t\t\t\t<div class=\"elementor-widget-container\">\n\t\t\t\t\t\t\t\t\t<p>O PPCULT, reconhecido pela Capes &#8211; <strong><a href=\"http:\/\/www2.unifap.br\/ppcult\/files\/2025\/10\/PORTARIA-CAPES-RECONHECIMENTO-PPCULT.pdf\">PORTARIA <\/a>\u00a0N\u00ba 2.149, DE 26 DE DEZEMBRO DE 2023<\/strong>,\u00a0 dedica-se ao estudo das pr\u00e1ticas e processos socioculturais no contexto da regi\u00e3o amaz\u00f4nica, em sua intera\u00e7\u00e3o com os contextos locais e globais; especialmente a dimens\u00e3o simb\u00f3lica que permeia a constitui\u00e7\u00e3o de pr\u00e1ticas e processos inerentes a fen\u00f4menos sociais caracter\u00edsticos da regi\u00e3o.A proposta \u00e9 observar a constitui\u00e7\u00e3o e interfaces entre processos sociais que envolvem a produ\u00e7\u00e3o, circula\u00e7\u00e3o e reconhecimento de sentidos, conhecimentos e saberes na perspectiva de produzir tecnologias sociais e inova\u00e7\u00e3o a partir da compreens\u00e3o do campo cultural.\u00a0<\/p>\t\t\t\t\t\t\t\t<\/div>\n\t\t\t\t<\/div>\n\t\t\t\t\t<\/div>\n\t\t<\/div>\n\t\t\t\t<div class=\"elementor-column elementor-col-50 elementor-top-column elementor-element elementor-element-3c91fbbc\" data-id=\"3c91fbbc\" data-element_type=\"column\" data-e-type=\"column\">\n\t\t\t<div class=\"elementor-widget-wrap elementor-element-populated\">\n\t\t\t\t\t\t<div class=\"elementor-element elementor-element-35814de1 elementor-widget elementor-widget-image\" data-id=\"35814de1\" data-element_type=\"widget\" data-e-type=\"widget\" data-widget_type=\"image.default\">\n\t\t\t\t<div class=\"elementor-widget-container\">\n\t\t\t\t\t\t\t\t\t\t\t\t\t\t\t<img fetchpriority=\"high\" decoding=\"async\" width=\"800\" height=\"420\" src=\"https:\/\/www2.unifap.br\/ppcult\/files\/2025\/10\/20190517_00_interhack_hackathon_sala_aula_computador1.jpg\" class=\"attachment-large size-large wp-image-1641\" alt=\"\" srcset=\"https:\/\/www2.unifap.br\/ppcult\/files\/2025\/10\/20190517_00_interhack_hackathon_sala_aula_computador1.jpg 800w, https:\/\/www2.unifap.br\/ppcult\/files\/2025\/10\/20190517_00_interhack_hackathon_sala_aula_computador1-300x158.jpg 300w, https:\/\/www2.unifap.br\/ppcult\/files\/2025\/10\/20190517_00_interhack_hackathon_sala_aula_computador1-768x403.jpg 768w\" sizes=\"(max-width: 800px) 100vw, 800px\" \/>\t\t\t\t\t\t\t\t\t\t\t\t\t\t\t<\/div>\n\t\t\t\t<\/div>\n\t\t\t\t\t<\/div>\n\t\t<\/div>\n\t\t\t\t\t<\/div>\n\t\t<\/section>\n\t\t\t\t<section class=\"elementor-section elementor-top-section elementor-element elementor-element-345be00 elementor-section-boxed elementor-section-height-default elementor-section-height-default wpr-particle-no wpr-jarallax-no wpr-parallax-no wpr-sticky-section-no\" data-id=\"345be00\" data-element_type=\"section\" data-e-type=\"section\">\n\t\t\t\t\t\t<div class=\"elementor-container elementor-column-gap-default\">\n\t\t\t\t\t<div class=\"elementor-column elementor-col-100 elementor-top-column elementor-element elementor-element-4ef8028\" data-id=\"4ef8028\" data-element_type=\"column\" data-e-type=\"column\">\n\t\t\t<div class=\"elementor-widget-wrap elementor-element-populated\">\n\t\t\t\t\t\t<div class=\"elementor-element elementor-element-020832f elementor-widget elementor-widget-heading\" data-id=\"020832f\" data-element_type=\"widget\" data-e-type=\"widget\" data-widget_type=\"heading.default\">\n\t\t\t\t<div class=\"elementor-widget-container\">\n\t\t\t\t\t<h2 class=\"elementor-heading-title elementor-size-default\">Linhas de Pesquisa:<\/h2>\t\t\t\t<\/div>\n\t\t\t\t<\/div>\n\t\t\t\t<div class=\"elementor-element elementor-element-6a98ca4 elementor-widget-divider--view-line elementor-widget elementor-widget-divider\" data-id=\"6a98ca4\" data-element_type=\"widget\" data-e-type=\"widget\" data-widget_type=\"divider.default\">\n\t\t\t\t<div class=\"elementor-widget-container\">\n\t\t\t\t\t\t\t<div class=\"elementor-divider\">\n\t\t\t<span class=\"elementor-divider-separator\">\n\t\t\t\t\t\t<\/span>\n\t\t<\/div>\n\t\t\t\t\t\t<\/div>\n\t\t\t\t<\/div>\n\t\t\t\t\t<\/div>\n\t\t<\/div>\n\t\t\t\t\t<\/div>\n\t\t<\/section>\n\t\t\t\t<section class=\"elementor-section elementor-top-section elementor-element elementor-element-7a936946 elementor-section-boxed elementor-section-height-default elementor-section-height-default wpr-particle-no wpr-jarallax-no wpr-parallax-no wpr-sticky-section-no\" data-id=\"7a936946\" data-element_type=\"section\" data-e-type=\"section\">\n\t\t\t\t\t\t<div class=\"elementor-container elementor-column-gap-wide\">\n\t\t\t\t\t<div class=\"elementor-column elementor-col-50 elementor-top-column elementor-element elementor-element-1476a30f\" data-id=\"1476a30f\" data-element_type=\"column\" data-e-type=\"column\">\n\t\t\t<div class=\"elementor-widget-wrap elementor-element-populated\">\n\t\t\t\t\t\t<div class=\"elementor-element elementor-element-67924f3b wpr-promo-box-style-cover elementor-widget elementor-widget-wpr-promo-box\" data-id=\"67924f3b\" data-element_type=\"widget\" data-e-type=\"widget\" data-widget_type=\"wpr-promo-box.default\">\n\t\t\t\t<div class=\"elementor-widget-container\">\n\t\t\t\t\t\n\t\t<div class=\"wpr-promo-box wpr-animation-wrap\">\n\n\t\t\t\t\t\t\t\n\t\t\t\t\t\t\t<div class=\"wpr-promo-box-image\">\n\t\t\t\t\t<div class=\"wpr-promo-box-bg-image wpr-bg-anim-zoom-in wpr-anim-timing-ease-default\" style=\"background-image:url(https:\/\/www2.unifap.br\/ppcult\/files\/2025\/10\/GettyImages-882215396.jpg);\"><\/div>\n\t\t\t\t\t<div class=\"wpr-promo-box-bg-overlay wpr-border-anim-oscar\"><\/div>\n\t\t\t\t<\/div>\n\t\t\t\t\t\t\n\t\t\t<div class=\"wpr-promo-box-content\">\n\n\t\t\t\t\t\t\t\t<div class=\"wpr-promo-box-icon\">\n\t\t\t\t\t\t\t\t\t<\/div>\n\t\t\t\t\n\t\t\t\t<h3 class=\"wpr-promo-box-title\"><span>Linha de Pesquisa 1<\/span><\/h3>\n\t\t\t\t\n\t\t\t\t\t\t\t<\/div>\n\n\t\t\t\t\t<\/div>\n\n\t\t\t\t\t\t<\/div>\n\t\t\t\t<\/div>\n\t\t\t\t\t<\/div>\n\t\t<\/div>\n\t\t\t\t<div class=\"elementor-column elementor-col-50 elementor-top-column elementor-element elementor-element-462274ae\" data-id=\"462274ae\" data-element_type=\"column\" data-e-type=\"column\">\n\t\t\t<div class=\"elementor-widget-wrap elementor-element-populated\">\n\t\t\t\t\t\t<div class=\"elementor-element elementor-element-527e7fe7 elementor-widget-divider--view-line elementor-widget elementor-widget-divider\" data-id=\"527e7fe7\" data-element_type=\"widget\" data-e-type=\"widget\" data-widget_type=\"divider.default\">\n\t\t\t\t<div class=\"elementor-widget-container\">\n\t\t\t\t\t\t\t<div class=\"elementor-divider\">\n\t\t\t<span class=\"elementor-divider-separator\">\n\t\t\t\t\t\t<\/span>\n\t\t<\/div>\n\t\t\t\t\t\t<\/div>\n\t\t\t\t<\/div>\n\t\t\t\t<div class=\"elementor-element elementor-element-ea147a8 elementor-widget elementor-widget-text-editor\" data-id=\"ea147a8\" data-element_type=\"widget\" data-e-type=\"widget\" data-widget_type=\"text-editor.default\">\n\t\t\t\t<div class=\"elementor-widget-container\">\n\t\t\t\t\t\t\t\t\t<section class=\"elementor-section elementor-top-section elementor-element elementor-element-d8c1322 elementor-section-boxed elementor-section-height-default elementor-section-height-default wpr-particle-no wpr-jarallax-no wpr-parallax-no wpr-sticky-section-no\" data-id=\"d8c1322\" data-element_type=\"section\"><div class=\"elementor-column elementor-col-100 elementor-top-column elementor-element elementor-element-f5a8764\" data-id=\"f5a8764\" data-element_type=\"column\"><div class=\"elementor-widget-wrap elementor-element-populated\"><div class=\"elementor-element elementor-element-6641ff9 elementor-widget elementor-widget-heading\" data-id=\"6641ff9\" data-element_type=\"widget\" data-widget_type=\"heading.default\"><div class=\"elementor-widget-container\"><h3 class=\"elementor-heading-title elementor-size-medium\">Linha de pesquisa 1: Pr\u00e1ticas, Produtos e Processos Culturais<\/h3><\/div><\/div><\/div><\/div><\/section><section class=\"elementor-section elementor-top-section elementor-element elementor-element-5e0bdec elementor-section-boxed elementor-section-height-default elementor-section-height-default wpr-particle-no wpr-jarallax-no wpr-parallax-no wpr-sticky-section-no\" data-id=\"5e0bdec\" data-element_type=\"section\"><div class=\"elementor-container elementor-column-gap-default\"><div class=\"elementor-column elementor-col-100 elementor-top-column elementor-element elementor-element-62b7feb\" data-id=\"62b7feb\" data-element_type=\"column\"><div class=\"elementor-widget-wrap elementor-element-populated\"><div class=\"elementor-element elementor-element-ed01e92 elementor-widget elementor-widget-text-editor\" data-id=\"ed01e92\" data-element_type=\"widget\" data-widget_type=\"text-editor.default\"><div class=\"elementor-widget-container\"><p>Compreende a investiga\u00e7\u00e3o de fen\u00f4menos sociais perpassados pelos processos de constitui\u00e7\u00e3o de sentidos na a\u00e7\u00e3o pol\u00edtico-cultural de sujeitos, grupos e movimentos sociais, no \u00e2mbito da sociedade civil, a partir da apropria\u00e7\u00e3o, planejamento, formula\u00e7\u00e3o e\/ou produ\u00e7\u00e3o de dispositivos e artefatos tecnol\u00f3gicos e comunicacionais, da arte e da literatura nas suas mais diversas linguagens, g\u00eaneros e formatos em um contexto de produ\u00e7\u00e3o, circula\u00e7\u00e3o e reconhecimento de sentidos, de saberes e conhecimentos cient\u00edficos e inova\u00e7\u00e3o tecnol\u00f3gica.<\/p><\/div><\/div><\/div><\/div><\/div><\/section>\t\t\t\t\t\t\t\t<\/div>\n\t\t\t\t<\/div>\n\t\t\t\t\t<\/div>\n\t\t<\/div>\n\t\t\t\t\t<\/div>\n\t\t<\/section>\n\t\t\t\t<section class=\"elementor-section elementor-top-section elementor-element elementor-element-0acb043 elementor-section-boxed elementor-section-height-default elementor-section-height-default wpr-particle-no wpr-jarallax-no wpr-parallax-no wpr-sticky-section-no\" data-id=\"0acb043\" data-element_type=\"section\" data-e-type=\"section\">\n\t\t\t\t\t\t<div class=\"elementor-container elementor-column-gap-wide\">\n\t\t\t\t\t<div class=\"elementor-column elementor-col-50 elementor-top-column elementor-element elementor-element-fae1c84\" data-id=\"fae1c84\" data-element_type=\"column\" data-e-type=\"column\">\n\t\t\t<div class=\"elementor-widget-wrap elementor-element-populated\">\n\t\t\t\t\t\t<div class=\"elementor-element elementor-element-cd4e307 wpr-promo-box-style-cover elementor-widget elementor-widget-wpr-promo-box\" data-id=\"cd4e307\" data-element_type=\"widget\" data-e-type=\"widget\" data-widget_type=\"wpr-promo-box.default\">\n\t\t\t\t<div class=\"elementor-widget-container\">\n\t\t\t\t\t\n\t\t<div class=\"wpr-promo-box wpr-animation-wrap\">\n\n\t\t\t\t\t\t\t\n\t\t\t\t\t\t\t<div class=\"wpr-promo-box-image\">\n\t\t\t\t\t<div class=\"wpr-promo-box-bg-image wpr-bg-anim-zoom-in wpr-anim-timing-ease-default\" style=\"background-image:url(https:\/\/www2.unifap.br\/ppcult\/files\/2025\/10\/ChatGPT-Image-1-de-out.-de-2025-14_30_29.png);\"><\/div>\n\t\t\t\t\t<div class=\"wpr-promo-box-bg-overlay wpr-border-anim-oscar\"><\/div>\n\t\t\t\t<\/div>\n\t\t\t\t\t\t\n\t\t\t<div class=\"wpr-promo-box-content\">\n\n\t\t\t\t\t\t\t\t<div class=\"wpr-promo-box-icon\">\n\t\t\t\t\t\t\t\t\t<\/div>\n\t\t\t\t\n\t\t\t\t<h3 class=\"wpr-promo-box-title\"><span>Linha de Pesquisa 2<\/span><\/h3>\n\t\t\t\t\n\t\t\t\t\t\t\t<\/div>\n\n\t\t\t\t\t<\/div>\n\n\t\t\t\t\t\t<\/div>\n\t\t\t\t<\/div>\n\t\t\t\t\t<\/div>\n\t\t<\/div>\n\t\t\t\t<div class=\"elementor-column elementor-col-50 elementor-top-column elementor-element elementor-element-3f25241\" data-id=\"3f25241\" data-element_type=\"column\" data-e-type=\"column\">\n\t\t\t<div class=\"elementor-widget-wrap elementor-element-populated\">\n\t\t\t\t\t\t<div class=\"elementor-element elementor-element-da139e5 elementor-widget-divider--view-line elementor-widget elementor-widget-divider\" data-id=\"da139e5\" data-element_type=\"widget\" data-e-type=\"widget\" data-widget_type=\"divider.default\">\n\t\t\t\t<div class=\"elementor-widget-container\">\n\t\t\t\t\t\t\t<div class=\"elementor-divider\">\n\t\t\t<span class=\"elementor-divider-separator\">\n\t\t\t\t\t\t<\/span>\n\t\t<\/div>\n\t\t\t\t\t\t<\/div>\n\t\t\t\t<\/div>\n\t\t\t\t<div class=\"elementor-element elementor-element-91e4b4e elementor-widget elementor-widget-text-editor\" data-id=\"91e4b4e\" data-element_type=\"widget\" data-e-type=\"widget\" data-widget_type=\"text-editor.default\">\n\t\t\t\t<div class=\"elementor-widget-container\">\n\t\t\t\t\t\t\t\t\t<section class=\"elementor-section elementor-top-section elementor-element elementor-element-d8c1322 elementor-section-boxed elementor-section-height-default elementor-section-height-default wpr-particle-no wpr-jarallax-no wpr-parallax-no wpr-sticky-section-no\" data-id=\"d8c1322\" data-element_type=\"section\"><div class=\"elementor-column elementor-col-100 elementor-top-column elementor-element elementor-element-f5a8764\" data-id=\"f5a8764\" data-element_type=\"column\"><div class=\"elementor-widget-wrap elementor-element-populated\"><div class=\"elementor-element elementor-element-6641ff9 elementor-widget elementor-widget-heading\" data-id=\"6641ff9\" data-element_type=\"widget\" data-widget_type=\"heading.default\"><div class=\"elementor-widget-container\"><section class=\"elementor-section elementor-top-section elementor-element elementor-element-0e7c5bf elementor-section-boxed elementor-section-height-default elementor-section-height-default wpr-particle-no wpr-jarallax-no wpr-parallax-no wpr-sticky-section-no\" data-id=\"0e7c5bf\" data-element_type=\"section\"><div class=\"elementor-container elementor-column-gap-default\"><div class=\"elementor-column elementor-col-100 elementor-top-column elementor-element elementor-element-a28def7\" data-id=\"a28def7\" data-element_type=\"column\"><div class=\"elementor-widget-wrap elementor-element-populated\"><div class=\"elementor-element elementor-element-8234e25 elementor-widget elementor-widget-heading\" data-id=\"8234e25\" data-element_type=\"widget\" data-widget_type=\"heading.default\"><div class=\"elementor-widget-container\"><h2 class=\"elementor-heading-title elementor-size-medium\">Linha de pesquisa 2: Cultura Pol\u00edtica, Delibera\u00e7\u00e3o P\u00fablica e Organiza\u00e7\u00f5es Sociais<\/h2><\/div><\/div><\/div><\/div><\/div><\/section><section class=\"elementor-section elementor-top-section elementor-element elementor-element-f26cc81 elementor-section-boxed elementor-section-height-default elementor-section-height-default wpr-particle-no wpr-jarallax-no wpr-parallax-no wpr-sticky-section-no\" data-id=\"f26cc81\" data-element_type=\"section\"><div class=\"elementor-container elementor-column-gap-default\"><div class=\"elementor-column elementor-col-100 elementor-top-column elementor-element elementor-element-55271ae\" data-id=\"55271ae\" data-element_type=\"column\"><div class=\"elementor-widget-wrap elementor-element-populated\"><div class=\"elementor-element elementor-element-15a9916 elementor-widget elementor-widget-text-editor\" data-id=\"15a9916\" data-element_type=\"widget\" data-widget_type=\"text-editor.default\"><div class=\"elementor-widget-container\"><p>Compreende a investiga\u00e7\u00e3o de processos sociais permeados pela a\u00e7\u00e3o pol\u00edtico-cultural de sujeitos, grupos e movimentos sociais na produ\u00e7\u00e3o\/afirma\u00e7\u00e3o das identidades e na busca por reconhecimento e direitos, com \u00eanfase na investiga\u00e7\u00e3o, planejamento de metodologias e\/ou projetos de interven\u00e7\u00e3o relacionados a processos de produ\u00e7\u00e3o da diferen\u00e7a como dinamizadores da organiza\u00e7\u00e3o pol\u00edtica e delibera\u00e7\u00e3o p\u00fablica em esferas p\u00fablicas, institui\u00e7\u00f5es pol\u00edticas e demais espa\u00e7os sociais comunit\u00e1rios e tradicionais.<\/p><\/div><\/div><\/div><\/div><\/div><\/section><\/div><\/div><\/div><\/div><\/section>\t\t\t\t\t\t\t\t<\/div>\n\t\t\t\t<\/div>\n\t\t\t\t\t<\/div>\n\t\t<\/div>\n\t\t\t\t\t<\/div>\n\t\t<\/section>\n\t\t\t\t<\/div>\n\t\t","protected":false},"excerpt":{"rendered":"<p>\u00c1rea de Concentra\u00e7\u00e3o e Linhas de Pesquisa \u00c1rea de Concentra\u00e7\u00e3o: O PPCULT, reconhecido pela Capes &#8211; PORTARIA \u00a0N\u00ba 2.149, DE 26 DE DEZEMBRO DE 2023,\u00a0 dedica-se ao estudo das pr\u00e1ticas e processos socioculturais no contexto da regi\u00e3o amaz\u00f4nica, em sua intera\u00e7\u00e3o com os contextos locais e globais; especialmente a dimens\u00e3o simb\u00f3lica que permeia a constitui\u00e7\u00e3o de pr\u00e1ticas e processos inerentes a fen\u00f4menos sociais caracter\u00edsticos da regi\u00e3o.A proposta \u00e9 observar a constitui\u00e7\u00e3o e interfaces entre processos sociais que envolvem a produ\u00e7\u00e3o, circula\u00e7\u00e3o e reconhecimento de sentidos, conhecimentos e saberes na perspectiva de produzir tecnologias sociais e inova\u00e7\u00e3o a partir da compreens\u00e3o do campo cultural.\u00a0 Linhas de Pesquisa: Linha de Pesquisa 1 Linha de pesquisa 1: Pr\u00e1ticas, Produtos e Processos Culturais Compreende a investiga\u00e7\u00e3o de fen\u00f4menos sociais perpassados pelos processos de constitui\u00e7\u00e3o de sentidos na a\u00e7\u00e3o pol\u00edtico-cultural de sujeitos, grupos e movimentos sociais, no \u00e2mbito da sociedade civil, a partir da apropria\u00e7\u00e3o, planejamento, formula\u00e7\u00e3o e\/ou produ\u00e7\u00e3o de dispositivos e artefatos tecnol\u00f3gicos e comunicacionais, da arte e da literatura nas suas mais diversas linguagens, g\u00eaneros e formatos em um contexto de produ\u00e7\u00e3o, circula\u00e7\u00e3o e reconhecimento de sentidos, de saberes e conhecimentos cient\u00edficos e inova\u00e7\u00e3o tecnol\u00f3gica. Linha de Pesquisa 2 Linha de pesquisa 2: Cultura Pol\u00edtica, Delibera\u00e7\u00e3o P\u00fablica e Organiza\u00e7\u00f5es Sociais Compreende a investiga\u00e7\u00e3o de processos sociais permeados pela a\u00e7\u00e3o pol\u00edtico-cultural de sujeitos, grupos e movimentos sociais na produ\u00e7\u00e3o\/afirma\u00e7\u00e3o das identidades e na busca por reconhecimento e direitos, com \u00eanfase na investiga\u00e7\u00e3o, planejamento de metodologias e\/ou projetos de interven\u00e7\u00e3o relacionados a processos de produ\u00e7\u00e3o da diferen\u00e7a como dinamizadores da organiza\u00e7\u00e3o pol\u00edtica e delibera\u00e7\u00e3o p\u00fablica em esferas p\u00fablicas, institui\u00e7\u00f5es pol\u00edticas e demais espa\u00e7os sociais comunit\u00e1rios e tradicionais.<\/p>\n","protected":false},"author":1871,"featured_media":0,"parent":0,"menu_order":0,"comment_status":"closed","ping_status":"closed","template":"","meta":{"inline_featured_image":false,"site-sidebar-layout":"default","site-content-layout":"","ast-site-content-layout":"default","site-content-style":"default","site-sidebar-style":"default","ast-global-header-display":"","ast-banner-title-visibility":"","ast-main-header-display":"","ast-hfb-above-header-display":"","ast-hfb-below-header-display":"","ast-hfb-mobile-header-display":"","site-post-title":"","ast-breadcrumbs-content":"","ast-featured-img":"","footer-sml-layout":"","theme-transparent-header-meta":"default","adv-header-id-meta":"","stick-header-meta":"","header-above-stick-meta":"","header-main-stick-meta":"","header-below-stick-meta":"","astra-migrate-meta-layouts":"set","ast-page-background-enabled":"default","ast-page-background-meta":{"desktop":{"background-color":"var(--ast-global-color-5)","background-image":"","background-repeat":"repeat","background-position":"center center","background-size":"auto","background-attachment":"scroll","background-type":"","background-media":"","overlay-type":"","overlay-color":"","overlay-opacity":"","overlay-gradient":""},"tablet":{"background-color":"","background-image":"","background-repeat":"repeat","background-position":"center center","background-size":"auto","background-attachment":"scroll","background-type":"","background-media":"","overlay-type":"","overlay-color":"","overlay-opacity":"","overlay-gradient":""},"mobile":{"background-color":"","background-image":"","background-repeat":"repeat","background-position":"center center","background-size":"auto","background-attachment":"scroll","background-type":"","background-media":"","overlay-type":"","overlay-color":"","overlay-opacity":"","overlay-gradient":""}},"ast-content-background-meta":{"desktop":{"background-color":"var(--ast-global-color-4)","background-image":"","background-repeat":"repeat","background-position":"center center","background-size":"auto","background-attachment":"scroll","background-type":"","background-media":"","overlay-type":"","overlay-color":"","overlay-opacity":"","overlay-gradient":""},"tablet":{"background-color":"var(--ast-global-color-4)","background-image":"","background-repeat":"repeat","background-position":"center center","background-size":"auto","background-attachment":"scroll","background-type":"","background-media":"","overlay-type":"","overlay-color":"","overlay-opacity":"","overlay-gradient":""},"mobile":{"background-color":"var(--ast-global-color-4)","background-image":"","background-repeat":"repeat","background-position":"center center","background-size":"auto","background-attachment":"scroll","background-type":"","background-media":"","overlay-type":"","overlay-color":"","overlay-opacity":"","overlay-gradient":""}},"footnotes":""},"class_list":["post-19","page","type-page","status-publish","hentry"],"_links":{"self":[{"href":"https:\/\/www2.unifap.br\/ppcult\/wp-json\/wp\/v2\/pages\/19","targetHints":{"allow":["GET"]}}],"collection":[{"href":"https:\/\/www2.unifap.br\/ppcult\/wp-json\/wp\/v2\/pages"}],"about":[{"href":"https:\/\/www2.unifap.br\/ppcult\/wp-json\/wp\/v2\/types\/page"}],"author":[{"embeddable":true,"href":"https:\/\/www2.unifap.br\/ppcult\/wp-json\/wp\/v2\/users\/1871"}],"replies":[{"embeddable":true,"href":"https:\/\/www2.unifap.br\/ppcult\/wp-json\/wp\/v2\/comments?post=19"}],"version-history":[{"count":57,"href":"https:\/\/www2.unifap.br\/ppcult\/wp-json\/wp\/v2\/pages\/19\/revisions"}],"predecessor-version":[{"id":2772,"href":"https:\/\/www2.unifap.br\/ppcult\/wp-json\/wp\/v2\/pages\/19\/revisions\/2772"}],"wp:attachment":[{"href":"https:\/\/www2.unifap.br\/ppcult\/wp-json\/wp\/v2\/media?parent=19"}],"curies":[{"name":"wp","href":"https:\/\/api.w.org\/{rel}","templated":true}]}}