{"id":290,"date":"2024-12-12T12:11:54","date_gmt":"2024-12-12T15:11:54","guid":{"rendered":"https:\/\/www2.unifap.br\/ppcult\/?page_id=290"},"modified":"2025-11-04T15:28:54","modified_gmt":"2025-11-04T18:28:54","slug":"credenciamento-docente","status":"publish","type":"page","link":"https:\/\/www2.unifap.br\/ppcult\/credenciamento-docente\/","title":{"rendered":"Credenciamento Docente"},"content":{"rendered":"\t\t<div data-elementor-type=\"wp-page\" data-elementor-id=\"290\" class=\"elementor elementor-290\">\n\t\t\t\t\t\t<section class=\"elementor-section elementor-top-section elementor-element elementor-element-65a22b780 elementor-section-boxed elementor-section-height-default elementor-section-height-default wpr-particle-no wpr-jarallax-no wpr-parallax-no wpr-sticky-section-no\" data-id=\"65a22b780\" data-element_type=\"section\" data-e-type=\"section\" data-settings=\"{&quot;background_background&quot;:&quot;classic&quot;}\">\n\t\t\t\t\t\t\t<div class=\"elementor-background-overlay\"><\/div>\n\t\t\t\t\t\t\t<div class=\"elementor-container elementor-column-gap-default\">\n\t\t\t\t\t<div class=\"elementor-column elementor-col-100 elementor-top-column elementor-element elementor-element-74b1f7b4\" data-id=\"74b1f7b4\" data-element_type=\"column\" data-e-type=\"column\">\n\t\t\t<div class=\"elementor-widget-wrap elementor-element-populated\">\n\t\t\t\t\t\t<div class=\"elementor-element elementor-element-778acfb8 elementor-widget elementor-widget-heading\" data-id=\"778acfb8\" data-element_type=\"widget\" data-e-type=\"widget\" data-widget_type=\"heading.default\">\n\t\t\t\t<div class=\"elementor-widget-container\">\n\t\t\t\t\t<h2 class=\"elementor-heading-title elementor-size-default\">Credenciamento Docente<\/h2>\t\t\t\t<\/div>\n\t\t\t\t<\/div>\n\t\t\t\t\t<\/div>\n\t\t<\/div>\n\t\t\t\t\t<\/div>\n\t\t<\/section>\n\t\t\t\t<section class=\"elementor-section elementor-top-section elementor-element elementor-element-493f1140 elementor-section-boxed elementor-section-height-default elementor-section-height-default wpr-particle-no wpr-jarallax-no wpr-parallax-no wpr-sticky-section-no\" data-id=\"493f1140\" data-element_type=\"section\" data-e-type=\"section\">\n\t\t\t\t\t\t<div class=\"elementor-container elementor-column-gap-default\">\n\t\t\t\t\t<div class=\"elementor-column elementor-col-50 elementor-top-column elementor-element elementor-element-3546c1de\" data-id=\"3546c1de\" data-element_type=\"column\" data-e-type=\"column\">\n\t\t\t<div class=\"elementor-widget-wrap elementor-element-populated\">\n\t\t\t\t\t\t<div class=\"elementor-element elementor-element-79c84f2 elementor-widget elementor-widget-heading\" data-id=\"79c84f2\" data-element_type=\"widget\" data-e-type=\"widget\" data-widget_type=\"heading.default\">\n\t\t\t\t<div class=\"elementor-widget-container\">\n\t\t\t\t\t<h2 class=\"elementor-heading-title elementor-size-default\">Edital Credenciamento (Aberto) - Fluxo Cont\u00ednuo<\/h2>\t\t\t\t<\/div>\n\t\t\t\t<\/div>\n\t\t\t\t<div class=\"elementor-element elementor-element-5d81dc6a elementor-widget-divider--view-line elementor-widget elementor-widget-divider\" data-id=\"5d81dc6a\" data-element_type=\"widget\" data-e-type=\"widget\" data-widget_type=\"divider.default\">\n\t\t\t\t<div class=\"elementor-widget-container\">\n\t\t\t\t\t\t\t<div class=\"elementor-divider\">\n\t\t\t<span class=\"elementor-divider-separator\">\n\t\t\t\t\t\t<\/span>\n\t\t<\/div>\n\t\t\t\t\t\t<\/div>\n\t\t\t\t<\/div>\n\t\t\t\t<div class=\"elementor-element elementor-element-64a51a50 elementor-widget elementor-widget-text-editor\" data-id=\"64a51a50\" data-element_type=\"widget\" data-e-type=\"widget\" data-widget_type=\"text-editor.default\">\n\t\t\t\t<div class=\"elementor-widget-container\">\n\t\t\t\t\t\t\t\t\t<h3>Acesse\u00a0<\/h3><h3><a href=\"http:\/\/www2.unifap.br\/ppcult\/files\/2025\/11\/EDITAL-_CREDENCIAMENTO-_FLUXO-CONTINUO.pdf\">EDITAL _CREDENCIAMENTO _FLUXO CONT\u00cdNUO<\/a><\/h3><h3><br \/>Credenciamento de docentes permanentes e colaboradores em Fluxo Cont\u00ednuo \u2013 Programa de Mestrado Profissional em Estudos de Cultura e Pol\u00edtica (PPCULT\/UNIFAP)<\/h3>\t\t\t\t\t\t\t\t<\/div>\n\t\t\t\t<\/div>\n\t\t\t\t<div class=\"elementor-element elementor-element-1539765d wpr-button-icon-style-inline wpr-button-icon-position-right elementor-widget elementor-widget-wpr-button\" data-id=\"1539765d\" data-element_type=\"widget\" data-e-type=\"widget\" data-widget_type=\"wpr-button.default\">\n\t\t\t\t<div class=\"elementor-widget-container\">\n\t\t\t\t\t\t\n\t\t\t\n\t\t\n\t\t<div class=\"wpr-button-wrap elementor-clearfix\">\n\t\t<a class=\"wpr-button wpr-button-effect wpr-button-none\" data-text=\"Go\" href=\"http:\/\/www2.unifap.br\/ppcult\/files\/2025\/08\/EDITAL-N.o-012025.pdf\">\n\t\t\t\n\t\t\t<span class=\"wpr-button-content\">\n\t\t\t\t\t\t\t\t\t<span class=\"wpr-button-text\">ACESSE<\/span>\n\t\t\t\t\t\t\t\t\n\t\t\t\t\t\t\t<\/span>\n\t\t<\/a>\n\n\t\t\t\t<\/div>\n\t\n\t\n\t\t\t\t\t<\/div>\n\t\t\t\t<\/div>\n\t\t\t\t\t<\/div>\n\t\t<\/div>\n\t\t\t\t<div class=\"elementor-column elementor-col-50 elementor-top-column elementor-element elementor-element-92e500b\" data-id=\"92e500b\" data-element_type=\"column\" data-e-type=\"column\">\n\t\t\t<div class=\"elementor-widget-wrap elementor-element-populated\">\n\t\t\t\t\t\t<div class=\"elementor-element elementor-element-236b5cfa elementor-widget elementor-widget-image\" data-id=\"236b5cfa\" data-element_type=\"widget\" data-e-type=\"widget\" data-widget_type=\"image.default\">\n\t\t\t\t<div class=\"elementor-widget-container\">\n\t\t\t\t\t\t\t\t\t\t\t\t\t\t\t<img fetchpriority=\"high\" decoding=\"async\" width=\"1024\" height=\"619\" src=\"https:\/\/www2.unifap.br\/ppcult\/files\/2025\/10\/SaveClip.App_491464537_17907153279132920_1189772807237133913_n-1-1024x619.jpg\" class=\"attachment-large size-large wp-image-1479\" alt=\"\" srcset=\"https:\/\/www2.unifap.br\/ppcult\/files\/2025\/10\/SaveClip.App_491464537_17907153279132920_1189772807237133913_n-1-1024x619.jpg 1024w, https:\/\/www2.unifap.br\/ppcult\/files\/2025\/10\/SaveClip.App_491464537_17907153279132920_1189772807237133913_n-1-300x181.jpg 300w, https:\/\/www2.unifap.br\/ppcult\/files\/2025\/10\/SaveClip.App_491464537_17907153279132920_1189772807237133913_n-1-768x465.jpg 768w, https:\/\/www2.unifap.br\/ppcult\/files\/2025\/10\/SaveClip.App_491464537_17907153279132920_1189772807237133913_n-1.jpg 1078w\" sizes=\"(max-width: 1024px) 100vw, 1024px\" \/>\t\t\t\t\t\t\t\t\t\t\t\t\t\t\t<\/div>\n\t\t\t\t<\/div>\n\t\t\t\t\t<\/div>\n\t\t<\/div>\n\t\t\t\t\t<\/div>\n\t\t<\/section>\n\t\t\t\t<section class=\"elementor-section elementor-top-section elementor-element elementor-element-6d95ed70 elementor-section-boxed elementor-section-height-default elementor-section-height-default wpr-particle-no wpr-jarallax-no wpr-parallax-no wpr-sticky-section-no\" data-id=\"6d95ed70\" data-element_type=\"section\" data-e-type=\"section\">\n\t\t\t\t\t\t<div class=\"elementor-container elementor-column-gap-wide\">\n\t\t\t\t\t<div class=\"elementor-column elementor-col-100 elementor-top-column elementor-element elementor-element-f0c153b\" data-id=\"f0c153b\" data-element_type=\"column\" data-e-type=\"column\">\n\t\t\t<div class=\"elementor-widget-wrap elementor-element-populated\">\n\t\t\t\t\t\t<div class=\"elementor-element elementor-element-769901f9 wpr-promo-box-style-cover elementor-widget elementor-widget-wpr-promo-box\" data-id=\"769901f9\" data-element_type=\"widget\" data-e-type=\"widget\" data-widget_type=\"wpr-promo-box.default\">\n\t\t\t\t<div class=\"elementor-widget-container\">\n\t\t\t\t\t\n\t\t<div class=\"wpr-promo-box wpr-animation-wrap\">\n\n\t\t\t\t\t\t\t\n\t\t\t\t\t\t\t<div class=\"wpr-promo-box-image\">\n\t\t\t\t\t<div class=\"wpr-promo-box-bg-image wpr-bg-anim-zoom-in wpr-anim-timing-ease-default\" style=\"background-image:url(https:\/\/www2.unifap.br\/ppcult\/files\/2025\/10\/3d-illustration-pen-putting-blue-ticks-paper-1024x768-1.jpg);\"><\/div>\n\t\t\t\t\t<div class=\"wpr-promo-box-bg-overlay wpr-border-anim-oscar\"><\/div>\n\t\t\t\t<\/div>\n\t\t\t\t\t\t\n\t\t\t<div class=\"wpr-promo-box-content\">\n\n\t\t\t\t\t\t\t\t<div class=\"wpr-promo-box-icon\">\n\t\t\t\t\t\t\t\t\t<\/div>\n\t\t\t\t\n\t\t\t\t<h3 class=\"wpr-promo-box-title\"><span>Editais 2024 (Encerrados)<\/span><\/h3>\n\t\t\t\t\t\t\t\t\t<div class=\"wpr-promo-box-description\">\n\t\t\t\t\t\t<p><p>Editais Encerrados<\/p><\/p>\t\n\t\t\t\t\t<\/div>\t\t\t\t\t\t\n\t\t\t\t\n\t\t\t\t\t\t\t<\/div>\n\n\t\t\t\t\t<\/div>\n\n\t\t\t\t\t\t<\/div>\n\t\t\t\t<\/div>\n\t\t\t\t\t<\/div>\n\t\t<\/div>\n\t\t\t\t\t<\/div>\n\t\t<\/section>\n\t\t\t\t<section class=\"elementor-section elementor-top-section elementor-element elementor-element-2cf783a elementor-section-boxed elementor-section-height-default elementor-section-height-default wpr-particle-no wpr-jarallax-no wpr-parallax-no wpr-sticky-section-no\" data-id=\"2cf783a\" data-element_type=\"section\" data-e-type=\"section\" data-settings=\"{&quot;background_background&quot;:&quot;gradient&quot;}\">\n\t\t\t\t\t\t<div class=\"elementor-container elementor-column-gap-default\">\n\t\t\t\t\t<div class=\"elementor-column elementor-col-100 elementor-top-column elementor-element elementor-element-35231f1\" data-id=\"35231f1\" data-element_type=\"column\" data-e-type=\"column\">\n\t\t\t<div class=\"elementor-widget-wrap elementor-element-populated\">\n\t\t\t\t\t\t<div class=\"elementor-element elementor-element-7f38495 elementor-widget elementor-widget-eael-adv-accordion\" data-id=\"7f38495\" data-element_type=\"widget\" data-e-type=\"widget\" data-widget_type=\"eael-adv-accordion.default\">\n\t\t\t\t<div class=\"elementor-widget-container\">\n\t\t\t\t\t        <div class=\"eael-adv-accordion\" id=\"eael-adv-accordion-7f38495\" data-scroll-on-click=\"no\" data-scroll-speed=\"300\" data-accordion-id=\"7f38495\" data-accordion-type=\"accordion\" data-toogle-speed=\"300\">\n    <div class=\"eael-accordion-list\">\n                <div id=\"editais-2024-encerrados\" class=\"elementor-tab-title eael-accordion-header\" tabindex=\"0\" data-tab=\"1\" aria-controls=\"elementor-tab-content-1331\"><span class=\"eael-advanced-accordion-icon-closed\"><i aria-hidden=\"true\" class=\"fa-accordion-icon fas fa-plus\"><\/i><\/span><span class=\"eael-advanced-accordion-icon-opened\"><i aria-hidden=\"true\" class=\"fa-accordion-icon far fa-file-pdf\"><\/i><\/span><span class=\"eael-accordion-tab-title\">EDITAIS 2024 (ENCERRADOS)<\/span><i aria-hidden=\"true\" class=\"fa-toggle fas fa-angle-right\"><\/i><\/div><div id=\"elementor-tab-content-1331\" class=\"eael-accordion-content clearfix\" data-tab=\"1\" aria-labelledby=\"editais-2024-encerrados\"><p><a href=\"http:\/\/www2.unifap.br\/ppcult\/files\/2025\/03\/PPCULT-Credenciamento-resultado-final.pdf\" target=\"_blank\" rel=\"noopener\"><strong>Chamada 05\/2024 \u2013 PPCULT\/UNIFAP \u2013<\/strong>\u00a0Credenciamento de Docentes permanentes no Mestrado Profissional em Estudo de Cultura e Pol\u00edtica \u2013 Resultado Final.<\/a><br \/><a href=\"https:\/\/www2.unifap.br\/ppcult\/credenciamento-docente\/_wp_link_placeholder\">17 de Mar\u00e7o de 2025<\/a><\/p><p><a href=\"http:\/\/www2.unifap.br\/ppcult\/files\/2025\/03\/PPCULT-Credenciamento-homologacao.pdf\" target=\"_blank\" rel=\"noopener\"><strong>Chamada 05\/2024 \u2013 PPCULT\/UNIFAP \u2013<\/strong>\u00a0Credenciamento de Docentes permanentes no Mestrado Profissional em Estudo de Cultura e Pol\u00edtica \u2013 Inscri\u00e7\u00f5es Homologadas.<\/a><br \/>10 de Mar\u00e7o de 2025<\/p><p><a href=\"http:\/\/www2.unifap.br\/ppcult\/files\/2024\/12\/PPCULT_Edital_Credenciamento_Professor_Permanente.pdf\" target=\"_blank\" rel=\"noopener\"><strong>Chamada 05\/2024 \u2013 PPCULT\/UNIFAP \u2013<\/strong>\u00a0Credenciamento de Docentes permanentes no Mestrado Profissional em Estudo de Cultura e Pol\u00edtica.<\/a><\/p><\/div>\n                <\/div><div class=\"eael-accordion-list\">\n                <div id=\"demais-editais\" class=\"elementor-tab-title eael-accordion-header\" tabindex=\"0\" data-tab=\"2\" aria-controls=\"elementor-tab-content-1332\"><span class=\"eael-advanced-accordion-icon-closed\"><i aria-hidden=\"true\" class=\"fa-accordion-icon fas fa-plus\"><\/i><\/span><span class=\"eael-advanced-accordion-icon-opened\"><i aria-hidden=\"true\" class=\"fa-accordion-icon fas fa-minus\"><\/i><\/span><span class=\"eael-accordion-tab-title\">DEMAIS EDITAIS<\/span><i aria-hidden=\"true\" class=\"fa-toggle fas fa-angle-right\"><\/i><\/div><div id=\"elementor-tab-content-1332\" class=\"eael-accordion-content clearfix\" data-tab=\"2\" aria-labelledby=\"demais-editais\"><p>Conte\u00fado tempor\u00e1rio.\u00a0<\/p><\/div>\n                <\/div><\/div>\t\t\t\t<\/div>\n\t\t\t\t<\/div>\n\t\t\t\t\t<\/div>\n\t\t<\/div>\n\t\t\t\t\t<\/div>\n\t\t<\/section>\n\t\t\t\t<\/div>\n\t\t","protected":false},"excerpt":{"rendered":"<p>Credenciamento Docente Edital Credenciamento (Aberto) &#8211; Fluxo Cont\u00ednuo Acesse\u00a0 EDITAL _CREDENCIAMENTO _FLUXO CONT\u00cdNUO Credenciamento de docentes permanentes e colaboradores em Fluxo Cont\u00ednuo \u2013 Programa de Mestrado Profissional em Estudos de Cultura e Pol\u00edtica (PPCULT\/UNIFAP) ACESSE Editais 2024 (Encerrados) Editais Encerrados EDITAIS 2024 (ENCERRADOS) Chamada 05\/2024 \u2013 PPCULT\/UNIFAP \u2013\u00a0Credenciamento de Docentes permanentes no Mestrado Profissional em Estudo de Cultura e Pol\u00edtica \u2013 Resultado Final.17 de Mar\u00e7o de 2025 Chamada 05\/2024 \u2013 PPCULT\/UNIFAP \u2013\u00a0Credenciamento de Docentes permanentes no Mestrado Profissional em Estudo de Cultura e Pol\u00edtica \u2013 Inscri\u00e7\u00f5es Homologadas.10 de Mar\u00e7o de 2025 Chamada 05\/2024 \u2013 PPCULT\/UNIFAP \u2013\u00a0Credenciamento de Docentes permanentes no Mestrado Profissional em Estudo de Cultura e Pol\u00edtica. DEMAIS EDITAIS Conte\u00fado tempor\u00e1rio.\u00a0<\/p>\n","protected":false},"author":1871,"featured_media":0,"parent":0,"menu_order":0,"comment_status":"closed","ping_status":"closed","template":"","meta":{"inline_featured_image":false,"site-sidebar-layout":"default","site-content-layout":"","ast-site-content-layout":"default","site-content-style":"default","site-sidebar-style":"default","ast-global-header-display":"","ast-banner-title-visibility":"","ast-main-header-display":"","ast-hfb-above-header-display":"","ast-hfb-below-header-display":"","ast-hfb-mobile-header-display":"","site-post-title":"","ast-breadcrumbs-content":"","ast-featured-img":"","footer-sml-layout":"","theme-transparent-header-meta":"","adv-header-id-meta":"","stick-header-meta":"","header-above-stick-meta":"","header-main-stick-meta":"","header-below-stick-meta":"","astra-migrate-meta-layouts":"default","ast-page-background-enabled":"default","ast-page-background-meta":{"desktop":{"background-color":"var(--ast-global-color-5)","background-image":"","background-repeat":"repeat","background-position":"center center","background-size":"auto","background-attachment":"scroll","background-type":"","background-media":"","overlay-type":"","overlay-color":"","overlay-opacity":"","overlay-gradient":""},"tablet":{"background-color":"","background-image":"","background-repeat":"repeat","background-position":"center center","background-size":"auto","background-attachment":"scroll","background-type":"","background-media":"","overlay-type":"","overlay-color":"","overlay-opacity":"","overlay-gradient":""},"mobile":{"background-color":"","background-image":"","background-repeat":"repeat","background-position":"center center","background-size":"auto","background-attachment":"scroll","background-type":"","background-media":"","overlay-type":"","overlay-color":"","overlay-opacity":"","overlay-gradient":""}},"ast-content-background-meta":{"desktop":{"background-color":"var(--ast-global-color-4)","background-image":"","background-repeat":"repeat","background-position":"center center","background-size":"auto","background-attachment":"scroll","background-type":"","background-media":"","overlay-type":"","overlay-color":"","overlay-opacity":"","overlay-gradient":""},"tablet":{"background-color":"var(--ast-global-color-4)","background-image":"","background-repeat":"repeat","background-position":"center center","background-size":"auto","background-attachment":"scroll","background-type":"","background-media":"","overlay-type":"","overlay-color":"","overlay-opacity":"","overlay-gradient":""},"mobile":{"background-color":"var(--ast-global-color-4)","background-image":"","background-repeat":"repeat","background-position":"center center","background-size":"auto","background-attachment":"scroll","background-type":"","background-media":"","overlay-type":"","overlay-color":"","overlay-opacity":"","overlay-gradient":""}},"footnotes":""},"class_list":["post-290","page","type-page","status-publish","hentry"],"_links":{"self":[{"href":"https:\/\/www2.unifap.br\/ppcult\/wp-json\/wp\/v2\/pages\/290","targetHints":{"allow":["GET"]}}],"collection":[{"href":"https:\/\/www2.unifap.br\/ppcult\/wp-json\/wp\/v2\/pages"}],"about":[{"href":"https:\/\/www2.unifap.br\/ppcult\/wp-json\/wp\/v2\/types\/page"}],"author":[{"embeddable":true,"href":"https:\/\/www2.unifap.br\/ppcult\/wp-json\/wp\/v2\/users\/1871"}],"replies":[{"embeddable":true,"href":"https:\/\/www2.unifap.br\/ppcult\/wp-json\/wp\/v2\/comments?post=290"}],"version-history":[{"count":63,"href":"https:\/\/www2.unifap.br\/ppcult\/wp-json\/wp\/v2\/pages\/290\/revisions"}],"predecessor-version":[{"id":2129,"href":"https:\/\/www2.unifap.br\/ppcult\/wp-json\/wp\/v2\/pages\/290\/revisions\/2129"}],"wp:attachment":[{"href":"https:\/\/www2.unifap.br\/ppcult\/wp-json\/wp\/v2\/media?parent=290"}],"curies":[{"name":"wp","href":"https:\/\/api.w.org\/{rel}","templated":true}]}}