{"id":1087,"date":"2016-03-08T13:51:24","date_gmt":"2016-03-08T13:51:24","guid":{"rendered":"http:\/\/www2.unifap.br\/ppgcf\/?page_id=1087"},"modified":"2016-03-16T11:26:48","modified_gmt":"2016-03-16T11:26:48","slug":"processo-seletivo-demanda-social-2016","status":"publish","type":"page","link":"https:\/\/www2.unifap.br\/ppgcf\/processos-seletivos\/processo-seletivo-demanda-social-2016\/","title":{"rendered":"Processo Seletivo Demanda Social 2016"},"content":{"rendered":"<p style=\"text-align: justify\">O Programa de P\u00f3s-gradua\u00e7\u00e3o em Ci\u00eancias Farmac\u00eauticas \u2013 PPGCF torna p\u00fablica a abertura de inscri\u00e7\u00f5es e estabelece as normas para o processo de sele\u00e7\u00e3o interno de candidatos interessados em concorrer as bolsas Demanda Social \u2013 CAPES no \u00e2mbito do Curso de Mestrado do PPGCF.<\/p>\n<p style=\"text-align: justify\">Per\u00edodo de inscri\u00e7\u00e3o: 09 \u00e0 14 de Mar\u00e7o de 2016, 08h30 \u00e0s 12h00.<\/p>\n<p style=\"text-align: justify\">\u2192\u00a0<a href=\"http:\/\/www2.unifap.br\/ppgcf\/files\/2016\/03\/Edital-Bolsas-DS-PPGCF.pdf\">Edital DPG N\u00ba 04\/2016 \u2013 Processo Seletivo Interno para Concess\u00e3o de Bolsas CAPES (PPGCF)<\/a><\/p>\n<p style=\"text-align: justify\">\u2192\u00a0<a href=\"http:\/\/www2.unifap.br\/ppgcf\/files\/2016\/03\/ANEXO-I-FORMUL\u00c1RIO-DE-INSCRI\u00c7\u00c3O.doc\">Edital DPG N\u00ba 04\/2016 &#8211; Anexo I &#8211; Formul\u00e1rio de Inscri\u00e7\u00e3o<\/a><\/p>\n<p style=\"text-align: justify\">\u2192\u00a0<a href=\"http:\/\/www2.unifap.br\/ppgcf\/files\/2016\/03\/ANEXO-II-TERMO-DE-COMPROMISSO.doc\">Edital DPG N\u00ba 04\/2016 &#8211; Anexo II &#8211; Termo de Compromisso<\/a><\/p>\n<p style=\"text-align: justify\">\u2192\u00a0<a href=\"http:\/\/www2.unifap.br\/ppgcf\/files\/2016\/03\/EDITAL-N-04_2016-PPGCF-BOLSAS-DEMANDA-SOCIAL-RESULTADO-PRELIMINAR.pdf\">Resultado Preliminar &#8211; Processo Seletivo Interno para Concess\u00e3o de Bolsas CAPES (PPGCF 2016<\/a>)<\/p>\n<p style=\"text-align: justify\">\u2192\u00a0<a href=\"http:\/\/www2.unifap.br\/ppgcf\/files\/2016\/03\/EDITAL-N-04_2016-PPGCF-BOLSAS-DEMANDA-SOCIAL-RESULTADO-FINAL.pdf\">Resultado Final &#8211; Processo Seletivo Interno para Concess\u00e3o de Bolsas CAPES (PPGCF 2016)<\/a><\/p>\n<p>.<\/p>\n<p style=\"text-align: justify\"><strong>&#8211; Para concess\u00e3o da bolsa dever\u00e3o ser entregues na Coordena\u00e7\u00e3o do Programa no dia 16\/03\/2016 (Quarta-Feira) de 08h30 \u00e0s 17h00 os seguintes documentos:<\/strong><\/p>\n<p>1) C\u00f3pia e original do RG;<\/p>\n<p>2) C\u00f3pia e original do CPF;<\/p>\n<p>3) C\u00f3pia e original do Comprovante de Resid\u00eancia;<\/p>\n<p>4) Declara\u00e7\u00e3o que n\u00e3o possui v\u00ednculo empregat\u00edcio;<\/p>\n<p>5)\u00a0C\u00f3pia do cart\u00e3o banc\u00e1rio, n\u00famero da conta e ag\u00eancia banc\u00e1ria (somente Banco do Brasil);<\/p>\n<p>6) Termo de Compromisso devidamente preenchido (Anexo II);<\/p>\n<p>7) Formul\u00e1rio para Cadastramento de Bolsista devidamente preenchido (<a href=\"http:\/\/www2.unifap.br\/ppgcf\/files\/2016\/03\/Formulario-para-cadastramento-de-bolsista.xls\">dispon\u00edvel aqui<\/a>).<\/p>\n","protected":false},"excerpt":{"rendered":"<p>O Programa de P\u00f3s-gradua\u00e7\u00e3o em Ci\u00eancias Farmac\u00eauticas \u2013 PPGCF torna p\u00fablica a abertura de inscri\u00e7\u00f5es e estabelece as normas para o processo de sele\u00e7\u00e3o interno de candidatos interessados em concorrer as bolsas Demanda Social \u2013 CAPES no \u00e2mbito do Curso&hellip; <\/p>\n<p><a href=\"https:\/\/www2.unifap.br\/ppgcf\/processos-seletivos\/processo-seletivo-demanda-social-2016\/\" class=\"readmore-button\">Continue Reading<\/a><\/p>\n","protected":false},"author":624,"featured_media":0,"parent":268,"menu_order":5,"comment_status":"open","ping_status":"open","template":"","meta":{"inline_featured_image":false,"ngg_post_thumbnail":0,"footnotes":""},"class_list":["post-1087","page","type-page","status-publish","hentry"],"_links":{"self":[{"href":"https:\/\/www2.unifap.br\/ppgcf\/wp-json\/wp\/v2\/pages\/1087","targetHints":{"allow":["GET"]}}],"collection":[{"href":"https:\/\/www2.unifap.br\/ppgcf\/wp-json\/wp\/v2\/pages"}],"about":[{"href":"https:\/\/www2.unifap.br\/ppgcf\/wp-json\/wp\/v2\/types\/page"}],"author":[{"embeddable":true,"href":"https:\/\/www2.unifap.br\/ppgcf\/wp-json\/wp\/v2\/users\/624"}],"replies":[{"embeddable":true,"href":"https:\/\/www2.unifap.br\/ppgcf\/wp-json\/wp\/v2\/comments?post=1087"}],"version-history":[{"count":8,"href":"https:\/\/www2.unifap.br\/ppgcf\/wp-json\/wp\/v2\/pages\/1087\/revisions"}],"predecessor-version":[{"id":1730,"href":"https:\/\/www2.unifap.br\/ppgcf\/wp-json\/wp\/v2\/pages\/1087\/revisions\/1730"}],"up":[{"embeddable":true,"href":"https:\/\/www2.unifap.br\/ppgcf\/wp-json\/wp\/v2\/pages\/268"}],"wp:attachment":[{"href":"https:\/\/www2.unifap.br\/ppgcf\/wp-json\/wp\/v2\/media?parent=1087"}],"curies":[{"name":"wp","href":"https:\/\/api.w.org\/{rel}","templated":true}]}}