{"id":1489,"date":"2016-09-28T13:54:46","date_gmt":"2016-09-28T13:54:46","guid":{"rendered":"http:\/\/www2.unifap.br\/ppgcf\/?page_id=1489"},"modified":"2016-11-10T13:28:38","modified_gmt":"2016-11-10T13:28:38","slug":"iii-ciclo-de-seminarios-em-ciencias-farmaceuticas-tecnologia-e-biologia-farmaceutica","status":"publish","type":"page","link":"https:\/\/www2.unifap.br\/ppgcf\/eventos\/iii-ciclo-de-seminarios-em-ciencias-farmaceuticas-tecnologia-e-biologia-farmaceutica\/","title":{"rendered":"III Ciclo de Semin\u00e1rios em Ci\u00eancias Farmac\u00eauticas"},"content":{"rendered":"<p style=\"text-align: justify\">O &#8220;III Ciclo de Semin\u00e1rios em Ci\u00eancias Farmac\u00eauticas: Tecnologia e Biologia Farmac\u00eautica&#8221;\u00a0ocorrer\u00e1 no per\u00edodo de 11 de Novembro \u00e0 10 de Dezembro de 2016 no bloco de salas de aula e laborat\u00f3rios do curso de Farm\u00e1cia na Universidade Federal do Amap\u00e1 &#8211; UNIFAP.<\/p>\n<p style=\"text-align: justify\">O Ciclo de Semin\u00e1rios em Ci\u00eancias Farmac\u00eauticas \u00e9 um evento destinado a profissionais e acad\u00eamicos da \u00e1rea da sa\u00fade que possuam interesse em atualiza\u00e7\u00f5es sobre m\u00e9todos de ensaios biol\u00f3gicos e sobre tecnologias aplicadas \u00e0 f\u00e1rmacos.<\/p>\n<p style=\"text-align: justify\">Este ano, o Semin\u00e1rio ser\u00e1 organizado pela turma do Programa de P\u00f3s-Gradua\u00e7\u00e3o em Ci\u00eancias Farmac\u00eauticas 2016 (mestrado) e pela turma do Programa de P\u00f3s-Gradua\u00e7\u00e3o em Inova\u00e7\u00e3o Farmac\u00eautica 2016 (doutorado). O evento ser\u00e1 composto por 12 minicursos com tem\u00e1ticas relacionadas \u00e0 Tecnologia e Biologia Farmac\u00eautica.<\/p>\n<p style=\"text-align: justify\">Per\u00edodo de inscri\u00e7\u00e3o: de 28 de Setembro at\u00e9 encerrarem as vagas.<\/p>\n<p style=\"text-align: justify\">Local de inscri\u00e7\u00f5es:\u00a0Coordena\u00e7\u00e3o de P\u00f3s-Gradua\u00e7\u00e3o em Ci\u00eancias Farmac\u00eauticas (no Bloco de do Curso de Farm\u00e1cia da UNIFAP).<\/p>\n<p style=\"text-align: justify\">Valor: R$ 30,00 (para realizar 06 minicursos) e R$ 50,00 (para realizar todos os minicursos).<\/p>\n<p style=\"text-align: justify\">P\u00fablico Alvo:\u00a0Profissionais e acad\u00eamicos da \u00e1rea da sa\u00fade.<\/p>\n<p><img decoding=\"async\" class=\"alignnone size-full wp-image-1495 aligncenter\" alt=\"Logo_III-Ciclo-de-Seminarios-em-Ciencias-Farmaceuticas\" src=\"http:\/\/www2.unifap.br\/ppgcf\/files\/2016\/09\/Logo_III-Ciclo-de-Seminarios-em-Ciencias-Farmaceuticas.png\" width=\"218\" height=\"137\" \/><\/p>\n<p style=\"text-align: center\"><strong>PROGRAMA\u00c7\u00c3O<\/strong><\/p>\n<table width=\"100%\" border=\"1\" cellspacing=\"0\" cellpadding=\"0\">\n<tbody>\n<tr>\n<td width=\"11%\">\n<p align=\"center\"><em><b>Data<\/b><\/em><\/p>\n<\/td>\n<td width=\"18%\">\n<p align=\"center\"><em><b>Curso<\/b><\/em><\/p>\n<\/td>\n<td width=\"52%\">\n<p align=\"center\"><em><b>Conte\u00fado<\/b><\/em><\/p>\n<\/td>\n<td width=\"17%\">\n<p align=\"center\"><em><b>Facilitadores<\/b><\/em><\/p>\n<\/td>\n<\/tr>\n<tr>\n<td width=\"11%\">\n<p align=\"center\">11\/11\/2016<\/p>\n<p align=\"center\">18h00 \u00e0s 22h00<\/p>\n<\/td>\n<td width=\"18%\">\n<p align=\"center\"><strong>Ensaios Toxicol\u00f3gicos: Cl\u00e1ssicos X Alternativos<\/strong><\/p>\n<\/td>\n<td width=\"52%\">\n<ul>\n<li style=\"text-align: justify\">Compara\u00e7\u00e3o do modelo <i>Zebrafish<\/i> e roedor;<\/li>\n<li style=\"text-align: justify\">Vantagens e utiliza\u00e7\u00e3o do modelo <i>Zebrafish<\/i> em toxicologia de produtos naturais;<\/li>\n<li style=\"text-align: justify\">Altera\u00e7\u00f5es comportamentais em modelo <i>Zebrafish<\/i>;<\/li>\n<li style=\"text-align: justify\">Avalia\u00e7\u00e3o dos efeitos da exposi\u00e7\u00e3o a subst\u00e2ncias qu\u00edmicas na fun\u00e7\u00e3o sexual, fertilidade de machos e f\u00eameas;<\/li>\n<li style=\"text-align: justify\">Altera\u00e7\u00f5es comportamentais em ratos;<\/li>\n<\/ul>\n<\/td>\n<td width=\"17%\">\n<p align=\"center\">Igor Victor Ferreira dos Santos &#8211; PPGIF;<\/p>\n<p align=\"center\">Clarice Flexa da Rocha &#8211; PPGCF.<\/p>\n<\/td>\n<\/tr>\n<tr>\n<td width=\"11%\">\n<p align=\"center\">12\/11\/2016<\/p>\n<p align=\"center\">08h00 \u00e0s 12h00<\/p>\n<\/td>\n<td width=\"18%\">\n<p align=\"center\"><strong>Identifica\u00e7\u00e3o de Microalgas e suas aplica\u00e7\u00f5es<\/strong><\/p>\n<\/td>\n<td width=\"52%\">\n<ul>\n<li style=\"text-align: justify\">Introdu\u00e7\u00e3o a estudos de microalgas;<\/li>\n<li style=\"text-align: justify\">Caracteriza\u00e7\u00e3o morfol\u00f3gica e ocorr\u00eancia dos principais grupos taxon\u00f4micos;<\/li>\n<li style=\"text-align: justify\">Aplica\u00e7\u00e3o de m\u00e9todos de coleta, preserva\u00e7\u00e3o e observa\u00e7\u00e3o de microalgas;<\/li>\n<li style=\"text-align: justify\">Aplica\u00e7\u00f5es nas \u00e1reas biotecnol\u00f3gicas, ambientais, alimentares, cosm\u00e9ticas, farmac\u00eauticas e psiculturas.<\/li>\n<\/ul>\n<\/td>\n<td width=\"17%\">\n<p align=\"center\">Claudia In\u00eas Coelho de Souza &#8211; PPGCF;<\/p>\n<p align=\"center\">Mayara Fabiana de Melo Furtado &#8211; PPGCF.<\/p>\n<\/td>\n<\/tr>\n<tr>\n<td width=\"11%\">\n<p align=\"center\">12\/11\/2016<\/p>\n<p align=\"center\">14h00 \u00e0s 17h00<\/p>\n<\/td>\n<td width=\"18%\">\n<p align=\"center\"><strong>Avalia\u00e7\u00e3o da atividade antimicrobiana de extratos vegetais <i>in vitro<\/i><\/strong><\/p>\n<\/td>\n<td width=\"52%\">\n<ul>\n<li style=\"text-align: justify\">T\u00e9cnicas para avalia\u00e7\u00e3o da atividade antimicrobiana;<\/li>\n<li style=\"text-align: justify\">Metodologias dos testes antimicrobianos;<\/li>\n<li style=\"text-align: justify\">Precau\u00e7\u00f5es de seguran\u00e7a na realiza\u00e7\u00e3o dos procedimentos;<\/li>\n<li style=\"text-align: justify\">Execu\u00e7\u00e3o e interpreta\u00e7\u00e3o do teste de suscetibilidade a antimicrobianos por disco-difus\u00e3o;<\/li>\n<\/ul>\n<\/td>\n<td width=\"17%\">\n<p align=\"center\">Maria Luisa Pradella Nogueira &#8211; PPGCF;<\/p>\n<p align=\"center\">Marina Medeiros de Abreu &#8211; PPGCF.<\/p>\n<\/td>\n<\/tr>\n<tr>\n<td width=\"11%\">\n<p align=\"center\">18\/11\/2016<\/p>\n<p align=\"center\">18h00 \u00e0s 22h00<\/p>\n<\/td>\n<td width=\"18%\">\n<p align=\"center\"><strong>M\u00e9todos para identifica\u00e7\u00e3o de microrganismos<\/strong><\/p>\n<\/td>\n<td width=\"52%\">\n<ul>\n<li style=\"text-align: justify\">Bact\u00e9rias Gram-negativas, Gram-positivas e Micobact\u00e9rias;<\/li>\n<li style=\"text-align: justify\">Colora\u00e7\u00e3o de Gram;<\/li>\n<li style=\"text-align: justify\">T\u00e9cnica da colora\u00e7\u00e3o de Gram;<\/li>\n<li style=\"text-align: justify\">Colora\u00e7\u00e3o de Ziehl-Neelsen (BAAR);<\/li>\n<li style=\"text-align: justify\">T\u00e9cnica da colora\u00e7\u00e3o de Ziehl-Neelsen (BAAR).<\/li>\n<\/ul>\n<\/td>\n<td width=\"17%\">\n<p align=\"center\">Erveton Pinheiro Pinto &#8211; PPGCF;<\/p>\n<p align=\"center\">D\u00e9bora Terra Marques Miranda &#8211; PPGCF.<\/p>\n<\/td>\n<\/tr>\n<tr>\n<td width=\"11%\">\n<p align=\"center\">19\/11\/2016<\/p>\n<p align=\"center\">08h00 \u00e0s 12h00<\/p>\n<\/td>\n<td width=\"18%\">\n<p align=\"center\"><strong>Atividade larvicida de compostos naturais e sint\u00e9ticos<\/strong><\/p>\n<\/td>\n<td width=\"52%\">\n<ul>\n<li style=\"text-align: justify\">Introdu\u00e7\u00e3o a s\u00edntese de compostos esterificados;<\/li>\n<li style=\"text-align: justify\">Estudo do mecanismo de s\u00edntese;<\/li>\n<li style=\"text-align: justify\">Caracter\u00edsticas de compostos larvicidas;<\/li>\n<li style=\"text-align: justify\">Estudo das an\u00e1lises larvicidas;<\/li>\n<li style=\"text-align: justify\">Aplica\u00e7\u00e3o de compostos naturais e sintetizados em atividades larvicidas;<\/li>\n<\/ul>\n<\/td>\n<td width=\"17%\">\n<p align=\"center\">Inanna Fauro de Ara\u00fajo &#8211; PPGCF;<\/p>\n<p align=\"center\">Pedro Henrique Fauro de Ara\u00fajo &#8211; PPGCF.<\/p>\n<\/td>\n<\/tr>\n<tr>\n<td width=\"11%\">\n<p align=\"center\">19\/11\/2016<\/p>\n<p align=\"center\">14h00 \u00e0s 17h00<\/p>\n<\/td>\n<td width=\"18%\">\n<p align=\"center\"><strong>Predi\u00e7\u00e3o de propriedades farmacocin\u00e9ticas e toxicol\u00f3gicas com aux\u00edlio de um servidor On-line<\/strong><\/p>\n<\/td>\n<td width=\"52%\">\n<ul>\n<li style=\"text-align: justify\">Protein Data Bank (www.pdb.org);<\/li>\n<li style=\"text-align: justify\"><i>Download<\/i> do alvo escolhido no Protein Data Bank;<\/li>\n<li style=\"text-align: justify\">Conhecendo o banco de dados BindingDB;<\/li>\n<li style=\"text-align: justify\"><i>Download<\/i> dos inibidores no BindingDB;<\/li>\n<li style=\"text-align: justify\">Absor\u00e7\u00e3o, distribui\u00e7\u00e3o, metabolismo e excre\u00e7\u00e3o de f\u00e1rmacos;<\/li>\n<li style=\"text-align: justify\">Toxicidade de f\u00e1rmacos;<\/li>\n<li style=\"text-align: justify\">An\u00e1lise das propriedades farmacocin\u00e9ticas e toxicol\u00f3gicas de f\u00e1rmacos;<\/li>\n<li style=\"text-align: justify\">Acessando o PreADMET (https:\/\/preadmet.bmdrc.kr\/);<\/li>\n<li style=\"text-align: justify\">An\u00e1lise dos resultados e dos par\u00e2metros farmacocin\u00e9ticos e toxicol\u00f3gicos.<\/li>\n<\/ul>\n<\/td>\n<td width=\"17%\">\n<p align=\"center\">Leide Caroline dos Santos Pican\u00e7o &#8211; PPGCF;<\/p>\n<p align=\"center\">Priscilla Farias Ozela &#8211; PPGCF;<\/p>\n<p align=\"center\">Josiane Viana Cruz &#8211; PPGCF.<\/p>\n<\/td>\n<\/tr>\n<tr>\n<td width=\"11%\">\n<p align=\"center\">02\/12\/2016<\/p>\n<p align=\"center\">18h00 \u00e0s 22h00<\/p>\n<\/td>\n<td width=\"18%\">\n<p align=\"center\"><strong>Hematologia: coleta e identifica\u00e7\u00e3o celular<\/strong><\/p>\n<\/td>\n<td width=\"52%\">\n<ul>\n<li style=\"text-align: justify\">An\u00e1lise laboratorial \u2013 fase pr\u00e9-anal\u00edtica; fase anal\u00edtica; fase p\u00f3s-anal\u00edtica;<\/li>\n<li style=\"text-align: justify\">Procedimentos de coleta de Sangue; Confec\u00e7\u00e3o do esfrega\u00e7o sangu\u00edneo; Identifica\u00e7\u00e3o de c\u00e9lulas.<\/li>\n<\/ul>\n<\/td>\n<td width=\"17%\">\n<p align=\"center\">Shayanne Vanessa Correira Henriques &#8211; PPGCF;<\/p>\n<p align=\"center\">Suelen da Silva Santos &#8211; PPGCF.<\/p>\n<\/td>\n<\/tr>\n<tr>\n<td width=\"11%\">\n<p align=\"center\">03\/12\/2016<\/p>\n<p align=\"center\">08h00 \u00e0s 12h00<\/p>\n<\/td>\n<td width=\"18%\">\n<p align=\"center\"><strong>M\u00e9todos de avalia\u00e7\u00e3o da Genotoxicidade<\/strong><\/p>\n<\/td>\n<td width=\"52%\">\n<ul>\n<li style=\"text-align: justify\">Conceitos de Gen\u00e9tica toxicol\u00f3gica;<\/li>\n<li style=\"text-align: justify\">Agentes genot\u00f3xicos, riscos ocupacionais e monitoramento;<\/li>\n<li style=\"text-align: justify\">Desenvolvimento de novas drogas e estudos de genotoxicidade;<\/li>\n<li style=\"text-align: justify\">Principais m\u00e9todos aplicados: teste de Ames, ensaio cometa e Teste do micron\u00facleo;<\/li>\n<li style=\"text-align: justify\">Leitura de l\u00e2minas, identifica\u00e7\u00e3o e contagem de micron\u00facleos.<\/li>\n<\/ul>\n<\/td>\n<td width=\"17%\">\n<p align=\"center\">Silvia Eline Alfaia Santos &#8211; PPGCF;<\/p>\n<p align=\"center\">Raimundo De Almeida Mira Neto &#8211; PPGCF.<\/p>\n<\/td>\n<\/tr>\n<tr>\n<td width=\"11%\">\n<p align=\"center\">03\/12\/2016<\/p>\n<p align=\"center\">14h00 \u00e0s 17h00<\/p>\n<\/td>\n<td width=\"18%\">\n<p align=\"center\"><strong><em>Zebrafish<\/em>: Morfologia e Histopatologia<\/strong><\/p>\n<\/td>\n<td width=\"52%\">\n<ul>\n<li style=\"text-align: justify\">Caracter\u00edsticas macrosc\u00f3picas do <i>Zebrafish<\/i>;<\/li>\n<li style=\"text-align: justify\">Alimenta\u00e7\u00e3o, cria\u00e7\u00e3o, reprodu\u00e7\u00e3o e diferencia\u00e7\u00e3o;<\/li>\n<li style=\"text-align: justify\">Morfologia atrav\u00e9s dos sistemas esquel\u00e9tico, gastrointestinal, respirat\u00f3rio e nervoso;<\/li>\n<li style=\"text-align: justify\">Histopatologia: altera\u00e7\u00f5es histol\u00f3gicas nos rins, br\u00e2nquias, f\u00edgado e intestino de <i>Zebrafish<\/i>.<\/li>\n<\/ul>\n<\/td>\n<td width=\"17%\">\n<p align=\"center\">Nayara Costa de Melo &#8211; PPGIF;<\/p>\n<p align=\"center\">Tafnis Ingret dos Santos Sampaio &#8211; PPGCF.<\/p>\n<\/td>\n<\/tr>\n<tr>\n<td width=\"11%\">\n<p align=\"center\">09\/12\/2016<\/p>\n<p align=\"center\">18h00 \u00e0s 22h00<\/p>\n<\/td>\n<td width=\"18%\">\n<p align=\"center\"><strong>Avalia\u00e7\u00e3o da atividade antimicrobiana <i>in vivo<\/i><\/strong><\/p>\n<\/td>\n<td width=\"52%\">\n<ul>\n<li style=\"text-align: justify\">Microbiota oral e cut\u00e2nea do ser humano;<\/li>\n<li style=\"text-align: justify\">Atividade antimicrobiana oral e cut\u00e2nea de subst\u00e2ncias;<\/li>\n<li style=\"text-align: justify\">Procedimentos para avalia\u00e7\u00e3o da atividade antimicrobiana <i>in vivo;<\/i><\/li>\n<li style=\"text-align: justify\">T\u00e9cnica de coleta e cuidados no transporte da amostra;<\/li>\n<li style=\"text-align: justify\">Preparo da amostra e isolamento dos microrganismos;<\/li>\n<li style=\"text-align: justify\">Interpreta\u00e7\u00e3o dos resultados da atividade antimicrobiana <i>in vivo.<\/i><\/li>\n<\/ul>\n<\/td>\n<td width=\"17%\">\n<p align=\"center\">Walter de Souza Tavares &#8211; PPGCF;<\/p>\n<p align=\"center\">Yane dos Santos Pereira &#8211; PPGCF.<\/p>\n<\/td>\n<\/tr>\n<tr>\n<td width=\"11%\">\n<p align=\"center\">10\/12\/2016<\/p>\n<p align=\"center\">08h00 \u00e0s 12h00<\/p>\n<\/td>\n<td width=\"18%\">\n<p align=\"center\"><strong>Obten\u00e7\u00e3o e controle de qualidade microbiol\u00f3gico de extratos vegetais<\/strong><\/p>\n<\/td>\n<td width=\"52%\">\n<ul>\n<li style=\"text-align: justify\">A import\u00e2ncia das Plantas Medicinais. Utiliza\u00e7\u00e3o de extratos vegetais de plantas.<b><\/b><\/li>\n<li style=\"text-align: justify\">A legisla\u00e7\u00e3o brasileira e a pesquisa de plantas medicinais: Hist\u00f3rico.<b><\/b><\/li>\n<li style=\"text-align: justify\">Import\u00e2ncia dos Produtos Naturais de Origem vegetal para a produ\u00e7\u00e3o de medicamentos. Conceitos gerais.<b><\/b><\/li>\n<li style=\"text-align: justify\">Extra\u00e7\u00e3o. Tipos de extratos. M\u00e9todos de extra\u00e7\u00e3o: macera\u00e7\u00e3o, infus\u00e3o, decoc\u00e7\u00e3o, digest\u00e3o e percola\u00e7\u00e3o.<\/li>\n<li style=\"text-align: justify\">M\u00e9todos para avalia\u00e7\u00e3o microbiol\u00f3gica de extratos vegetais.<\/li>\n<\/ul>\n<\/td>\n<td width=\"17%\">\n<p align=\"center\">Ariadna Lafourcade Prada &#8211; PPGIF;<\/p>\n<p align=\"center\">Nathalia Danielly Borges Marques &#8211; PPGIF.<\/p>\n<\/td>\n<\/tr>\n<tr>\n<td width=\"11%\">\n<p align=\"center\">10\/12\/2016<\/p>\n<p align=\"center\">14h00 \u00e0s 17h00<\/p>\n<\/td>\n<td width=\"18%\">\n<p align=\"center\"><strong>S\u00edntese org\u00e2nica de compostos vegetais<\/strong><\/p>\n<\/td>\n<td width=\"52%\">\n<ul>\n<li style=\"text-align: justify\">S\u00edntese org\u00e2nica;<\/li>\n<li style=\"text-align: justify\">Prepara\u00e7\u00e3o e caracteriza\u00e7\u00e3o de propriedades de compostos com poss\u00edveis atividades farmacol\u00f3gicas, qu\u00edmicas e cosm\u00e9ticas.<\/li>\n<\/ul>\n<\/td>\n<td width=\"17%\">\n<p align=\"center\">Daniel Sousa dos Santos &#8211; PPGCF;<\/p>\n<p align=\"center\">Let\u00edcie Zulmira da Silva Pessoa &#8211; PPGCF.<\/p>\n<\/td>\n<\/tr>\n<\/tbody>\n<\/table>\n","protected":false},"excerpt":{"rendered":"<p>O &#8220;III Ciclo de Semin\u00e1rios em Ci\u00eancias Farmac\u00eauticas: Tecnologia e Biologia Farmac\u00eautica&#8221;\u00a0ocorrer\u00e1 no per\u00edodo de 11 de Novembro \u00e0 10 de Dezembro de 2016 no bloco de salas de aula e laborat\u00f3rios do curso de Farm\u00e1cia na Universidade Federal do&hellip; <\/p>\n<p><a href=\"https:\/\/www2.unifap.br\/ppgcf\/eventos\/iii-ciclo-de-seminarios-em-ciencias-farmaceuticas-tecnologia-e-biologia-farmaceutica\/\" class=\"readmore-button\">Continue Reading<\/a><\/p>\n","protected":false},"author":624,"featured_media":0,"parent":867,"menu_order":3,"comment_status":"open","ping_status":"open","template":"","meta":{"inline_featured_image":false,"ngg_post_thumbnail":0,"footnotes":""},"class_list":["post-1489","page","type-page","status-publish","hentry"],"_links":{"self":[{"href":"https:\/\/www2.unifap.br\/ppgcf\/wp-json\/wp\/v2\/pages\/1489","targetHints":{"allow":["GET"]}}],"collection":[{"href":"https:\/\/www2.unifap.br\/ppgcf\/wp-json\/wp\/v2\/pages"}],"about":[{"href":"https:\/\/www2.unifap.br\/ppgcf\/wp-json\/wp\/v2\/types\/page"}],"author":[{"embeddable":true,"href":"https:\/\/www2.unifap.br\/ppgcf\/wp-json\/wp\/v2\/users\/624"}],"replies":[{"embeddable":true,"href":"https:\/\/www2.unifap.br\/ppgcf\/wp-json\/wp\/v2\/comments?post=1489"}],"version-history":[{"count":9,"href":"https:\/\/www2.unifap.br\/ppgcf\/wp-json\/wp\/v2\/pages\/1489\/revisions"}],"predecessor-version":[{"id":1516,"href":"https:\/\/www2.unifap.br\/ppgcf\/wp-json\/wp\/v2\/pages\/1489\/revisions\/1516"}],"up":[{"embeddable":true,"href":"https:\/\/www2.unifap.br\/ppgcf\/wp-json\/wp\/v2\/pages\/867"}],"wp:attachment":[{"href":"https:\/\/www2.unifap.br\/ppgcf\/wp-json\/wp\/v2\/media?parent=1489"}],"curies":[{"name":"wp","href":"https:\/\/api.w.org\/{rel}","templated":true}]}}