{"id":1659,"date":"2017-02-09T13:11:38","date_gmt":"2017-02-09T13:11:38","guid":{"rendered":"http:\/\/www2.unifap.br\/ppgcf\/?page_id=1659"},"modified":"2026-02-17T16:25:30","modified_gmt":"2026-02-17T16:25:30","slug":"corpo-docente","status":"publish","type":"page","link":"https:\/\/www2.unifap.br\/ppgcf\/corpo-docente\/","title":{"rendered":"Corpo Docente"},"content":{"rendered":"<p>Abaixo seguem links para consultar o corpo docente do Programa de P\u00f3s-Gradua\u00e7\u00e3o em Ci\u00eancias Farmac\u00eauticas (PPGCF) da Universidade Federal do Amap\u00e1 (UNIFAP).<\/p>\n<p><a href=\"https:\/\/www2.unifap.br\/ppgcf\/composicao-do-corpo-docente-2025\/\">&#8211; COMPOSI\u00c7\u00c3O DO CORPO DOCENTE 2025<\/a><\/p>\n<p><a href=\"https:\/\/www2.unifap.br\/ppgcf\/orientadores-do-ppgcf-2023\/\">&#8211; COMPOSI\u00c7\u00c3O DO CORPO DOCENTE 2023<\/a><\/p>\n<p>&#8211;<a href=\"https:\/\/www2.unifap.br\/ppgcf\/corpo-docente\/orientadores-do-ppgcf-2019\/\">COMPOSI\u00c7\u00c3O DO CORPO DOCENTE 2019<\/a><\/p>\n<p><a href=\"http:\/\/www2.unifap.br\/ppgcf\/corpo-docente\/orientadores-do-ppgcf-2017\/\">&#8211; COMPOSI\u00c7\u00c3O DO CORPO DOCENTE 2017<\/a><\/p>\n<p><a href=\"http:\/\/www2.unifap.br\/ppgcf\/corpo-docente\/orientadores-do-ppgcf-2016\/\">&#8211; COMPOSI\u00c7\u00c3O DO CORPO DOCENTE 2016<\/a><\/p>\n<p>&nbsp;<\/p>\n<p>&nbsp;<\/p>\n","protected":false},"excerpt":{"rendered":"<p>Abaixo seguem links para consultar o corpo docente do Programa de P\u00f3s-Gradua\u00e7\u00e3o em Ci\u00eancias Farmac\u00eauticas (PPGCF) da Universidade Federal do Amap\u00e1 (UNIFAP). &#8211; COMPOSI\u00c7\u00c3O DO CORPO DOCENTE 2025 &#8211; COMPOSI\u00c7\u00c3O DO CORPO DOCENTE 2023 &#8211;COMPOSI\u00c7\u00c3O DO CORPO DOCENTE 2019 &#8211;&hellip; <\/p>\n<p><a href=\"https:\/\/www2.unifap.br\/ppgcf\/corpo-docente\/\" class=\"readmore-button\">Continue Reading<\/a><\/p>\n","protected":false},"author":624,"featured_media":0,"parent":0,"menu_order":7,"comment_status":"open","ping_status":"open","template":"","meta":{"inline_featured_image":false,"ngg_post_thumbnail":0,"footnotes":""},"class_list":["post-1659","page","type-page","status-publish","hentry"],"_links":{"self":[{"href":"https:\/\/www2.unifap.br\/ppgcf\/wp-json\/wp\/v2\/pages\/1659","targetHints":{"allow":["GET"]}}],"collection":[{"href":"https:\/\/www2.unifap.br\/ppgcf\/wp-json\/wp\/v2\/pages"}],"about":[{"href":"https:\/\/www2.unifap.br\/ppgcf\/wp-json\/wp\/v2\/types\/page"}],"author":[{"embeddable":true,"href":"https:\/\/www2.unifap.br\/ppgcf\/wp-json\/wp\/v2\/users\/624"}],"replies":[{"embeddable":true,"href":"https:\/\/www2.unifap.br\/ppgcf\/wp-json\/wp\/v2\/comments?post=1659"}],"version-history":[{"count":11,"href":"https:\/\/www2.unifap.br\/ppgcf\/wp-json\/wp\/v2\/pages\/1659\/revisions"}],"predecessor-version":[{"id":3916,"href":"https:\/\/www2.unifap.br\/ppgcf\/wp-json\/wp\/v2\/pages\/1659\/revisions\/3916"}],"wp:attachment":[{"href":"https:\/\/www2.unifap.br\/ppgcf\/wp-json\/wp\/v2\/media?parent=1659"}],"curies":[{"name":"wp","href":"https:\/\/api.w.org\/{rel}","templated":true}]}}