{"id":310,"date":"2014-12-12T19:25:52","date_gmt":"2014-12-12T19:25:52","guid":{"rendered":"http:\/\/www2.unifap.br\/ppgcf\/?page_id=310"},"modified":"2015-04-20T18:26:22","modified_gmt":"2015-04-20T18:26:22","slug":"cronograma-qualificacaodefesas","status":"publish","type":"page","link":"https:\/\/www2.unifap.br\/ppgcf\/cronograma-qualificacaodefesas\/","title":{"rendered":"Cronograma &#8211; Qualifica\u00e7\u00e3o\/Defesas"},"content":{"rendered":"<h3><\/h3>\n<h3><strong><a href=\"http:\/\/www2.unifap.br\/ppgcf\/cronograma-qualificacaodefesas\/qualificacao-de-dissertacao\/\">Qualifica\u00e7\u00e3o de Disserta\u00e7\u00e3o<\/a><\/strong><\/h3>\n<p>&nbsp;<\/p>\n<h3><strong><a href=\"http:\/\/www2.unifap.br\/ppgcf\/cronograma-qualificacaodefesas\/defesa-de-dissertacao\/\">Defesa de Disserta\u00e7\u00e3o<\/a><\/strong><\/h3>\n<p>&nbsp;<\/p>\n","protected":false},"excerpt":{"rendered":"<p>Qualifica\u00e7\u00e3o de Disserta\u00e7\u00e3o &nbsp; Defesa de Disserta\u00e7\u00e3o &nbsp;<\/p>\n","protected":false},"author":624,"featured_media":0,"parent":0,"menu_order":13,"comment_status":"open","ping_status":"open","template":"","meta":{"inline_featured_image":false,"ngg_post_thumbnail":0,"footnotes":""},"class_list":["post-310","page","type-page","status-publish","hentry"],"_links":{"self":[{"href":"https:\/\/www2.unifap.br\/ppgcf\/wp-json\/wp\/v2\/pages\/310","targetHints":{"allow":["GET"]}}],"collection":[{"href":"https:\/\/www2.unifap.br\/ppgcf\/wp-json\/wp\/v2\/pages"}],"about":[{"href":"https:\/\/www2.unifap.br\/ppgcf\/wp-json\/wp\/v2\/types\/page"}],"author":[{"embeddable":true,"href":"https:\/\/www2.unifap.br\/ppgcf\/wp-json\/wp\/v2\/users\/624"}],"replies":[{"embeddable":true,"href":"https:\/\/www2.unifap.br\/ppgcf\/wp-json\/wp\/v2\/comments?post=310"}],"version-history":[{"count":5,"href":"https:\/\/www2.unifap.br\/ppgcf\/wp-json\/wp\/v2\/pages\/310\/revisions"}],"predecessor-version":[{"id":408,"href":"https:\/\/www2.unifap.br\/ppgcf\/wp-json\/wp\/v2\/pages\/310\/revisions\/408"}],"wp:attachment":[{"href":"https:\/\/www2.unifap.br\/ppgcf\/wp-json\/wp\/v2\/media?parent=310"}],"curies":[{"name":"wp","href":"https:\/\/api.w.org\/{rel}","templated":true}]}}