{"id":318,"date":"2014-12-12T19:40:20","date_gmt":"2014-12-12T19:40:20","guid":{"rendered":"http:\/\/www2.unifap.br\/ppgcf\/?page_id=318"},"modified":"2016-05-24T18:23:13","modified_gmt":"2016-05-24T18:23:13","slug":"qualificacao-de-dissertacao","status":"publish","type":"page","link":"https:\/\/www2.unifap.br\/ppgcf\/cronograma-qualificacaodefesas\/qualificacao-de-dissertacao\/","title":{"rendered":"Qualifica\u00e7\u00e3o de Disserta\u00e7\u00e3o"},"content":{"rendered":"<h1><strong>Exame de Qualifica\u00e7\u00e3o &#8211; Mestrado (Turma 2015)<\/strong><\/h1>\n<p><strong>\u2192 Albenise Santana Alves Barros<\/strong><\/p>\n<p>&#8211; Data: 31 de Agosto de 2015 \u00e0s 17h00.<\/p>\n<p>&#8211; Local: Sala de aula do PPGCF.<\/p>\n<p><a href=\"http:\/\/www2.unifap.br\/ppgcf\/files\/2014\/12\/Qualificacao_2015-08-31_Albenise-Santana-Alves-Barros.png\"><img fetchpriority=\"high\" decoding=\"async\" class=\"alignnone size-medium wp-image-1311\" alt=\"Qualificacao_2015-08-31_Albenise Santana Alves Barros\" src=\"http:\/\/www2.unifap.br\/ppgcf\/files\/2014\/12\/Qualificacao_2015-08-31_Albenise-Santana-Alves-Barros-300x224.png\" width=\"300\" height=\"224\" srcset=\"https:\/\/www2.unifap.br\/ppgcf\/files\/2014\/12\/Qualificacao_2015-08-31_Albenise-Santana-Alves-Barros-300x224.png 300w, https:\/\/www2.unifap.br\/ppgcf\/files\/2014\/12\/Qualificacao_2015-08-31_Albenise-Santana-Alves-Barros.png 1021w\" sizes=\"(max-width: 300px) 100vw, 300px\" \/><\/a><\/p>\n<p>&nbsp;<\/p>\n<p><strong>\u2192 Antonio Paulo Ribeiro Bitencourt<\/strong><\/p>\n<p>&#8211; Data: 20 de Agosto de 2015 \u00e0s 10h30min.<\/p>\n<p>&#8211; Local:\u00a0<span style=\"line-height: 1.5em\">Sala de aula do PPGCF.<\/span><\/p>\n<p><a href=\"http:\/\/www2.unifap.br\/ppgcf\/files\/2014\/12\/Qualificacao_2015-08-20_Antonio-Paulo-Ribeiro-Bitencourt.png\"><img decoding=\"async\" class=\"alignnone size-medium wp-image-1312\" alt=\"Qualificacao_2015-08-20_Antonio Paulo Ribeiro Bitencourt\" src=\"http:\/\/www2.unifap.br\/ppgcf\/files\/2014\/12\/Qualificacao_2015-08-20_Antonio-Paulo-Ribeiro-Bitencourt-300x225.png\" width=\"300\" height=\"225\" srcset=\"https:\/\/www2.unifap.br\/ppgcf\/files\/2014\/12\/Qualificacao_2015-08-20_Antonio-Paulo-Ribeiro-Bitencourt-300x225.png 300w, https:\/\/www2.unifap.br\/ppgcf\/files\/2014\/12\/Qualificacao_2015-08-20_Antonio-Paulo-Ribeiro-Bitencourt.png 1021w\" sizes=\"(max-width: 300px) 100vw, 300px\" \/><\/a><\/p>\n<p>&nbsp;<\/p>\n<p><strong>\u2192 Brenda Fernandes Conrado<\/strong><\/p>\n<p>&#8211; Data:\u00a015 de Setembro de 2015 \u00e0s 09h00min (1\u00aa qualifica\u00e7\u00e3o).<\/p>\n<p>&#8211;\u00a0Local:\u00a0<span style=\"line-height: 1.5em\">Sala de aula do PPGCF.<\/span><\/p>\n<p><a href=\"http:\/\/www2.unifap.br\/ppgcf\/files\/2014\/12\/Qualificacao_2015-09-15_Brenda-Fernandes-Conrado.png\"><img decoding=\"async\" class=\"alignnone size-medium wp-image-1313\" alt=\"Qualificacao_2015-09-15_Brenda Fernandes Conrado\" src=\"http:\/\/www2.unifap.br\/ppgcf\/files\/2014\/12\/Qualificacao_2015-09-15_Brenda-Fernandes-Conrado-300x224.png\" width=\"300\" height=\"224\" srcset=\"https:\/\/www2.unifap.br\/ppgcf\/files\/2014\/12\/Qualificacao_2015-09-15_Brenda-Fernandes-Conrado-300x224.png 300w, https:\/\/www2.unifap.br\/ppgcf\/files\/2014\/12\/Qualificacao_2015-09-15_Brenda-Fernandes-Conrado.png 1024w\" sizes=\"(max-width: 300px) 100vw, 300px\" \/><\/a><\/p>\n<p>&nbsp;<\/p>\n<p><strong>\u2192 Brenda Fernandes Conrado<\/strong><\/p>\n<p>&#8211; Data: 25 de Maio de 2016 \u00e0s 10h00min (2\u00aa qualifica\u00e7\u00e3o).<\/p>\n<p>&#8211;\u00a0Local: Sala de aula do Bloco Did\u00e1tico do Curso de Farm\u00e1cia.<\/p>\n<p><a href=\"http:\/\/www2.unifap.br\/ppgcf\/files\/2014\/12\/Qualificacao_2016-05-25_Brenda-Fernandes-Conrado.png\"><img loading=\"lazy\" decoding=\"async\" class=\"alignnone size-medium wp-image-1314\" alt=\"Qualificacao_2016-05-25_Brenda Fernandes Conrado\" src=\"http:\/\/www2.unifap.br\/ppgcf\/files\/2014\/12\/Qualificacao_2016-05-25_Brenda-Fernandes-Conrado-300x225.png\" width=\"300\" height=\"225\" srcset=\"https:\/\/www2.unifap.br\/ppgcf\/files\/2014\/12\/Qualificacao_2016-05-25_Brenda-Fernandes-Conrado-300x225.png 300w, https:\/\/www2.unifap.br\/ppgcf\/files\/2014\/12\/Qualificacao_2016-05-25_Brenda-Fernandes-Conrado.png 1021w\" sizes=\"(max-width: 300px) 100vw, 300px\" \/><\/a><\/p>\n<p>&nbsp;<\/p>\n<p><strong>\u2192 Danielle Craveiro Silva<\/strong><\/p>\n<p>&#8211; Data:\u00a031 de Agosto de 2015 \u00e0s 10h00min.<\/p>\n<p>&#8211; Local:\u00a0Sala de aula do bloco did\u00e1tico do Curso de Farm\u00e1cia.<\/p>\n<p><a href=\"http:\/\/www2.unifap.br\/ppgcf\/files\/2014\/12\/Qualificacao_2015-08-31_Danielle-Craveiro-Silva.png\"><img loading=\"lazy\" decoding=\"async\" class=\"alignnone size-medium wp-image-1315\" alt=\"Qualificacao_2015-08-31_Danielle Craveiro Silva\" src=\"http:\/\/www2.unifap.br\/ppgcf\/files\/2014\/12\/Qualificacao_2015-08-31_Danielle-Craveiro-Silva-300x224.png\" width=\"300\" height=\"224\" srcset=\"https:\/\/www2.unifap.br\/ppgcf\/files\/2014\/12\/Qualificacao_2015-08-31_Danielle-Craveiro-Silva-300x224.png 300w, https:\/\/www2.unifap.br\/ppgcf\/files\/2014\/12\/Qualificacao_2015-08-31_Danielle-Craveiro-Silva.png 1023w\" sizes=\"(max-width: 300px) 100vw, 300px\" \/><\/a><\/p>\n<p>&nbsp;<\/p>\n<p><strong>\u2192 Danilo Cabral de S\u00e1 Hyacienth<\/strong><\/p>\n<p>&#8211; Data: 20 de Agosto de 2015 \u00e0s 09h00.<\/p>\n<p>&#8211; Local:\u00a0<span style=\"line-height: 1.5em\">Sala de aula do PPGCF.<\/span><\/p>\n<p><a href=\"http:\/\/www2.unifap.br\/ppgcf\/files\/2014\/12\/Qualificacao_2015-08-20_Danilo-Cabral-de-Sa-Hyacienth.png\"><img loading=\"lazy\" decoding=\"async\" class=\"alignnone size-medium wp-image-1316\" alt=\"Qualificacao_2015-08-20_Danilo Cabral de Sa Hyacienth\" src=\"http:\/\/www2.unifap.br\/ppgcf\/files\/2014\/12\/Qualificacao_2015-08-20_Danilo-Cabral-de-Sa-Hyacienth-300x224.png\" width=\"300\" height=\"224\" srcset=\"https:\/\/www2.unifap.br\/ppgcf\/files\/2014\/12\/Qualificacao_2015-08-20_Danilo-Cabral-de-Sa-Hyacienth-300x224.png 300w, https:\/\/www2.unifap.br\/ppgcf\/files\/2014\/12\/Qualificacao_2015-08-20_Danilo-Cabral-de-Sa-Hyacienth.png 1023w\" sizes=\"(max-width: 300px) 100vw, 300px\" \/><\/a><\/p>\n<p>&nbsp;<\/p>\n<p><strong>\u2192 Gabryelle Furtado de Almeida<\/strong><\/p>\n<p>Data: 12 de Agosto de 2016 \u00e0s 16h00.<\/p>\n<p>&#8211; Local:\u00a0<span style=\"line-height: 1.5em\">Sala de aula do PPGCF.<\/span><\/p>\n<p><a href=\"http:\/\/www2.unifap.br\/ppgcf\/files\/2014\/12\/Qualificacao_2015-08-12_Gabryelle-Furtado-de-Almeida.png\"><img loading=\"lazy\" decoding=\"async\" class=\"alignnone size-medium wp-image-1317\" alt=\"Qualificacao_2015-08-12_Gabryelle Furtado de Almeida\" src=\"http:\/\/www2.unifap.br\/ppgcf\/files\/2014\/12\/Qualificacao_2015-08-12_Gabryelle-Furtado-de-Almeida-300x224.png\" width=\"300\" height=\"224\" srcset=\"https:\/\/www2.unifap.br\/ppgcf\/files\/2014\/12\/Qualificacao_2015-08-12_Gabryelle-Furtado-de-Almeida-300x224.png 300w, https:\/\/www2.unifap.br\/ppgcf\/files\/2014\/12\/Qualificacao_2015-08-12_Gabryelle-Furtado-de-Almeida.png 1024w\" sizes=\"(max-width: 300px) 100vw, 300px\" \/><\/a><\/p>\n<p>&nbsp;<\/p>\n<p><strong>\u2192 Hina da Silva Furtado<\/strong><\/p>\n<p>&#8211; Data: 21 de Agosto de 2015 \u00e0s 15h00.<\/p>\n<p>&#8211; Local:\u00a0<span style=\"line-height: 1.5em\">Sala de aula do PPGCF.<\/span><\/p>\n<p><a href=\"http:\/\/www2.unifap.br\/ppgcf\/files\/2014\/12\/Qualificacao_2015-08-21_Hina-da-Silva-Furtado.png\"><img loading=\"lazy\" decoding=\"async\" class=\"alignnone size-medium wp-image-1318\" alt=\"Qualificacao_2015-08-21_Hina da Silva Furtado\" src=\"http:\/\/www2.unifap.br\/ppgcf\/files\/2014\/12\/Qualificacao_2015-08-21_Hina-da-Silva-Furtado-300x224.png\" width=\"300\" height=\"224\" srcset=\"https:\/\/www2.unifap.br\/ppgcf\/files\/2014\/12\/Qualificacao_2015-08-21_Hina-da-Silva-Furtado-300x224.png 300w, https:\/\/www2.unifap.br\/ppgcf\/files\/2014\/12\/Qualificacao_2015-08-21_Hina-da-Silva-Furtado.png 1022w\" sizes=\"(max-width: 300px) 100vw, 300px\" \/><\/a><\/p>\n<p>&nbsp;<\/p>\n<p><strong>\u2192 Jaderson Vieira Ferreira<\/strong><\/p>\n<p>&#8211; Data: 31 de Agosto de 2015 \u00e0s 09h00.<\/p>\n<p>&#8211; Local:\u00a0<span style=\"line-height: 1.5em\">Sala de aula do bloco did\u00e1tico do Curso de Farm\u00e1cia.<\/span><\/p>\n<p><a href=\"http:\/\/www2.unifap.br\/ppgcf\/files\/2014\/12\/Qualificacao_2015-08-31_Jaderson-Vieira-Ferreira.png\"><img loading=\"lazy\" decoding=\"async\" class=\"alignnone size-medium wp-image-1319\" alt=\"Qualificacao_2015-08-31_Jaderson Vieira Ferreira\" src=\"http:\/\/www2.unifap.br\/ppgcf\/files\/2014\/12\/Qualificacao_2015-08-31_Jaderson-Vieira-Ferreira-300x225.png\" width=\"300\" height=\"225\" srcset=\"https:\/\/www2.unifap.br\/ppgcf\/files\/2014\/12\/Qualificacao_2015-08-31_Jaderson-Vieira-Ferreira-300x225.png 300w, https:\/\/www2.unifap.br\/ppgcf\/files\/2014\/12\/Qualificacao_2015-08-31_Jaderson-Vieira-Ferreira.png 1021w\" sizes=\"(max-width: 300px) 100vw, 300px\" \/><\/a><\/p>\n<p>&nbsp;<\/p>\n<p><strong>\u2192 Mario Omar Calla Salcedo<\/strong><\/p>\n<p>Data: 31 de Agosto de 2015 \u00e0s 15h30mim.<\/p>\n<p>Local:\u00a0<span style=\"line-height: 1.5em\">\u00a0<\/span><span style=\"line-height: 1.5em\">Sala de aula do PPGCF.<\/span><\/p>\n<p><a href=\"http:\/\/www2.unifap.br\/ppgcf\/files\/2014\/12\/Qualificacao_2015-08-31_Mario-Omar-Calla-Salcedo.png\"><img loading=\"lazy\" decoding=\"async\" class=\"alignnone size-medium wp-image-1320\" alt=\"Qualificacao_2015-08-31_Mario Omar Calla Salcedo\" src=\"http:\/\/www2.unifap.br\/ppgcf\/files\/2014\/12\/Qualificacao_2015-08-31_Mario-Omar-Calla-Salcedo-300x225.png\" width=\"300\" height=\"225\" srcset=\"https:\/\/www2.unifap.br\/ppgcf\/files\/2014\/12\/Qualificacao_2015-08-31_Mario-Omar-Calla-Salcedo-300x225.png 300w, https:\/\/www2.unifap.br\/ppgcf\/files\/2014\/12\/Qualificacao_2015-08-31_Mario-Omar-Calla-Salcedo.png 1021w\" sizes=\"(max-width: 300px) 100vw, 300px\" \/><\/a><\/p>\n<p>&nbsp;<\/p>\n<p><strong>\u2192 Patr\u00edcio da Silva Almeida<\/strong><\/p>\n<p>Data: 24 de Agosto de 2015 \u00e0s 14h00.<\/p>\n<p>Local:\u00a0<span style=\"line-height: 1.5em\">\u00a0<\/span><span style=\"line-height: 1.5em\">Sala de aula do PPGCF.<\/span><\/p>\n<p><a href=\"http:\/\/www2.unifap.br\/ppgcf\/files\/2014\/12\/Qualificacao_2015-08-24_Patricio-da-Silva-Almeida.png\"><img loading=\"lazy\" decoding=\"async\" class=\"alignnone size-medium wp-image-1321\" alt=\"Qualificacao_2015-08-24_Patricio da Silva Almeida\" src=\"http:\/\/www2.unifap.br\/ppgcf\/files\/2014\/12\/Qualificacao_2015-08-24_Patricio-da-Silva-Almeida-300x224.png\" width=\"300\" height=\"224\" srcset=\"https:\/\/www2.unifap.br\/ppgcf\/files\/2014\/12\/Qualificacao_2015-08-24_Patricio-da-Silva-Almeida-300x224.png 300w, https:\/\/www2.unifap.br\/ppgcf\/files\/2014\/12\/Qualificacao_2015-08-24_Patricio-da-Silva-Almeida.png 1024w\" sizes=\"(max-width: 300px) 100vw, 300px\" \/><\/a><\/p>\n<p>&nbsp;<\/p>\n<p><strong style=\"line-height: 1.5em\">\u2192 Rosany Lopes Martins<\/strong><\/p>\n<p>&#8211; Data: 27 de Mar\u00e7o de 2015 \u00e0s 14h30min.<\/p>\n<p>&#8211; Local: Sala 03, Bloco de Farm\u00e1cia (Sala de aula do PPGCF).<\/p>\n<p><a href=\"http:\/\/www2.unifap.br\/ppgcf\/files\/2015\/03\/Qualifica\u00e7\u00e3o-2015-03-27-Rosany-Lopes-Martins.png\"><img loading=\"lazy\" decoding=\"async\" class=\"alignnone size-medium wp-image-665\" alt=\"Qualifica\u00e7\u00e3o - 2015-03-27 - Rosany Lopes Martins\" src=\"http:\/\/www2.unifap.br\/ppgcf\/files\/2015\/03\/Qualifica\u00e7\u00e3o-2015-03-27-Rosany-Lopes-Martins-300x225.png\" width=\"300\" height=\"225\" srcset=\"https:\/\/www2.unifap.br\/ppgcf\/files\/2015\/03\/Qualifica\u00e7\u00e3o-2015-03-27-Rosany-Lopes-Martins-300x225.png 300w, https:\/\/www2.unifap.br\/ppgcf\/files\/2015\/03\/Qualifica\u00e7\u00e3o-2015-03-27-Rosany-Lopes-Martins-199x150.png 199w, https:\/\/www2.unifap.br\/ppgcf\/files\/2015\/03\/Qualifica\u00e7\u00e3o-2015-03-27-Rosany-Lopes-Martins.png 1022w\" sizes=\"(max-width: 300px) 100vw, 300px\" \/><\/a><\/p>\n<p>&nbsp;<\/p>\n<p><strong>\u2192 Ranggel Carvalho Sim\u00f5es<\/strong><\/p>\n<p>&#8211; Data: 27 de Mar\u00e7o de 2015 \u00e0s 14h00min.<\/p>\n<p>&#8211; Local: Sala 03, Bloco de Farm\u00e1cia (Sala de aula do PPGCF).<\/p>\n<p><a href=\"http:\/\/www2.unifap.br\/ppgcf\/files\/2015\/03\/Qualifica\u00e7\u00e3o-2015-03-27-Ranggel-Carvalho-Sim\u00f5es.png\"><img loading=\"lazy\" decoding=\"async\" class=\"alignnone size-medium wp-image-666\" alt=\"Qualifica\u00e7\u00e3o - 2015-03-27 - Ranggel Carvalho Sim\u00f5es\" src=\"http:\/\/www2.unifap.br\/ppgcf\/files\/2015\/03\/Qualifica\u00e7\u00e3o-2015-03-27-Ranggel-Carvalho-Sim\u00f5es-300x225.png\" width=\"300\" height=\"225\" srcset=\"https:\/\/www2.unifap.br\/ppgcf\/files\/2015\/03\/Qualifica\u00e7\u00e3o-2015-03-27-Ranggel-Carvalho-Sim\u00f5es-300x225.png 300w, https:\/\/www2.unifap.br\/ppgcf\/files\/2015\/03\/Qualifica\u00e7\u00e3o-2015-03-27-Ranggel-Carvalho-Sim\u00f5es-199x150.png 199w, https:\/\/www2.unifap.br\/ppgcf\/files\/2015\/03\/Qualifica\u00e7\u00e3o-2015-03-27-Ranggel-Carvalho-Sim\u00f5es.png 1021w\" sizes=\"(max-width: 300px) 100vw, 300px\" \/><\/a><\/p>\n<p>&nbsp;<\/p>\n<p><strong>\u2192 Uriel Davi de Almeida e Silva<\/strong><\/p>\n<p>&#8211; Data: 21 de Agosto de 2015 \u00e0s 10h00.<\/p>\n<p>&#8211; Local:\u00a0<span style=\"line-height: 1.5em\">\u00a0<\/span><span style=\"line-height: 1.5em\">Sala de aula do PPGCF.<\/span><\/p>\n<p><a href=\"http:\/\/www2.unifap.br\/ppgcf\/files\/2014\/12\/Qualificacao_2015-08-21_Uriel-Davi-de-Almeida-e-Silva.png\"><img loading=\"lazy\" decoding=\"async\" class=\"alignnone size-medium wp-image-1322\" alt=\"Qualificacao_2015-08-21_Uriel Davi de Almeida e Silva\" src=\"http:\/\/www2.unifap.br\/ppgcf\/files\/2014\/12\/Qualificacao_2015-08-21_Uriel-Davi-de-Almeida-e-Silva-300x225.png\" width=\"300\" height=\"225\" srcset=\"https:\/\/www2.unifap.br\/ppgcf\/files\/2014\/12\/Qualificacao_2015-08-21_Uriel-Davi-de-Almeida-e-Silva-300x225.png 300w, https:\/\/www2.unifap.br\/ppgcf\/files\/2014\/12\/Qualificacao_2015-08-21_Uriel-Davi-de-Almeida-e-Silva.png 1022w\" sizes=\"(max-width: 300px) 100vw, 300px\" \/><\/a><\/p>\n<p>&nbsp;<\/p>\n","protected":false},"excerpt":{"rendered":"<p>Exame de Qualifica\u00e7\u00e3o &#8211; Mestrado (Turma 2015) \u2192 Albenise Santana Alves Barros &#8211; Data: 31 de Agosto de 2015 \u00e0s 17h00. &#8211; Local: Sala de aula do PPGCF. &nbsp; \u2192 Antonio Paulo Ribeiro Bitencourt &#8211; Data: 20 de Agosto de&hellip; <\/p>\n<p><a href=\"https:\/\/www2.unifap.br\/ppgcf\/cronograma-qualificacaodefesas\/qualificacao-de-dissertacao\/\" class=\"readmore-button\">Continue Reading<\/a><\/p>\n","protected":false},"author":624,"featured_media":0,"parent":310,"menu_order":1,"comment_status":"open","ping_status":"open","template":"","meta":{"inline_featured_image":false,"ngg_post_thumbnail":0,"footnotes":""},"class_list":["post-318","page","type-page","status-publish","hentry"],"_links":{"self":[{"href":"https:\/\/www2.unifap.br\/ppgcf\/wp-json\/wp\/v2\/pages\/318","targetHints":{"allow":["GET"]}}],"collection":[{"href":"https:\/\/www2.unifap.br\/ppgcf\/wp-json\/wp\/v2\/pages"}],"about":[{"href":"https:\/\/www2.unifap.br\/ppgcf\/wp-json\/wp\/v2\/types\/page"}],"author":[{"embeddable":true,"href":"https:\/\/www2.unifap.br\/ppgcf\/wp-json\/wp\/v2\/users\/624"}],"replies":[{"embeddable":true,"href":"https:\/\/www2.unifap.br\/ppgcf\/wp-json\/wp\/v2\/comments?post=318"}],"version-history":[{"count":10,"href":"https:\/\/www2.unifap.br\/ppgcf\/wp-json\/wp\/v2\/pages\/318\/revisions"}],"predecessor-version":[{"id":671,"href":"https:\/\/www2.unifap.br\/ppgcf\/wp-json\/wp\/v2\/pages\/318\/revisions\/671"}],"up":[{"embeddable":true,"href":"https:\/\/www2.unifap.br\/ppgcf\/wp-json\/wp\/v2\/pages\/310"}],"wp:attachment":[{"href":"https:\/\/www2.unifap.br\/ppgcf\/wp-json\/wp\/v2\/media?parent=318"}],"curies":[{"name":"wp","href":"https:\/\/api.w.org\/{rel}","templated":true}]}}