{"id":3482,"date":"2023-08-09T19:46:07","date_gmt":"2023-08-09T19:46:07","guid":{"rendered":"https:\/\/www2.unifap.br\/ppgcf\/?page_id=3482"},"modified":"2023-08-09T20:49:16","modified_gmt":"2023-08-09T20:49:16","slug":"cronograma-de-aulas-2023-2","status":"publish","type":"page","link":"https:\/\/www2.unifap.br\/ppgcf\/ofertas-de-disciplinas\/cronograma-de-aulas-2023-2\/","title":{"rendered":"Cronograma de aulas 2023.2"},"content":{"rendered":"<h3>A seguir est\u00e3o as disciplinas obrigat\u00f3rias e optativas ofertadas pelo PPGCF no segundo semestre de 2023.<\/h3>\n<h3>As disciplinas marcadas com asterisco s\u00e3o obrigat\u00f3rias.<\/h3>\n<h1>Para se matricular, os discentes dever\u00e3o encaminhar, at\u00e9 o dia 14\/08\/2023 um e-mail para o endere\u00e7o ppgcf@unifap.br contendo o nome completo, matr\u00edcula e a lista de disciplinas que pretende cursar.<\/h1>\n<p>&nbsp;<\/p>\n<table width=\"992\">\n<tbody>\n<tr>\n<td width=\"208\">\n<p style=\"text-align: left\"><strong>Disciplina<\/strong><\/p>\n<\/td>\n<td width=\"283\"><strong>Datas<\/strong><\/td>\n<td width=\"113\"><strong>Hor\u00e1rio<\/strong><\/td>\n<td width=\"236\"><strong>Professor<\/strong><\/td>\n<td width=\"151\"><strong>Local<\/strong><\/td>\n<\/tr>\n<tr>\n<td width=\"208\">Metodologia Cient\u00edfica*<\/td>\n<td width=\"283\">14, 15, 16, 17, 21, 22, 28, 29, 30 e 31\/08.<\/p>\n<p>04, 06, 25 e &nbsp;26\/09.<\/td>\n<td width=\"113\">14 \u00e0s 18 h<\/td>\n<td width=\"236\">Lorane Izabel da S. H. Melim<\/p>\n<p>Rodrigo A. S. Cruz<\/td>\n<td width=\"151\">Sala 6<\/td>\n<\/tr>\n<tr>\n<td width=\"208\">Semin\u00e1rios em Ci\u00eancias Farmac\u00eauticas II*<\/td>\n<td width=\"283\">08, 13 e 22 e 24\/11<\/p>\n<p>01 e 15\/12<\/td>\n<td width=\"113\">14 \u00e0s 18 h<\/td>\n<td width=\"236\">Francisco F\u00e1bio O. de Sousa<\/td>\n<td width=\"151\">Sala 6<\/td>\n<\/tr>\n<tr>\n<td width=\"208\">Escrita Cient\u00edfica<\/td>\n<td width=\"283\">04 a 08\/12\/2023<\/td>\n<td width=\"113\">09 \u00e0s 12 h<\/td>\n<td width=\"236\">Irlon M. Ferreira<\/td>\n<td width=\"151\">Sala 2 do bloco da p\u00f3s-gradua\u00e7\u00e3o<\/td>\n<\/tr>\n<tr>\n<td width=\"208\">Est\u00e1gio em Doc\u00eancia da Gradua\u00e7\u00e3o*<\/td>\n<td width=\"283\">19\/08\/2023<\/td>\n<td width=\"113\">10 \u00e0s 11 h<\/td>\n<td width=\"236\">Anna Eliza M. de F. M. Oliveira<\/td>\n<td width=\"151\">Reuni\u00e3o online<\/td>\n<\/tr>\n<\/tbody>\n<\/table>\n","protected":false},"excerpt":{"rendered":"<p>A seguir est\u00e3o as disciplinas obrigat\u00f3rias e optativas ofertadas pelo PPGCF no segundo semestre de 2023. As disciplinas marcadas com asterisco s\u00e3o obrigat\u00f3rias. Para se matricular, os discentes dever\u00e3o encaminhar, at\u00e9 o dia 14\/08\/2023 um e-mail para o endere\u00e7o ppgcf@unifap.br&hellip; <\/p>\n<p><a href=\"https:\/\/www2.unifap.br\/ppgcf\/ofertas-de-disciplinas\/cronograma-de-aulas-2023-2\/\" class=\"readmore-button\">Continue Reading<\/a><\/p>\n","protected":false},"author":3958,"featured_media":0,"parent":1199,"menu_order":0,"comment_status":"closed","ping_status":"closed","template":"","meta":{"inline_featured_image":false,"ngg_post_thumbnail":0,"footnotes":""},"class_list":["post-3482","page","type-page","status-publish","hentry"],"_links":{"self":[{"href":"https:\/\/www2.unifap.br\/ppgcf\/wp-json\/wp\/v2\/pages\/3482","targetHints":{"allow":["GET"]}}],"collection":[{"href":"https:\/\/www2.unifap.br\/ppgcf\/wp-json\/wp\/v2\/pages"}],"about":[{"href":"https:\/\/www2.unifap.br\/ppgcf\/wp-json\/wp\/v2\/types\/page"}],"author":[{"embeddable":true,"href":"https:\/\/www2.unifap.br\/ppgcf\/wp-json\/wp\/v2\/users\/3958"}],"replies":[{"embeddable":true,"href":"https:\/\/www2.unifap.br\/ppgcf\/wp-json\/wp\/v2\/comments?post=3482"}],"version-history":[{"count":6,"href":"https:\/\/www2.unifap.br\/ppgcf\/wp-json\/wp\/v2\/pages\/3482\/revisions"}],"predecessor-version":[{"id":3495,"href":"https:\/\/www2.unifap.br\/ppgcf\/wp-json\/wp\/v2\/pages\/3482\/revisions\/3495"}],"up":[{"embeddable":true,"href":"https:\/\/www2.unifap.br\/ppgcf\/wp-json\/wp\/v2\/pages\/1199"}],"wp:attachment":[{"href":"https:\/\/www2.unifap.br\/ppgcf\/wp-json\/wp\/v2\/media?parent=3482"}],"curies":[{"name":"wp","href":"https:\/\/api.w.org\/{rel}","templated":true}]}}