{"id":3502,"date":"2023-10-08T12:19:47","date_gmt":"2023-10-08T12:19:47","guid":{"rendered":"https:\/\/www2.unifap.br\/ppgcf\/?page_id=3502"},"modified":"2026-04-12T11:13:46","modified_gmt":"2026-04-12T11:13:46","slug":"turma-2019-corpo-discente","status":"publish","type":"page","link":"https:\/\/www2.unifap.br\/ppgcf\/corpo-discente\/turma-2019-corpo-discente\/","title":{"rendered":"TURMA 2019 &#8211; CORPO DISCENTE"},"content":{"rendered":"<p><strong>Turma 2019<\/strong><\/p>\n<table width=\"1028\">\n<tbody>\n<tr>\n<td width=\"48\"><strong>ORD<\/strong><\/td>\n<td width=\"236\"><strong>NOME<\/strong><\/td>\n<td width=\"305\"><strong>ORIENTADOR \/ CO-ORIENTADOR<\/strong><\/td>\n<td width=\"181\">\n<p style=\"text-align: center\"><strong>CURR\u00cdCULO LATTES<\/strong><\/p>\n<\/td>\n<td width=\"247\">\n<p style=\"text-align: center\"><strong>DISSERTA\u00c7\u00c3O DE MESTRADO<\/strong><\/p>\n<\/td>\n<\/tr>\n<tr>\n<td width=\"48\">01<\/td>\n<td width=\"236\">Ana Arisa Pires Lima<\/td>\n<td width=\"305\">Dra. Lilian Grace da Silva Solon<\/td>\n<td width=\"181\">\n<p style=\"text-align: center\"><strong><a href=\"http:\/\/lattes.cnpq.br\/3945478640242329\">Acesse aqui<\/a><\/strong><\/p>\n<\/td>\n<td width=\"247\">\n<p style=\"text-align: center\">&#8211;<\/p>\n<\/td>\n<\/tr>\n<tr>\n<td width=\"48\">02<\/td>\n<td width=\"236\">Andr\u00e9ia Lima de Amorim<\/td>\n<td width=\"305\">Dr. Irlon Maciel Ferreira<\/td>\n<td width=\"181\">\n<p style=\"text-align: center\"><strong><a href=\"http:\/\/lattes.cnpq.br\/2637062813529668\">Acesse aqui<\/a><\/strong><\/p>\n<\/td>\n<td width=\"247\">\n<p style=\"text-align: center\">Desligado<\/p>\n<\/td>\n<\/tr>\n<tr>\n<td width=\"48\">03<\/td>\n<td width=\"236\">Arlindo C\u00e9sar Matias Pereira Filho<\/td>\n<td width=\"305\">Dr. Jos\u00e9 Carlos Tavares Carvalho<\/td>\n<td width=\"181\">\n<p style=\"text-align: center\"><strong><a href=\"http:\/\/lattes.cnpq.br\/2152955317591221\">Acesse aqui<\/a><\/strong><\/p>\n<\/td>\n<td width=\"247\">\n<p style=\"text-align: center\"><a href=\"http:\/\/www2.unifap.br\/ppgcf\/files\/2026\/02\/Dissertacao-Final_Arlindo.pdf\"><strong>Acesse aqui<\/strong><\/a><\/p>\n<\/td>\n<\/tr>\n<tr>\n<td width=\"48\">04<\/td>\n<td width=\"236\">Everson dos Santos David<\/td>\n<td width=\"305\">Dr. Raimundo Nonato Pican\u00e7o Souto<\/td>\n<td width=\"181\">\n<p style=\"text-align: center\"><strong><a href=\"http:\/\/lattes.cnpq.br\/1991828425569953\">Acesse aqui<\/a><\/strong><\/p>\n<\/td>\n<td width=\"247\">\n<p style=\"text-align: center\"><strong><a href=\"http:\/\/www2.unifap.br\/ppgcf\/files\/2026\/02\/DISSERTACAO-Everson.pdf\">Acesse aqui<\/a><\/strong><\/p>\n<\/td>\n<\/tr>\n<tr>\n<td width=\"48\">05<\/td>\n<td width=\"236\">Franciane Nunes de Souza<\/td>\n<td width=\"305\">Dr. Gabriel Araujo da Silva<\/td>\n<td width=\"181\">\n<p style=\"text-align: center\"><strong><a href=\"http:\/\/lattes.cnpq.br\/8789559370592432\">Acesse aqui<\/a><\/strong><\/p>\n<\/td>\n<td width=\"247\">\n<p style=\"text-align: center\"><a href=\"http:\/\/www2.unifap.br\/ppgcf\/files\/2026\/02\/DISSERTACAO_FRANCIANE.pdf\"><strong>Acesse aqui<\/strong><\/a><\/p>\n<\/td>\n<\/tr>\n<tr>\n<td width=\"48\">06<\/td>\n<td width=\"236\">Ingrid Souza Reis Santos<\/td>\n<td width=\"305\">Dr. Rodrigo Alves Soares Cruz<\/td>\n<td width=\"181\">\n<p style=\"text-align: center\"><strong><a href=\"http:\/\/lattes.cnpq.br\/3501618341017585\">Acesse aqui<\/a><\/strong><\/p>\n<\/td>\n<td width=\"247\">\n<p style=\"text-align: center\"><a href=\"http:\/\/www2.unifap.br\/ppgcf\/files\/2026\/02\/Dissertacao-Ingrid.pdf\"><strong>Acesse aqui<\/strong><\/a><\/p>\n<\/td>\n<\/tr>\n<tr>\n<td width=\"48\">07<\/td>\n<td width=\"236\">Israel Gon\u00e7alves dos Santos<\/td>\n<td width=\"305\">Dra. Sheylla Susan Moreira da Silva de Almeida<\/td>\n<td width=\"181\">\n<p style=\"text-align: center\"><strong><a href=\"http:\/\/lattes.cnpq.br\/3592257223094942\">Acesse aqui<\/a><\/strong><\/p>\n<\/td>\n<td width=\"247\">\n<p style=\"text-align: center\">&#8211;<\/p>\n<\/td>\n<\/tr>\n<tr>\n<td width=\"48\">08<\/td>\n<td width=\"236\">Jeruza Ferraz Filgueiras Di Miceli<\/td>\n<td width=\"305\">Dra. Raquel Silva Ara\u00fajo<\/td>\n<td width=\"181\">\n<p style=\"text-align: center\"><strong><a href=\"http:\/\/lattes.cnpq.br\/0238053309466382\">Acesse aqui<\/a><\/strong><\/p>\n<\/td>\n<td width=\"247\">\n<p style=\"text-align: center\"><a href=\"http:\/\/www2.unifap.br\/ppgcf\/files\/2026\/02\/dissertacao-jeruza.pdf\"><strong>Acesse aqui<\/strong><\/a><\/p>\n<\/td>\n<\/tr>\n<tr>\n<td width=\"48\">09<\/td>\n<td width=\"236\">Layse de Souza Sampaio<\/td>\n<td width=\"305\">Dr. Rodrigo Alves Soares Cruz<\/td>\n<td width=\"181\">\n<p style=\"text-align: center\"><strong><a href=\"http:\/\/lattes.cnpq.br\/4657290734704026\">Acesse aqui<\/a><\/strong><\/p>\n<\/td>\n<td width=\"247\">\n<p style=\"text-align: center\">Desligado<\/p>\n<\/td>\n<\/tr>\n<tr>\n<td width=\"48\">10<\/td>\n<td width=\"236\">Let\u00edcia de Oliveira Machado<\/td>\n<td width=\"305\">Dr. Madson Ralide Fonseca Gomes<\/td>\n<td width=\"181\">\n<p style=\"text-align: center\"><strong><a href=\"http:\/\/lattes.cnpq.br\/1143563343450624\">Acesse aqui<\/a><\/strong><\/p>\n<\/td>\n<td width=\"247\">\n<p style=\"text-align: center\"><a href=\"http:\/\/www2.unifap.br\/ppgcf\/files\/2026\/02\/Leticia.pdf\"><strong>Acesse aqui<\/strong><\/a><\/p>\n<\/td>\n<\/tr>\n<tr>\n<td width=\"48\">11<\/td>\n<td width=\"236\">Rozilene Valadares Martins<\/td>\n<td width=\"305\">Dra. Clarissa Silva Lima<\/td>\n<td width=\"181\">\n<p style=\"text-align: center\"><strong><a href=\"http:\/\/lattes.cnpq.br\/3941506236577624\">Acesse aqui<\/a><\/strong><\/p>\n<\/td>\n<td width=\"247\">\n<p style=\"text-align: center\"><a href=\"http:\/\/www2.unifap.br\/ppgcf\/files\/2026\/02\/Dissertacao-ROZILENE-VM.pdf\"><strong>Acesse aqui<\/strong><\/a><\/p>\n<\/td>\n<\/tr>\n<tr>\n<td width=\"48\">12<\/td>\n<td width=\"236\">Swanny Ferreira Borges<\/td>\n<td width=\"305\">Dr. Irlon Maciel Ferreira<\/td>\n<td width=\"181\">\n<p style=\"text-align: center\"><strong><a href=\"http:\/\/lattes.cnpq.br\/5310828485724728\">Acesse aqui<\/a><\/strong><\/p>\n<\/td>\n<td width=\"247\">\n<p style=\"text-align: center\"><a href=\"http:\/\/www2.unifap.br\/ppgcf\/files\/2026\/02\/Dissertacao-final-Swanny-Ferreira-Borges.pdf\"><strong>Acesse aqui<\/strong><\/a><\/p>\n<\/td>\n<\/tr>\n<tr>\n<td width=\"48\">13<\/td>\n<td width=\"236\">Thamara de Oliveira Ferraz<\/td>\n<td width=\"305\">Dr. Caio Pinho Fernandes<\/td>\n<td width=\"181\">\n<p style=\"text-align: center\"><strong><a href=\"http:\/\/lattes.cnpq.br\/8747307455809456\">Acesse aqui<\/a><\/strong><\/p>\n<\/td>\n<td width=\"247\">\n<p style=\"text-align: center\"><a href=\"http:\/\/www2.unifap.br\/ppgcf\/files\/2026\/02\/DISSERTACAO_THAMARA_ficha.pdf\"><strong>Acesse aqui<\/strong><\/a><\/p>\n<\/td>\n<\/tr>\n<tr>\n<td width=\"48\">14<\/td>\n<td width=\"236\">Yasmin Maria Nunes Cardoso<\/td>\n<td width=\"305\">Dr. Rafael Lima Resque<\/td>\n<td width=\"181\">\n<p style=\"text-align: center\"><strong><a href=\"http:\/\/lattes.cnpq.br\/5067543051937920\">Acesse aqui<\/a><\/strong><\/p>\n<\/td>\n<td width=\"247\">\n<p style=\"text-align: center\"><a href=\"http:\/\/www2.unifap.br\/ppgcf\/files\/2026\/02\/Dissertacao-Yasmin-Maria-Nunes-Cardoso-Versao-final.pdf\"><strong>Acesse aqui<\/strong><\/a><\/p>\n<\/td>\n<\/tr>\n<\/tbody>\n<\/table>\n","protected":false},"excerpt":{"rendered":"<p>Turma 2019 ORD NOME ORIENTADOR \/ CO-ORIENTADOR CURR\u00cdCULO LATTES DISSERTA\u00c7\u00c3O DE MESTRADO 01 Ana Arisa Pires Lima Dra. Lilian Grace da Silva Solon Acesse aqui &#8211; 02 Andr\u00e9ia Lima de Amorim Dr. Irlon Maciel Ferreira Acesse aqui Desligado 03 Arlindo&hellip; <\/p>\n<p><a href=\"https:\/\/www2.unifap.br\/ppgcf\/corpo-discente\/turma-2019-corpo-discente\/\" class=\"readmore-button\">Continue Reading<\/a><\/p>\n","protected":false},"author":3985,"featured_media":0,"parent":456,"menu_order":7,"comment_status":"closed","ping_status":"closed","template":"","meta":{"inline_featured_image":false,"ngg_post_thumbnail":0,"footnotes":""},"class_list":["post-3502","page","type-page","status-publish","hentry"],"_links":{"self":[{"href":"https:\/\/www2.unifap.br\/ppgcf\/wp-json\/wp\/v2\/pages\/3502","targetHints":{"allow":["GET"]}}],"collection":[{"href":"https:\/\/www2.unifap.br\/ppgcf\/wp-json\/wp\/v2\/pages"}],"about":[{"href":"https:\/\/www2.unifap.br\/ppgcf\/wp-json\/wp\/v2\/types\/page"}],"author":[{"embeddable":true,"href":"https:\/\/www2.unifap.br\/ppgcf\/wp-json\/wp\/v2\/users\/3985"}],"replies":[{"embeddable":true,"href":"https:\/\/www2.unifap.br\/ppgcf\/wp-json\/wp\/v2\/comments?post=3502"}],"version-history":[{"count":8,"href":"https:\/\/www2.unifap.br\/ppgcf\/wp-json\/wp\/v2\/pages\/3502\/revisions"}],"predecessor-version":[{"id":3995,"href":"https:\/\/www2.unifap.br\/ppgcf\/wp-json\/wp\/v2\/pages\/3502\/revisions\/3995"}],"up":[{"embeddable":true,"href":"https:\/\/www2.unifap.br\/ppgcf\/wp-json\/wp\/v2\/pages\/456"}],"wp:attachment":[{"href":"https:\/\/www2.unifap.br\/ppgcf\/wp-json\/wp\/v2\/media?parent=3502"}],"curies":[{"name":"wp","href":"https:\/\/api.w.org\/{rel}","templated":true}]}}