{"id":40,"date":"2012-06-07T23:38:07","date_gmt":"2012-06-07T23:38:07","guid":{"rendered":"http:\/\/www2.unifap.br\/ppgcf\/?page_id=40"},"modified":"2015-01-23T19:57:24","modified_gmt":"2015-01-23T19:57:24","slug":"colaboradores-internacionais","status":"publish","type":"page","link":"https:\/\/www2.unifap.br\/ppgcf\/colaboradores-internacionais\/","title":{"rendered":"Colaboradores internacionais"},"content":{"rendered":"<p><strong>Dr. Didier Stien\u00a0<\/strong>CNRS \u2013 ICSNEquipe \u00ab\u00a0Produtos Naturais e Biodiversidade\u00a0\u00bb<\/p>\n<p>1 avenue de la Terrasse\u00a091198 Gif-sur-Yvette, France<\/p>\n<p>+33 (0)1 69 82 30 09<\/p>\n<p><a href=\"mailto:didier.stien@icsn.cnrs-gif.fr\">didier.stien@icsn.cnrs-gif.fr<\/a><\/p>\n<p><strong>Pesquisador\u00a0<\/strong>(CNRS \u2013 CentroNacional de Pesquisa Cient\u00edfica, Fran\u00e7a)<\/p>\n<p><strong>Produtos naturais, metabol\u00f4mica,\u00a0<\/strong><strong>ecologia qu\u00edmica, qu\u00edmica org\u00e2nica<\/strong><\/p>\n<p><a href=\"http:\/\/lattes.cnpq.br\/0605881377060045\">http:\/\/lattes.cnpq.br\/0605881377060045<\/a><\/p>\n<p>&nbsp;<\/p>\n<p><strong>Dra. V\u00e9ronique Eparvier<\/strong><strong>\u00a0<\/strong>CNRS \u2013 ICSNEquipe \u00ab\u00a0Produtos Naturais e Biodiversidade\u00a0\u00bb<\/p>\n<p>1 avenue de la Terrasse\u00a091198 Gif-sur-Yvette, France<\/p>\n<p>+33 (0)1 69 82 30 04<\/p>\n<p><a href=\"mailto:eparvier@icsn.cnrs-gif.fr\">eparvier@icsn.cnrs-gif.fr<\/a><\/p>\n<p><strong>Assistente de pesquisa\u00a0<\/strong>(CNRS \u2013 CentroNacional de Pesquisa Cient\u00edfica, Fran\u00e7a)<\/p>\n<p><strong>Produtos naturais, ecologia qu\u00edmica<\/strong><\/p>\n<p><a href=\"http:\/\/lattes.cnpq.br\/7528291183827656\">http:\/\/lattes.cnpq.br\/7528291183827656<\/a><\/p>\n<p>&nbsp;<\/p>\n<p><strong>Dr. Ali Al-Mourabit\u00a0<\/strong>CNRS \u2013 ICSN Qu\u00edmica de produtos naturais marinhos<\/p>\n<p>1 avenue de la Terrasse\u00a091198 Gif-sur-Yvette, France<\/p>\n<p><a href=\"mailto:ali.almourabit@icsn.cnrs-gif.fr\">ali.almourabit@icsn.cnrs-gif.fr<\/a><\/p>\n<p><strong>Pesquisador\u00a0<\/strong>(CNRS \u2013 CentroNacional de Pesquisa Cient\u00edfica, Fran\u00e7a)<\/p>\n<p><strong>Produtos naturais, metabol\u00f4mica,\u00a0<\/strong><strong>ecologia qu\u00edmica, qu\u00edmica org\u00e2nica<\/strong><\/p>\n<p>&nbsp;<\/p>\n<p><strong>Dra. Alice Maria de Souza Rodrigues<\/strong><strong>\u00a0<\/strong>Qu\u00edmica de produtos naturais marinhos<\/p>\n<p>1 avenue de la Terrasse\u00a091198 Gif-sur-Yvette, France<\/p>\n<p><a href=\"mailto:alice.rodrigues@pop.com.br\">alice.rodrigues@pop.com.br<\/a><\/p>\n<p><strong>Doutora\u00a0<\/strong>em ci\u00eancias m\u00e9dicas, Universidade de Bras\u00edlia;<\/p>\n<p><strong>Doutora\u00a0<\/strong>em qu\u00edmica, Universidade das Antilhase da Guiana Francesa;<\/p>\n<p><strong>Farmac\u00eautica<\/strong>,<strong>\u00a0<\/strong>Universidade de Bras\u00edlia<\/p>\n<p><strong>Produtos naturais, farmacognosia<\/strong><\/p>\n<p><a href=\"http:\/\/lattes.cnpq.br\/5939637875414083\">http:\/\/lattes.cnpq.br\/5939637875414083<\/a><\/p>\n<p>&nbsp;<\/p>\n<p><strong>Dra. Nadine Amusant<\/strong><strong>\u00a0<\/strong>CIRAD \u2013 UMR ECOFOGEquipe\u00a0\u00ab\u00a0Materiais e Mol\u00e9culas\u00a0\u00bb<\/p>\n<p>Campus agronomique &#8211; BP 316 &#8211; F-97379 Kourou, France (Guiana Francesa)<\/p>\n<p>+594 (0)5 94 32 09 60<\/p>\n<p><a href=\"mailto:nadine.amusant@cirad.fr\">nadine.amusant@cirad.fr<\/a><\/p>\n<p><strong>Pesquisadora<\/strong>\u00a0(CIRAD \u2013 Centro Internacional de Pesquisa para o Desenvolvimento, Fran\u00e7a)<\/p>\n<p><strong><\/strong><strong>Qu\u00edmica e durabilidade de madeiras, Produtos naturais e valorisa\u00e7\u00e3o de metab\u00f3litos secund\u00e1rios<\/strong><\/p>\n<p>&nbsp;<\/p>\n<p><strong>Dr. Christophe Duplais<\/strong><strong>\u00a0<\/strong>CNRS \u2013 UMR ECOFOGEquipe \u00ab\u00a0Materiais e Mol\u00e9culas\u00a0\u00bb<\/p>\n<p>Campus agronomique &#8211; BP 316 &#8211; F-97379 Kourou, France (Guiana Francesa)<\/p>\n<p>+594 (0)5 94 32 09 60<\/p>\n<p><a href=\"mailto:christophe.duplais@ecofog.gf\">christophe.duplais@ecofog.gf<\/a><\/p>\n<p><strong>Pesquisador<\/strong>\u00a0(CNRS \u2013 CentroNacional de Pesquisa Cient\u00edfica, Fran\u00e7a)<\/p>\n<p><strong>Qu\u00edmica org\u00e2nica, produtos naturais e valorisa\u00e7\u00e3o de metab\u00f3litos secund\u00e1rios<\/strong><\/p>\n<p>&nbsp;<\/p>\n<p><strong>Dra. Emeline Hou\u00ebl<\/strong><strong>\u00a0<\/strong>CNRS \u2013 UMR ECOFOGEquipe \u00ab\u00a0Materiais e Mol\u00e9culas\u00a0\u00bb<\/p>\n<p>Campus agronomique &#8211; BP 316 &#8211; F-97379 Kourou, France (Guiana Francesa)<\/p>\n<p>+594 (0)5 94 32 09 60<\/p>\n<p><a href=\"mailto:emeline.houel@guyane.cnrs.fr\">emeline.houel@guyane.cnrs.fr<\/a><\/p>\n<p><strong>Assistente de pesquisa<\/strong>\u00a0(CNRS \u2013 Centro Nacional de Pesquisa Cient\u00edfica, Fran\u00e7a)<\/p>\n<p><strong>Qu\u00edmica e valorisa\u00e7\u00e3o dos produtos naturais, metabol\u00f4mica<\/strong><\/p>\n<p><a href=\"http:\/\/lattes.cnpq.br\/5138091841427702\">http:\/\/lattes.cnpq.br\/5138091841427702<\/a><\/p>\n<p><a href=\"http:\/\/lattes.cnpq.br\/5138091841427702\">http:\/\/lattes.cnpq.br\/5138091841427702<\/a><\/p>\n<p>&nbsp;<\/p>\n<p><strong>Dr. Christopher Jon Baraloto<\/strong><strong>\u00a0<\/strong>INRA \u2013 UMR ECOFOGEquipe \u00ab\u00a0Ecologia das Comunidades\u00a0\u00bb<\/p>\n<p>Campus agronomique &#8211; BP 316 &#8211; F-97379 Kourou, France (Guiana Francesa)<\/p>\n<p>+594 (0)5 94 32 92 91<\/p>\n<p><a href=\"http:\/\/chris.baraloto@ecofog.gf\">chris.baraloto@ecofog.gf<\/a><\/p>\n<p><strong>Pesquisador<\/strong>\u00a0(INRA \u2013 Instituto Nacional de Pesquisa Agron\u00f4mica, Fran\u00e7a)<\/p>\n<p><strong><\/strong><strong>Ecologia de comunidades,\u00a0ecologia vegetal\u00a0funcional,\u00a0ecologia de florestas\u00a0tropicais, manejo florestal e\u00a0conserva\u00e7\u00e3o<\/strong><\/p>\n<p><a href=\"http:\/\/lattes.cnpq.br\/6977554495943601\">http:\/\/lattes.cnpq.br\/6977554495943601<\/a><\/p>\n<p>&nbsp;<\/p>\n<p><strong>Dr. Heidy Schimann<\/strong><strong>\u00a0<\/strong>INRA \u2013 UMR ECOFOGEquipe \u00ab\u00a0Ecologia das Comunidades\u00a0\u00bb<\/p>\n<p>Campus agronomique &#8211; BP 316 &#8211; F-97379 Kourou, France (Guiana Francesa)<\/p>\n<p>+594 (0)5 94 32 92 91<\/p>\n<p><a href=\"http:\/\/heidy.schimann@ecofog.gf\">heidy.schimann@ecofog.gf<\/a><\/p>\n<p><strong>Pesquisadora<\/strong>\u00a0(INRA \u2013 Instituto Nacional de Pesquisa Agron\u00f4mica, Fran\u00e7a)<\/p>\n<p><strong><\/strong><strong>Ecologia microbiana, decomposi\u00e7\u00e3o\u00a0de mat\u00e9ria org\u00e2nica e\u00a0diversidade funcional\u00a0de comunidades f\u00fangicas<\/strong><\/p>\n<p>&nbsp;<\/p>\n<p><strong>Dra. Claire Fortunel<\/strong><strong>\u00a0<\/strong>INRA \u2013 UMR ECOFOGEquipe \u00ab\u00a0Ecologia das Comunidades\u00a0\u00bb<\/p>\n<p>Campus agronomique &#8211; BP 316 &#8211; F-97379 Kourou, France (Guiana Francesa)<\/p>\n<p>+594 (0)5 94 32 92 86<\/p>\n<p><a href=\"http:\/\/claire.fortunel@ecofog.gf\">claire.fortunel@ecofog.gf<\/a><\/p>\n<p><strong>Pesquisadora<\/strong>\u00a0(INRA \u2013 Instituto Nacional de Pesquisa Agron\u00f4mica, Fran\u00e7a)<\/p>\n<p><strong>Ecologia de comunidades,\u00a0ecologia vegetal\u00a0funcional,<\/strong><strong>ecologia de florestas\u00a0tropicais<\/strong><\/p>\n<p>&nbsp;<\/p>\n<p><strong>Dr. Guillaume Odonne<\/strong><strong>\u00a0<\/strong>CNRS\u00a0Guyane<\/p>\n<p>2 av Charlery 97300 Cayenne, Guiana Francesa<\/p>\n<p>+594 (0)594 35 27 99<\/p>\n<p><a href=\"mailto:guillaume.odonne@guyane.cnrs.fr\">guillaume.odonne@guyane.cnrs.fr<\/a><\/p>\n<p><strong>Assistente de pesquisa\u00a0<\/strong>(CNRS \u2013 Centro Nacional de Pesquisa Cient\u00edfica, Fran\u00e7a);<\/p>\n<p><strong>Farmac\u00eautico\u00a0<\/strong>(Universidade de Bordeaux)<\/p>\n<p><strong>Etnobot\u00e2nica\/etnofarmacologia, bot\u00e2nica tropical, parasitologia, fitoqu\u00edmica<\/strong><\/p>\n<p><a href=\"http:\/\/lattes.cnpq.br\/5185464024335978\">http:\/\/lattes.cnpq.br\/5185464024335978<\/a><\/p>\n<p>&nbsp;<\/p>\n<p><strong>Dr. Antoine Fouquet<\/strong><strong>\u00a0<\/strong>\u00a0CNRS Guyane<\/p>\n<p>2 av Charlery\u00a097300 Cayenne, Guiana Francesa<\/p>\n<p>+594 (0)594 35 27 99<\/p>\n<p><a href=\"mailto:fouquet.antoine@gmail.com\">fouquet.antoine@gmail.com<\/a><\/p>\n<p><strong>Pesquisador\u00a0<\/strong>(CNRS \u2013 CentroNacional de Pesquisa Cient\u00edfica, Fran\u00e7a)<\/p>\n<p><strong>Filogenia, Sistem\u00e1tica, Data\u00e7\u00e3o molecular, biogeografia;\u00a0<\/strong><strong>Filogeografia comparativa, modelagem de nicho ecol\u00f3gico;\u00a0<\/strong><strong>Gen\u00e9tica das popula\u00e7\u00f5es, biologia da conserva\u00e7\u00e3o.<\/strong><\/p>\n<p><a href=\"http:\/\/lattes.cnpq.br\/5300569954149507\">http:\/\/lattes.cnpq.br\/5300569954149507<\/a><\/p>\n<p>&nbsp;<\/p>\n<p><strong>Dr. Damien Davy<\/strong><strong>\u00a0<\/strong>CNRS Guyane<\/p>\n<p>2 av Charlery\u00a097300 Cayenne,\u00a0Guiana Francesa<\/p>\n<p>+594 (0)594 35 27 99<\/p>\n<p><a href=\"mailto:damien.davy@guyane.cnrs.fr\">damien.davy@guyane.cnrs.fr<\/a><\/p>\n<p><strong>Assistente de pesquisa\u00a0<\/strong>(CNRS \u2013 Centro Nacional de Pesquisa Cient\u00edfica, Fran\u00e7a)<\/p>\n<p><strong>Etnoci\u00eancia (etnobot\u00e2nica, etno-ecologia),\u00a0<\/strong><strong>Tecnologia Cultural,\u00a0<\/strong><strong>Antropologia Social (quest\u00f5es de identidade, mudan\u00e7a social, governan\u00e7a),\u00a0<\/strong><strong>Din\u00e2mica territorial (uso do ambiente, sistemas agro-florestais)<\/strong><\/p>\n<p>&nbsp;<\/p>\n<p><strong>Dra. Marie Fleury\u00a0<\/strong>MNHN\u00a0Centre IRD de Cayenne<\/p>\n<p>97323 Cayenne, Guiana Francesa<\/p>\n<p>+594 (0)594 29 92 81<\/p>\n<p><a href=\"mailto:fleury@mnhn.fr\">fleury@mnhn.fr<\/a><\/p>\n<p><strong>Pesquisadora\u00a0<\/strong>(MNHN \u2013 Museo Nacional de Hist\u00f3ria Natural, Fran\u00e7a);<\/p>\n<p><strong>Farmac\u00eautica\u00a0<\/strong>(Universidade de Nantes)<\/p>\n<p><strong>Etnofarmacologia, antropologia.<\/strong><\/p>\n<p>&nbsp;<\/p>\n","protected":false},"excerpt":{"rendered":"<p>Dr. Didier Stien\u00a0CNRS \u2013 ICSNEquipe \u00ab\u00a0Produtos Naturais e Biodiversidade\u00a0\u00bb 1 avenue de la Terrasse\u00a091198 Gif-sur-Yvette, France +33 (0)1 69 82 30 09 didier.stien@icsn.cnrs-gif.fr Pesquisador\u00a0(CNRS \u2013 CentroNacional de Pesquisa Cient\u00edfica, Fran\u00e7a) Produtos naturais, metabol\u00f4mica,\u00a0ecologia qu\u00edmica, qu\u00edmica org\u00e2nica http:\/\/lattes.cnpq.br\/0605881377060045 &nbsp; Dra. V\u00e9ronique&hellip; <\/p>\n<p><a href=\"https:\/\/www2.unifap.br\/ppgcf\/colaboradores-internacionais\/\" class=\"readmore-button\">Continue Reading<\/a><\/p>\n","protected":false},"author":112,"featured_media":0,"parent":0,"menu_order":8,"comment_status":"open","ping_status":"open","template":"","meta":{"inline_featured_image":false,"ngg_post_thumbnail":0,"footnotes":""},"class_list":["post-40","page","type-page","status-publish","hentry"],"_links":{"self":[{"href":"https:\/\/www2.unifap.br\/ppgcf\/wp-json\/wp\/v2\/pages\/40","targetHints":{"allow":["GET"]}}],"collection":[{"href":"https:\/\/www2.unifap.br\/ppgcf\/wp-json\/wp\/v2\/pages"}],"about":[{"href":"https:\/\/www2.unifap.br\/ppgcf\/wp-json\/wp\/v2\/types\/page"}],"author":[{"embeddable":true,"href":"https:\/\/www2.unifap.br\/ppgcf\/wp-json\/wp\/v2\/users\/112"}],"replies":[{"embeddable":true,"href":"https:\/\/www2.unifap.br\/ppgcf\/wp-json\/wp\/v2\/comments?post=40"}],"version-history":[{"count":11,"href":"https:\/\/www2.unifap.br\/ppgcf\/wp-json\/wp\/v2\/pages\/40\/revisions"}],"predecessor-version":[{"id":437,"href":"https:\/\/www2.unifap.br\/ppgcf\/wp-json\/wp\/v2\/pages\/40\/revisions\/437"}],"wp:attachment":[{"href":"https:\/\/www2.unifap.br\/ppgcf\/wp-json\/wp\/v2\/media?parent=40"}],"curies":[{"name":"wp","href":"https:\/\/api.w.org\/{rel}","templated":true}]}}