{"id":603,"date":"2015-03-13T18:14:16","date_gmt":"2015-03-13T18:14:16","guid":{"rendered":"http:\/\/www2.unifap.br\/ppgcf\/?page_id=603"},"modified":"2018-12-26T13:36:22","modified_gmt":"2018-12-26T13:36:22","slug":"guia-do-mestrando","status":"publish","type":"page","link":"https:\/\/www2.unifap.br\/ppgcf\/apresentacao\/guia-do-mestrando\/","title":{"rendered":"Guia do Mestrando"},"content":{"rendered":"<p style=\"text-align: justify\">Caro mestrando,<\/p>\n<p style=\"text-align: justify\">\u00a0\u00a0 \u00a0 \u00a0 \u00a0 \u00a0 A Universidade Federal do Amap\u00e1 (UNIFAP) tem a satisfa\u00e7\u00e3o de receb\u00ea-los no Programa de P\u00f3s-Gradua\u00e7\u00e3o em Ci\u00eancias Farmac\u00eauticas (PPGCF).<\/p>\n<p style=\"text-align: justify\">\u00a0 \u00a0 \u00a0 \u00a0 \u00a0\u00a0\u00a0Para o desenvolvimento do curso, apresentamos neste guia, aspectos que devem ser observados com aten\u00e7\u00e3o, visto que o mesmo apresenta informa\u00e7\u00f5es importantes sobre a estrutura e o funcionamento do curso.<\/p>\n<p align=\"right\">A equipe de coordena\u00e7\u00e3o.<\/p>\n<p style=\"text-align: justify\" align=\"right\"><a style=\"line-height: 1.5em\" href=\"http:\/\/www2.unifap.br\/ppgcf\/files\/2015\/03\/GUIA-DO-MESTRANDO-ANO-20151.pdf\">\u2192 GUIA DO MESTRANDO 2015<\/a><\/p>\n<p style=\"text-align: justify\" align=\"right\"><a href=\"http:\/\/www2.unifap.br\/ppgcf\/files\/2015\/03\/GUIA-DO-MESTRANDO-ANO-2016.pdf\">\u2192 GUIA DO MESTRANDO 2016<\/a><\/p>\n<p style=\"text-align: justify\" align=\"right\"><a href=\"http:\/\/www2.unifap.br\/ppgcf\/files\/2015\/03\/GUIA-DO-MESTRANDO-ANO-2017.pdf\">\u2192 GUIA DO MESTRANDO 2017<\/a><\/p>\n<p style=\"text-align: justify\" align=\"right\"><a href=\"http:\/\/www2.unifap.br\/ppgcf\/files\/2015\/03\/GUIA-DO-MESTRANDO-ANO-2018.pdf\">\u2192 GUIA DO MESTRANDO 2018<\/a><\/p>\n","protected":false},"excerpt":{"rendered":"<p>Caro mestrando, \u00a0\u00a0 \u00a0 \u00a0 \u00a0 \u00a0 A Universidade Federal do Amap\u00e1 (UNIFAP) tem a satisfa\u00e7\u00e3o de receb\u00ea-los no Programa de P\u00f3s-Gradua\u00e7\u00e3o em Ci\u00eancias Farmac\u00eauticas (PPGCF). \u00a0 \u00a0 \u00a0 \u00a0 \u00a0\u00a0\u00a0Para o desenvolvimento do curso, apresentamos neste guia, aspectos que&hellip; <\/p>\n<p><a href=\"https:\/\/www2.unifap.br\/ppgcf\/apresentacao\/guia-do-mestrando\/\" class=\"readmore-button\">Continue Reading<\/a><\/p>\n","protected":false},"author":624,"featured_media":0,"parent":2,"menu_order":6,"comment_status":"open","ping_status":"open","template":"","meta":{"inline_featured_image":false,"ngg_post_thumbnail":0,"footnotes":""},"class_list":["post-603","page","type-page","status-publish","hentry"],"_links":{"self":[{"href":"https:\/\/www2.unifap.br\/ppgcf\/wp-json\/wp\/v2\/pages\/603","targetHints":{"allow":["GET"]}}],"collection":[{"href":"https:\/\/www2.unifap.br\/ppgcf\/wp-json\/wp\/v2\/pages"}],"about":[{"href":"https:\/\/www2.unifap.br\/ppgcf\/wp-json\/wp\/v2\/types\/page"}],"author":[{"embeddable":true,"href":"https:\/\/www2.unifap.br\/ppgcf\/wp-json\/wp\/v2\/users\/624"}],"replies":[{"embeddable":true,"href":"https:\/\/www2.unifap.br\/ppgcf\/wp-json\/wp\/v2\/comments?post=603"}],"version-history":[{"count":16,"href":"https:\/\/www2.unifap.br\/ppgcf\/wp-json\/wp\/v2\/pages\/603\/revisions"}],"predecessor-version":[{"id":2643,"href":"https:\/\/www2.unifap.br\/ppgcf\/wp-json\/wp\/v2\/pages\/603\/revisions\/2643"}],"up":[{"embeddable":true,"href":"https:\/\/www2.unifap.br\/ppgcf\/wp-json\/wp\/v2\/pages\/2"}],"wp:attachment":[{"href":"https:\/\/www2.unifap.br\/ppgcf\/wp-json\/wp\/v2\/media?parent=603"}],"curies":[{"name":"wp","href":"https:\/\/api.w.org\/{rel}","templated":true}]}}