{"id":1289,"date":"2023-10-20T15:35:41","date_gmt":"2023-10-20T18:35:41","guid":{"rendered":"https:\/\/www2.unifap.br\/ppgd\/?page_id=1289"},"modified":"2026-02-19T21:50:32","modified_gmt":"2026-02-20T00:50:32","slug":"linhas-de-pesquisa","status":"publish","type":"page","link":"https:\/\/www2.unifap.br\/ppgd\/linhas-de-pesquisa\/","title":{"rendered":"Linhas de Pesquisa"},"content":{"rendered":"\t\t<div data-elementor-type=\"wp-page\" data-elementor-id=\"1289\" class=\"elementor elementor-1289\">\n\t\t\t\t<div class=\"elementor-element elementor-element-83c567c e-flex e-con-boxed e-con e-parent\" data-id=\"83c567c\" data-element_type=\"container\" data-e-type=\"container\" data-settings=\"{&quot;background_background&quot;:&quot;classic&quot;}\">\n\t\t\t\t\t<div class=\"e-con-inner\">\n\t\t<div class=\"elementor-element elementor-element-e9ab38b e-flex e-con-boxed e-con e-child\" data-id=\"e9ab38b\" data-element_type=\"container\" data-e-type=\"container\">\n\t\t\t\t\t<div class=\"e-con-inner\">\n\t\t\t\t<div class=\"elementor-element elementor-element-8b17d06 elementor-widget-mobile__width-initial elementor-widget elementor-widget-page-title\" data-id=\"8b17d06\" data-element_type=\"widget\" data-e-type=\"widget\" data-widget_type=\"page-title.default\">\n\t\t\t\t<div class=\"elementor-widget-container\">\n\t\t\t\t\t\t\t\n\t\t<div class=\"hfe-page-title hfe-page-title-wrapper elementor-widget-heading\">\n\n\t\t\t\t\t\t\t\t<h2 class=\"elementor-heading-title elementor-size-default\">\n\t\t\t\t\t\t\t\t\n\t\t\t\tLinhas de Pesquisa  \n\t\t\t<\/h2 > \n\t\t\t\t\t<\/div>\n\t\t\t\t\t\t<\/div>\n\t\t\t\t<\/div>\n\t\t\t\t<div class=\"elementor-element elementor-element-23bb28c elementor-view-default elementor-widget elementor-widget-icon\" data-id=\"23bb28c\" data-element_type=\"widget\" data-e-type=\"widget\" data-widget_type=\"icon.default\">\n\t\t\t\t<div class=\"elementor-widget-container\">\n\t\t\t\t\t\t\t<div class=\"elementor-icon-wrapper\">\n\t\t\t<div class=\"elementor-icon\">\n\t\t\t<svg aria-hidden=\"true\" class=\"e-font-icon-svg e-fas-balance-scale\" viewBox=\"0 0 640 512\" xmlns=\"http:\/\/www.w3.org\/2000\/svg\"><path d=\"M256 336h-.02c0-16.18 1.34-8.73-85.05-181.51-17.65-35.29-68.19-35.36-85.87 0C-2.06 328.75.02 320.33.02 336H0c0 44.18 57.31 80 128 80s128-35.82 128-80zM128 176l72 144H56l72-144zm511.98 160c0-16.18 1.34-8.73-85.05-181.51-17.65-35.29-68.19-35.36-85.87 0-87.12 174.26-85.04 165.84-85.04 181.51H384c0 44.18 57.31 80 128 80s128-35.82 128-80h-.02zM440 320l72-144 72 144H440zm88 128H352V153.25c23.51-10.29 41.16-31.48 46.39-57.25H528c8.84 0 16-7.16 16-16V48c0-8.84-7.16-16-16-16H383.64C369.04 12.68 346.09 0 320 0s-49.04 12.68-63.64 32H112c-8.84 0-16 7.16-16 16v32c0 8.84 7.16 16 16 16h129.61c5.23 25.76 22.87 46.96 46.39 57.25V448H112c-8.84 0-16 7.16-16 16v32c0 8.84 7.16 16 16 16h416c8.84 0 16-7.16 16-16v-32c0-8.84-7.16-16-16-16z\"><\/path><\/svg>\t\t\t<\/div>\n\t\t<\/div>\n\t\t\t\t\t\t<\/div>\n\t\t\t\t<\/div>\n\t\t\t\t\t<\/div>\n\t\t\t\t<\/div>\n\t\t<div class=\"elementor-element elementor-element-98ac9d5 e-con-full e-flex e-con e-child\" data-id=\"98ac9d5\" data-element_type=\"container\" data-e-type=\"container\">\n\t\t<div class=\"elementor-element elementor-element-5d3d24d e-flex e-con-boxed e-con e-child\" data-id=\"5d3d24d\" data-element_type=\"container\" data-e-type=\"container\">\n\t\t\t\t\t<div class=\"e-con-inner\">\n\t\t\t\t<div class=\"elementor-element elementor-element-5743b85 elementor-widget__width-initial elementor-widget-divider--view-line elementor-widget elementor-widget-divider\" data-id=\"5743b85\" data-element_type=\"widget\" data-e-type=\"widget\" data-widget_type=\"divider.default\">\n\t\t\t\t<div class=\"elementor-widget-container\">\n\t\t\t\t\t\t\t<div class=\"elementor-divider\">\n\t\t\t<span class=\"elementor-divider-separator\">\n\t\t\t\t\t\t<\/span>\n\t\t<\/div>\n\t\t\t\t\t\t<\/div>\n\t\t\t\t<\/div>\n\t\t\t\t\t<\/div>\n\t\t\t\t<\/div>\n\t\t<div class=\"elementor-element elementor-element-b17d976 e-flex e-con-boxed e-con e-child\" data-id=\"b17d976\" data-element_type=\"container\" data-e-type=\"container\">\n\t\t\t\t\t<div class=\"e-con-inner\">\n\t\t\t\t<div class=\"elementor-element elementor-element-4b31a9a elementor-widget elementor-widget-accordion\" data-id=\"4b31a9a\" data-element_type=\"widget\" data-e-type=\"widget\" data-widget_type=\"accordion.default\">\n\t\t\t\t<div class=\"elementor-widget-container\">\n\t\t\t\t\t\t\t<div class=\"elementor-accordion\">\n\t\t\t\t\t\t\t<div class=\"elementor-accordion-item\">\n\t\t\t\t\t<div id=\"elementor-tab-title-7881\" class=\"elementor-tab-title\" data-tab=\"1\" role=\"button\" aria-controls=\"elementor-tab-content-7881\" aria-expanded=\"false\">\n\t\t\t\t\t\t\t\t\t\t\t\t\t<span class=\"elementor-accordion-icon elementor-accordion-icon-left\" aria-hidden=\"true\">\n\t\t\t\t\t\t\t\t\t\t\t\t\t\t\t<span class=\"elementor-accordion-icon-closed\"><svg class=\"e-font-icon-svg e-fas-plus\" viewBox=\"0 0 448 512\" xmlns=\"http:\/\/www.w3.org\/2000\/svg\"><path d=\"M416 208H272V64c0-17.67-14.33-32-32-32h-32c-17.67 0-32 14.33-32 32v144H32c-17.67 0-32 14.33-32 32v32c0 17.67 14.33 32 32 32h144v144c0 17.67 14.33 32 32 32h32c17.67 0 32-14.33 32-32V304h144c17.67 0 32-14.33 32-32v-32c0-17.67-14.33-32-32-32z\"><\/path><\/svg><\/span>\n\t\t\t\t\t\t\t\t<span class=\"elementor-accordion-icon-opened\"><svg class=\"e-font-icon-svg e-fas-minus\" viewBox=\"0 0 448 512\" xmlns=\"http:\/\/www.w3.org\/2000\/svg\"><path d=\"M416 208H32c-17.67 0-32 14.33-32 32v32c0 17.67 14.33 32 32 32h384c17.67 0 32-14.33 32-32v-32c0-17.67-14.33-32-32-32z\"><\/path><\/svg><\/span>\n\t\t\t\t\t\t\t\t\t\t\t\t\t\t<\/span>\n\t\t\t\t\t\t\t\t\t\t\t\t<a class=\"elementor-accordion-title\" tabindex=\"0\">Linha de Pesquisa 1: Sistemas de Justi\u00e7a e Direitos Humanos<\/a>\n\t\t\t\t\t<\/div>\n\t\t\t\t\t<div id=\"elementor-tab-content-7881\" class=\"elementor-tab-content elementor-clearfix\" data-tab=\"1\" role=\"region\" aria-labelledby=\"elementor-tab-title-7881\"><p style=\"text-align: justify\">A partir do reconhecimento de multinormatividades e da diversidade cultural, esta Linha de Pesquisa visa abordar a interface entre os sistemas de justi\u00e7a e os direitos humanos. As formas estatais e n\u00e3o estatais de solu\u00e7\u00e3o de conflitos sociais ser\u00e3o estudadas considerando as dimens\u00f5es \u00e9tnico-raciais, educacionais, ambientais e culturais da sociedade brasileira, especialmente da Amaz\u00f4nia, cujos grupos, social e historicamente vulnerabilizados, s\u00e3o vitimados pela desigualdade e aus\u00eancia de direitos, tais como os povos ind\u00edgenas e as comunidades tradicionais. As pesquisas desta linha englobam: as rela\u00e7\u00f5es entre a fun\u00e7\u00e3o jurisdicional e sua efetividade contra viola\u00e7\u00e3o de direitos; a atua\u00e7\u00e3o das fun\u00e7\u00f5es essenciais \u00e0 justi\u00e7a na garantia dos direitos humanos; os dilemas decorrentes da coexist\u00eancia entre os diferentes sistemas de justi\u00e7a; e as concep\u00e7\u00f5es, representa\u00e7\u00f5es e experi\u00eancias dos sujeitos destinat\u00e1rios destes sistemas, explorando inclusive a dimens\u00e3o simb\u00f3lica do direito e da justi\u00e7a.<\/p><p><strong>Coordenadora: Profa. Simone Maria Palheta Pires<\/strong><\/p><table width=\"652\"><tbody><tr><td width=\"34\"><strong>\u00a0<\/strong><\/td><td width=\"252\"><strong>Docente<\/strong><\/td><td width=\"112\"><strong>Categoria<\/strong><\/td><td style=\"text-align: left\" width=\"254\"><strong>Link do C. Lattes<\/strong><\/td><\/tr><tr><td width=\"34\">1<\/td><td width=\"252\">Prof. Carmo Antonio de Souza<\/td><td width=\"112\">Colaborador<\/td><td width=\"254\"><a href=\"http:\/\/lattes.cnpq.br\/0335909332516971\" target=\"_blank\" rel=\"noopener\">http:\/\/lattes.cnpq.br\/0335909332516971<\/a><\/td><\/tr><tr><td width=\"34\">2<\/td><td width=\"252\">Profa. Daize Fernanda Wagner Silva<\/td><td width=\"112\">Permanente<\/td><td width=\"254\"><a href=\"http:\/\/lattes.cnpq.br\/8232540501482095\" target=\"_blank\" rel=\"noopener\">http:\/\/lattes.cnpq.br\/8232540501482095<\/a><\/td><\/tr><tr><td width=\"34\">3<\/td><td width=\"252\">Prof. Diego Moura de Ara\u00fajo<\/td><td width=\"112\">Permanente<\/td><td width=\"254\"><a href=\"http:\/\/lattes.cnpq.br\/8100750608546657\" target=\"_blank\" rel=\"noopener\">http:\/\/lattes.cnpq.br\/8100750608546657<\/a><\/td><\/tr><tr><td width=\"34\">4<\/td><td width=\"252\">Prof. Dinaldo Barbosa da Silva J\u00fanior<\/td><td width=\"112\">Permanente<\/td><td width=\"254\"><a href=\"http:\/\/lattes.cnpq.br\/5087561136936402\" target=\"_blank\" rel=\"noopener\">http:\/\/lattes.cnpq.br\/5087561136936402<\/a><\/td><\/tr><tr><td width=\"34\">5<\/td><td width=\"252\">Profa. Helena Cristina Guimar\u00e3es Queiroz Sim\u00f5es<\/td><td width=\"112\">Permanente<\/td><td width=\"254\"><a href=\"http:\/\/lattes.cnpq.br\/5913427639286290\" target=\"_blank\" rel=\"noopener\">http:\/\/lattes.cnpq.br\/5913427639286290<\/a><\/td><\/tr><tr><td width=\"34\">6<\/td><td width=\"252\">Prof. Luiz Laboissiere Junior<\/td><td width=\"112\">Permanente<\/td><td width=\"254\"><a href=\"http:\/\/lattes.cnpq.br\/4741872145399145\" target=\"_blank\" rel=\"noopener\">http:\/\/lattes.cnpq.br\/4741872145399145<\/a><\/td><\/tr><tr><td width=\"34\">7<\/td><td width=\"252\">Prof. Marcus Andr\u00e9 de Souza Cardoso da Silva<\/td><td width=\"112\">Permanente<\/td><td width=\"254\"><a href=\"http:\/\/lattes.cnpq.br\/7460969839763937\" target=\"_blank\" rel=\"noopener\">http:\/\/lattes.cnpq.br\/7460969839763937<\/a><\/td><\/tr><tr><td width=\"34\">8<\/td><td width=\"252\">Profa. Simone Maria Palheta Pires<\/td><td width=\"112\">Permanente<\/td><td width=\"254\"><a href=\"http:\/\/lattes.cnpq.br\/3781698079775555\" target=\"_blank\" rel=\"noopener\">http:\/\/lattes.cnpq.br\/3781698079775555<\/a><\/td><\/tr><\/tbody><\/table><\/div>\n\t\t\t\t<\/div>\n\t\t\t\t\t\t\t<div class=\"elementor-accordion-item\">\n\t\t\t\t\t<div id=\"elementor-tab-title-7882\" class=\"elementor-tab-title\" data-tab=\"2\" role=\"button\" aria-controls=\"elementor-tab-content-7882\" aria-expanded=\"false\">\n\t\t\t\t\t\t\t\t\t\t\t\t\t<span class=\"elementor-accordion-icon elementor-accordion-icon-left\" aria-hidden=\"true\">\n\t\t\t\t\t\t\t\t\t\t\t\t\t\t\t<span class=\"elementor-accordion-icon-closed\"><svg class=\"e-font-icon-svg e-fas-plus\" viewBox=\"0 0 448 512\" xmlns=\"http:\/\/www.w3.org\/2000\/svg\"><path d=\"M416 208H272V64c0-17.67-14.33-32-32-32h-32c-17.67 0-32 14.33-32 32v144H32c-17.67 0-32 14.33-32 32v32c0 17.67 14.33 32 32 32h144v144c0 17.67 14.33 32 32 32h32c17.67 0 32-14.33 32-32V304h144c17.67 0 32-14.33 32-32v-32c0-17.67-14.33-32-32-32z\"><\/path><\/svg><\/span>\n\t\t\t\t\t\t\t\t<span class=\"elementor-accordion-icon-opened\"><svg class=\"e-font-icon-svg e-fas-minus\" viewBox=\"0 0 448 512\" xmlns=\"http:\/\/www.w3.org\/2000\/svg\"><path d=\"M416 208H32c-17.67 0-32 14.33-32 32v32c0 17.67 14.33 32 32 32h384c17.67 0 32-14.33 32-32v-32c0-17.67-14.33-32-32-32z\"><\/path><\/svg><\/span>\n\t\t\t\t\t\t\t\t\t\t\t\t\t\t<\/span>\n\t\t\t\t\t\t\t\t\t\t\t\t<a class=\"elementor-accordion-title\" tabindex=\"0\">Linha de Pesquisa 2:  Justi\u00e7a Social e Desenvolvimento<\/a>\n\t\t\t\t\t<\/div>\n\t\t\t\t\t<div id=\"elementor-tab-content-7882\" class=\"elementor-tab-content elementor-clearfix\" data-tab=\"2\" role=\"region\" aria-labelledby=\"elementor-tab-title-7882\"><p style=\"text-align: justify\">Esta Linha de Pesquisa objetiva articular as tem\u00e1ticas Justi\u00e7a Social e Desenvolvimento, especialmente, sob o paradigma constitucional brasileiro. Para tanto, a compreens\u00e3o de justi\u00e7a social est\u00e1 ancorada nos ideais de equidade, de solidariedade e na busca por uma sociedade igualit\u00e1ria. Assenta-se ainda no enfrentamento das desigualdades sociais, ou seja, nas a\u00e7\u00f5es voltadas para a resolu\u00e7\u00e3o das assimetrias que interferem no desenvolvimento humano. Esta tem\u00e1tica desafia os pesquisadores a buscarem respostas a uma pluralidade de problemas sociojur\u00eddicos que tem como pano de fundo o modelo econ\u00f4mico brasileiro, com destaque para a regi\u00e3o amaz\u00f4nica, caracterizado, em geral, pela explora\u00e7\u00e3o predat\u00f3ria da biodiversidade, do espa\u00e7o territorial rural e dos recursos naturais n\u00e3o renov\u00e1veis, agravando as desigualdades regionais. Assim, as pesquisas desta linha englobam: as articula\u00e7\u00f5es entre justi\u00e7a social e desenvolvimento, a partir do deslocamento da percep\u00e7\u00e3o meramente econ\u00f4mica; as investiga\u00e7\u00f5es te\u00f3ricas e\/ou emp\u00edricas que problematizem o fato de a justi\u00e7a social ser um componente central \u00e0 realiza\u00e7\u00e3o do direito ao desenvolvimento; os processos sociojur\u00eddicos que se vinculam ao modelo de desenvolvimento do\/no Brasil, com \u00eanfase na Amaz\u00f4nia.<\/p><p><strong>Coordenador: Prof. Iaci Pelaes dos Reis<br \/><\/strong><\/p><table width=\"652\"><tbody><tr><td width=\"34\"><strong>\u00a0<\/strong><\/td><td width=\"252\"><strong>Docente<\/strong><\/td><td width=\"112\"><strong>Categoria<\/strong><\/td><td style=\"text-align: left\" width=\"254\"><strong>Link do C. Lattes<\/strong><\/td><\/tr><tr><td width=\"34\">1<\/td><td width=\"252\">Prof. Antonio Sabino Silva Neto<\/td><td width=\"112\">Permanente<\/td><td width=\"254\"><a href=\"http:\/\/lattes.cnpq.br\/1558255197212661\">http:\/\/lattes.cnpq.br\/1558255197212661<\/a><\/td><\/tr><tr><td width=\"34\">2<\/td><td width=\"252\">Prof. Carlos Frederico Mar\u00e9s de Souza Filho<\/td><td width=\"112\">Colaborador<\/td><td width=\"254\"><a href=\"http:\/\/lattes.cnpq.br\/6113709861428620\">http:\/\/lattes.cnpq.br\/6113709861428620<\/a><\/td><\/tr><tr><td width=\"34\">3<\/td><td width=\"252\">Prof. Iaci Pelaes dos Reis<\/td><td width=\"112\">Permanente<\/td><td width=\"254\"><a href=\"http:\/\/lattes.cnpq.br\/2145817558655431\">\u00a0http:\/\/lattes.cnpq.br\/2145817558655431<\/a><\/td><\/tr><tr><td width=\"34\">4<\/td><td width=\"252\">Profa. Juliana Monteiro Pedro<\/td><td width=\"112\">Permanente<\/td><td width=\"254\"><a href=\"http:\/\/lattes.cnpq.br\/6853558060253769\">http:\/\/lattes.cnpq.br\/6853558060253769<\/a><\/td><\/tr><tr><td width=\"34\">5<\/td><td width=\"252\">Profa. Linara Oeiras Assun\u00e7\u00e3o<\/td><td width=\"112\">Permanente<\/td><td width=\"254\"><a href=\"http:\/\/lattes.cnpq.br\/2562726117329832\">http:\/\/lattes.cnpq.br\/2562726117329832<\/a><\/td><\/tr><tr><td width=\"34\">6<\/td><td width=\"252\">Prof. Nicolau El\u00e1dio Bassalo Crispino<\/td><td width=\"112\">Permanente<\/td><td width=\"254\"><a href=\"http:\/\/lattes.cnpq.br\/6256091195247638\">http:\/\/lattes.cnpq.br\/6256091195247638<\/a><\/td><\/tr><tr><td width=\"34\">7<\/td><td width=\"252\">Profa. Sabrina Carvalho Verzola<\/td><td width=\"112\">Permanente<\/td><td width=\"254\"><a href=\"http:\/\/lattes.cnpq.br\/2741060362395149\">http:\/\/lattes.cnpq.br\/2741060362395149<\/a><\/td><\/tr><\/tbody><\/table><\/div>\n\t\t\t\t<\/div>\n\t\t\t\t\t\t\t\t<\/div>\n\t\t\t\t\t\t<\/div>\n\t\t\t\t<\/div>\n\t\t\t\t\t<\/div>\n\t\t\t\t<\/div>\n\t\t\t\t<\/div>\n\t\t\t\t\t<\/div>\n\t\t\t\t<\/div>\n\t\t\t\t<\/div>\n\t\t","protected":false},"excerpt":{"rendered":"<p>Linhas de Pesquisa Linha de Pesquisa 1: Sistemas de Justi\u00e7a e Direitos Humanos A partir do reconhecimento de multinormatividades e da diversidade cultural, esta Linha de Pesquisa visa abordar a interface entre os sistemas de justi\u00e7a e os direitos humanos. As formas estatais e n\u00e3o estatais de solu\u00e7\u00e3o de conflitos sociais ser\u00e3o estudadas considerando as&#8230;<\/p>\n","protected":false},"author":3999,"featured_media":0,"parent":0,"menu_order":0,"comment_status":"closed","ping_status":"closed","template":"","meta":{"inline_featured_image":false,"site-sidebar-layout":"no-sidebar","site-content-layout":"page-builder","ast-site-content-layout":"full-width-container","site-content-style":"unboxed","site-sidebar-style":"unboxed","ast-global-header-display":"","ast-banner-title-visibility":"","ast-main-header-display":"","ast-hfb-above-header-display":"","ast-hfb-below-header-display":"","ast-hfb-mobile-header-display":"","site-post-title":"disabled","ast-breadcrumbs-content":"","ast-featured-img":"disabled","footer-sml-layout":"","theme-transparent-header-meta":"default","adv-header-id-meta":"","stick-header-meta":"","header-above-stick-meta":"","header-main-stick-meta":"","header-below-stick-meta":"","astra-migrate-meta-layouts":"set","ast-page-background-enabled":"default","ast-page-background-meta":{"desktop":{"background-color":"var(--ast-global-color-4)","background-image":"","background-repeat":"repeat","background-position":"center center","background-size":"auto","background-attachment":"scroll","background-type":"","background-media":"","overlay-type":"","overlay-color":"","overlay-opacity":"","overlay-gradient":""},"tablet":{"background-color":"","background-image":"","background-repeat":"repeat","background-position":"center center","background-size":"auto","background-attachment":"scroll","background-type":"","background-media":"","overlay-type":"","overlay-color":"","overlay-opacity":"","overlay-gradient":""},"mobile":{"background-color":"","background-image":"","background-repeat":"repeat","background-position":"center center","background-size":"auto","background-attachment":"scroll","background-type":"","background-media":"","overlay-type":"","overlay-color":"","overlay-opacity":"","overlay-gradient":""}},"ast-content-background-meta":{"desktop":{"background-color":"var(--ast-global-color-5)","background-image":"","background-repeat":"repeat","background-position":"center center","background-size":"auto","background-attachment":"scroll","background-type":"","background-media":"","overlay-type":"","overlay-color":"","overlay-opacity":"","overlay-gradient":""},"tablet":{"background-color":"var(--ast-global-color-5)","background-image":"","background-repeat":"repeat","background-position":"center center","background-size":"auto","background-attachment":"scroll","background-type":"","background-media":"","overlay-type":"","overlay-color":"","overlay-opacity":"","overlay-gradient":""},"mobile":{"background-color":"var(--ast-global-color-5)","background-image":"","background-repeat":"repeat","background-position":"center center","background-size":"auto","background-attachment":"scroll","background-type":"","background-media":"","overlay-type":"","overlay-color":"","overlay-opacity":"","overlay-gradient":""}},"footnotes":""},"class_list":["post-1289","page","type-page","status-publish","hentry"],"_links":{"self":[{"href":"https:\/\/www2.unifap.br\/ppgd\/wp-json\/wp\/v2\/pages\/1289","targetHints":{"allow":["GET"]}}],"collection":[{"href":"https:\/\/www2.unifap.br\/ppgd\/wp-json\/wp\/v2\/pages"}],"about":[{"href":"https:\/\/www2.unifap.br\/ppgd\/wp-json\/wp\/v2\/types\/page"}],"author":[{"embeddable":true,"href":"https:\/\/www2.unifap.br\/ppgd\/wp-json\/wp\/v2\/users\/3999"}],"replies":[{"embeddable":true,"href":"https:\/\/www2.unifap.br\/ppgd\/wp-json\/wp\/v2\/comments?post=1289"}],"version-history":[{"count":58,"href":"https:\/\/www2.unifap.br\/ppgd\/wp-json\/wp\/v2\/pages\/1289\/revisions"}],"predecessor-version":[{"id":4188,"href":"https:\/\/www2.unifap.br\/ppgd\/wp-json\/wp\/v2\/pages\/1289\/revisions\/4188"}],"wp:attachment":[{"href":"https:\/\/www2.unifap.br\/ppgd\/wp-json\/wp\/v2\/media?parent=1289"}],"curies":[{"name":"wp","href":"https:\/\/api.w.org\/{rel}","templated":true}]}}