{"id":1974,"date":"2024-08-16T15:28:48","date_gmt":"2024-08-16T18:28:48","guid":{"rendered":"https:\/\/www2.unifap.br\/ppgd\/?page_id=1974"},"modified":"2026-02-19T21:57:33","modified_gmt":"2026-02-20T00:57:33","slug":"normas-e-resolucoes","status":"publish","type":"page","link":"https:\/\/www2.unifap.br\/ppgd\/administrativo\/normas-e-resolucoes\/","title":{"rendered":"Normas e Resolu\u00e7\u00f5es"},"content":{"rendered":"\t\t<div data-elementor-type=\"wp-page\" data-elementor-id=\"1974\" class=\"elementor elementor-1974\">\n\t\t\t\t<div class=\"elementor-element elementor-element-83c567c e-flex e-con-boxed e-con e-parent\" data-id=\"83c567c\" data-element_type=\"container\" data-e-type=\"container\" data-settings=\"{&quot;background_background&quot;:&quot;classic&quot;}\">\n\t\t\t\t\t<div class=\"e-con-inner\">\n\t\t<div class=\"elementor-element elementor-element-e9ab38b e-flex e-con-boxed e-con e-child\" data-id=\"e9ab38b\" data-element_type=\"container\" data-e-type=\"container\">\n\t\t\t\t\t<div class=\"e-con-inner\">\n\t\t\t\t<div class=\"elementor-element elementor-element-8b17d06 elementor-widget-mobile__width-initial elementor-widget elementor-widget-page-title\" data-id=\"8b17d06\" data-element_type=\"widget\" data-e-type=\"widget\" data-widget_type=\"page-title.default\">\n\t\t\t\t<div class=\"elementor-widget-container\">\n\t\t\t\t\t\t\t\n\t\t<div class=\"hfe-page-title hfe-page-title-wrapper elementor-widget-heading\">\n\n\t\t\t\t\t\t\t\t<h2 class=\"elementor-heading-title elementor-size-default\">\n\t\t\t\t\t\t\t\t\n\t\t\t\tNormas e Resolu\u00e7\u00f5es  \n\t\t\t<\/h2 > \n\t\t\t\t\t<\/div>\n\t\t\t\t\t\t<\/div>\n\t\t\t\t<\/div>\n\t\t\t\t<div class=\"elementor-element elementor-element-23bb28c elementor-view-default elementor-widget elementor-widget-icon\" data-id=\"23bb28c\" data-element_type=\"widget\" data-e-type=\"widget\" data-widget_type=\"icon.default\">\n\t\t\t\t<div class=\"elementor-widget-container\">\n\t\t\t\t\t\t\t<div class=\"elementor-icon-wrapper\">\n\t\t\t<div class=\"elementor-icon\">\n\t\t\t<svg aria-hidden=\"true\" class=\"e-font-icon-svg e-fas-balance-scale\" viewBox=\"0 0 640 512\" xmlns=\"http:\/\/www.w3.org\/2000\/svg\"><path d=\"M256 336h-.02c0-16.18 1.34-8.73-85.05-181.51-17.65-35.29-68.19-35.36-85.87 0C-2.06 328.75.02 320.33.02 336H0c0 44.18 57.31 80 128 80s128-35.82 128-80zM128 176l72 144H56l72-144zm511.98 160c0-16.18 1.34-8.73-85.05-181.51-17.65-35.29-68.19-35.36-85.87 0-87.12 174.26-85.04 165.84-85.04 181.51H384c0 44.18 57.31 80 128 80s128-35.82 128-80h-.02zM440 320l72-144 72 144H440zm88 128H352V153.25c23.51-10.29 41.16-31.48 46.39-57.25H528c8.84 0 16-7.16 16-16V48c0-8.84-7.16-16-16-16H383.64C369.04 12.68 346.09 0 320 0s-49.04 12.68-63.64 32H112c-8.84 0-16 7.16-16 16v32c0 8.84 7.16 16 16 16h129.61c5.23 25.76 22.87 46.96 46.39 57.25V448H112c-8.84 0-16 7.16-16 16v32c0 8.84 7.16 16 16 16h416c8.84 0 16-7.16 16-16v-32c0-8.84-7.16-16-16-16z\"><\/path><\/svg>\t\t\t<\/div>\n\t\t<\/div>\n\t\t\t\t\t\t<\/div>\n\t\t\t\t<\/div>\n\t\t\t\t\t<\/div>\n\t\t\t\t<\/div>\n\t\t<div class=\"elementor-element elementor-element-98ac9d5 e-con-full e-flex e-con e-child\" data-id=\"98ac9d5\" data-element_type=\"container\" data-e-type=\"container\">\n\t\t<div class=\"elementor-element elementor-element-5d3d24d e-flex e-con-boxed e-con e-child\" data-id=\"5d3d24d\" data-element_type=\"container\" data-e-type=\"container\">\n\t\t\t\t\t<div class=\"e-con-inner\">\n\t\t\t\t<div class=\"elementor-element elementor-element-5743b85 elementor-widget__width-initial elementor-widget-divider--view-line elementor-widget elementor-widget-divider\" data-id=\"5743b85\" data-element_type=\"widget\" data-e-type=\"widget\" data-widget_type=\"divider.default\">\n\t\t\t\t<div class=\"elementor-widget-container\">\n\t\t\t\t\t\t\t<div class=\"elementor-divider\">\n\t\t\t<span class=\"elementor-divider-separator\">\n\t\t\t\t\t\t<\/span>\n\t\t<\/div>\n\t\t\t\t\t\t<\/div>\n\t\t\t\t<\/div>\n\t\t\t\t\t<\/div>\n\t\t\t\t<\/div>\n\t\t<div class=\"elementor-element elementor-element-12d7d3f e-flex e-con-boxed e-con e-child\" data-id=\"12d7d3f\" data-element_type=\"container\" data-e-type=\"container\">\n\t\t\t\t\t<div class=\"e-con-inner\">\n\t\t\t\t<div class=\"elementor-element elementor-element-547a8f9 elementor-widget elementor-widget-heading\" data-id=\"547a8f9\" data-element_type=\"widget\" data-e-type=\"widget\" data-widget_type=\"heading.default\">\n\t\t\t\t<div class=\"elementor-widget-container\">\n\t\t\t\t\t<h2 class=\"elementor-heading-title elementor-size-default\"><a href=\"https:\/\/www2.unifap.br\/ppgd\/discente\/normas-e-resolucoes\">Documentos - UNIFAP e PPGD<\/a><\/h2>\t\t\t\t<\/div>\n\t\t\t\t<\/div>\n\t\t\t\t<div class=\"elementor-element elementor-element-e7a0113 elementor-widget elementor-widget-text-editor\" data-id=\"e7a0113\" data-element_type=\"widget\" data-e-type=\"widget\" data-widget_type=\"text-editor.default\">\n\t\t\t\t<div class=\"elementor-widget-container\">\n\t\t\t\t\t\t\t\t\t<p>01. Portaria de Reconhecimento do Mestrado em Direito da UNIFAP:<\/p><p><a href=\"http:\/\/www2.unifap.br\/ppgd\/files\/2024\/09\/PORTARIA-No-2.149-DE-26-DE-DEZEMBRO-DE-2023-PORTARIA-No-2.149-DE-26-DE-DEZEMBRO-DE-2023-DOU-Imprensa-Nacional.pdf\">PORTARIA N\u00ba 2.149, DE 26 DE DEZEMBRO DE 2023 &#8211; DOU &#8211; Imprensa Nacional<\/a><\/p><p>02. Regimento Geral da P\u00f3s-Gradua\u00e7\u00e3o da UNIFAP:<\/p><p><a href=\"http:\/\/www2.unifap.br\/ppgd\/files\/2024\/09\/Resolucao-no-11-2017-Reg.-Geral-da-Pos-graduacao_UNIFAP.pdf\">Resolu\u00e7\u00e3o n\u00ba 11\/2017 &#8211; Regimento Geral da P\u00f3s-gradua\u00e7\u00e3o UNIFAP<\/a><\/p><p>03. Regimento do PPGD\/UNIFAP:<\/p><p><a href=\"http:\/\/www2.unifap.br\/ppgd\/files\/2024\/08\/RES._5._2024_-_CONSU_-_Aprova2C_ad_referendum2C_o_Reg._do_Prog._de_Mestrado_em_Direito_-_com_apendice_assinado.pdf\">Resolu\u00e7\u00e3o n\u00ba 5\/2024 &#8211; CONSU<\/a><\/p><p>04. Instru\u00e7\u00e3o Normativa n\u00ba 001\/2025 do PPGD\/UNIFAP sobre atividades complementares:<\/p><p><a href=\"http:\/\/www2.unifap.br\/ppgd\/files\/2026\/01\/Instruc\u0327a\u0303o-Normativa-Atividades-Complementares-PPGD-2.pdf\">Instruc\u0327a\u0303o Normativa &#8211; Atividades Complementares PPGD<\/a><\/p><p>05. Instru\u00e7\u00e3o Normativa n\u00ba 002\/2025 do PPGD\/UNIFAP sobre exame de qualifica\u00e7\u00e3o:<\/p><p><a href=\"http:\/\/www2.unifap.br\/ppgd\/files\/2026\/01\/Instruc\u0327a\u0303o-Normativa-Exame-de-Qualificacao-PPGD.pdf\">Instruc\u0327a\u0303o Normativa &#8211; Exame de Qualifica\u00e7\u00e3o PPGD<\/a><\/p><p>06. Instru\u00e7\u00e3o Normativa n\u00ba 003\/2025 do PPGD\/UNIFAP sobre o exame de profici\u00eancia em l\u00edngua estrangeira:<\/p><p><a href=\"http:\/\/www2.unifap.br\/ppgd\/files\/2025\/12\/Instruc\u0327a\u0303o-normativa-de-proficie\u0302ncia-PPGD.pdf\">Instruc\u0327a\u0303o Normativa &#8211; Exame de proficie\u0302ncia PPGD<\/a><\/p>\t\t\t\t\t\t\t\t<\/div>\n\t\t\t\t<\/div>\n\t\t\t\t\t<\/div>\n\t\t\t\t<\/div>\n\t\t\t\t<\/div>\n\t\t\t\t\t<\/div>\n\t\t\t\t<\/div>\n\t\t\t\t<\/div>\n\t\t","protected":false},"excerpt":{"rendered":"<p>Normas e Resolu\u00e7\u00f5es Documentos &#8211; UNIFAP e PPGD 01. Portaria de Reconhecimento do Mestrado em Direito da UNIFAP: PORTARIA N\u00ba 2.149, DE 26 DE DEZEMBRO DE 2023 &#8211; DOU &#8211; Imprensa Nacional 02. Regimento Geral da P\u00f3s-Gradua\u00e7\u00e3o da UNIFAP: Resolu\u00e7\u00e3o n\u00ba 11\/2017 &#8211; Regimento Geral da P\u00f3s-gradua\u00e7\u00e3o UNIFAP 03. Regimento do PPGD\/UNIFAP: Resolu\u00e7\u00e3o n\u00ba 5\/2024&#8230;<\/p>\n","protected":false},"author":3999,"featured_media":0,"parent":381,"menu_order":0,"comment_status":"closed","ping_status":"closed","template":"","meta":{"inline_featured_image":false,"site-sidebar-layout":"no-sidebar","site-content-layout":"page-builder","ast-site-content-layout":"full-width-container","site-content-style":"unboxed","site-sidebar-style":"unboxed","ast-global-header-display":"","ast-banner-title-visibility":"","ast-main-header-display":"","ast-hfb-above-header-display":"","ast-hfb-below-header-display":"","ast-hfb-mobile-header-display":"","site-post-title":"disabled","ast-breadcrumbs-content":"","ast-featured-img":"disabled","footer-sml-layout":"","theme-transparent-header-meta":"default","adv-header-id-meta":"","stick-header-meta":"","header-above-stick-meta":"","header-main-stick-meta":"","header-below-stick-meta":"","astra-migrate-meta-layouts":"set","ast-page-background-enabled":"default","ast-page-background-meta":{"desktop":{"background-color":"var(--ast-global-color-4)","background-image":"","background-repeat":"repeat","background-position":"center center","background-size":"auto","background-attachment":"scroll","background-type":"","background-media":"","overlay-type":"","overlay-color":"","overlay-opacity":"","overlay-gradient":""},"tablet":{"background-color":"","background-image":"","background-repeat":"repeat","background-position":"center center","background-size":"auto","background-attachment":"scroll","background-type":"","background-media":"","overlay-type":"","overlay-color":"","overlay-opacity":"","overlay-gradient":""},"mobile":{"background-color":"","background-image":"","background-repeat":"repeat","background-position":"center center","background-size":"auto","background-attachment":"scroll","background-type":"","background-media":"","overlay-type":"","overlay-color":"","overlay-opacity":"","overlay-gradient":""}},"ast-content-background-meta":{"desktop":{"background-color":"var(--ast-global-color-5)","background-image":"","background-repeat":"repeat","background-position":"center center","background-size":"auto","background-attachment":"scroll","background-type":"","background-media":"","overlay-type":"","overlay-color":"","overlay-opacity":"","overlay-gradient":""},"tablet":{"background-color":"var(--ast-global-color-5)","background-image":"","background-repeat":"repeat","background-position":"center center","background-size":"auto","background-attachment":"scroll","background-type":"","background-media":"","overlay-type":"","overlay-color":"","overlay-opacity":"","overlay-gradient":""},"mobile":{"background-color":"var(--ast-global-color-5)","background-image":"","background-repeat":"repeat","background-position":"center center","background-size":"auto","background-attachment":"scroll","background-type":"","background-media":"","overlay-type":"","overlay-color":"","overlay-opacity":"","overlay-gradient":""}},"footnotes":""},"class_list":["post-1974","page","type-page","status-publish","hentry"],"_links":{"self":[{"href":"https:\/\/www2.unifap.br\/ppgd\/wp-json\/wp\/v2\/pages\/1974","targetHints":{"allow":["GET"]}}],"collection":[{"href":"https:\/\/www2.unifap.br\/ppgd\/wp-json\/wp\/v2\/pages"}],"about":[{"href":"https:\/\/www2.unifap.br\/ppgd\/wp-json\/wp\/v2\/types\/page"}],"author":[{"embeddable":true,"href":"https:\/\/www2.unifap.br\/ppgd\/wp-json\/wp\/v2\/users\/3999"}],"replies":[{"embeddable":true,"href":"https:\/\/www2.unifap.br\/ppgd\/wp-json\/wp\/v2\/comments?post=1974"}],"version-history":[{"count":31,"href":"https:\/\/www2.unifap.br\/ppgd\/wp-json\/wp\/v2\/pages\/1974\/revisions"}],"predecessor-version":[{"id":4233,"href":"https:\/\/www2.unifap.br\/ppgd\/wp-json\/wp\/v2\/pages\/1974\/revisions\/4233"}],"up":[{"embeddable":true,"href":"https:\/\/www2.unifap.br\/ppgd\/wp-json\/wp\/v2\/pages\/381"}],"wp:attachment":[{"href":"https:\/\/www2.unifap.br\/ppgd\/wp-json\/wp\/v2\/media?parent=1974"}],"curies":[{"name":"wp","href":"https:\/\/api.w.org\/{rel}","templated":true}]}}